45.222.98.188 - - [04/Dec/2025:16:11:54 +0000] "GET /wp-content/plugins/elementor/assets/lib/font-awesome/css/font-awesome.min.css?ver=4.7.0 HTTP/1.1" 200 30999 "https://ondostate.gov.ng/index.php/2025/11/03/2027-tinubu-support-group-decorates-gov-aiyedatiwa-as-grand-patron/" "Mozilla/5.0 (Windows NT 10.0; Win64; x64) AppleWebKit/537.36 (KHTML, like Gecko) Chrome/142.0.0.0 Safari/537.36"
197.211.63.4 - - [04/Dec/2025:16:11:55 +0000] "GET /wp-content/plugins/elementor/assets/lib/font-awesome/css/all.min.css?ver=5.1.7 HTTP/1.1" 200 59344 "https://ondostate.gov.ng/index.php/2024/06/21/we-ll-deliver-overwhelming-votes-for-aiyedatiwa-adelami-akure-apc-ward-chairmen-assure/" "Mozilla/5.0 (Linux; Android 10; K) AppleWebKit/537.36 (KHTML, like Gecko) Chrome/111.0.0.0 Mobile Safari/537.36"
45.222.98.188 - - [04/Dec/2025:16:11:55 +0000] "GET /wp-content/plugins/ht-mega-for-elementor/assets/css/animation.css?ver=1.9.8 HTTP/1.1" 200 71292 "https://ondostate.gov.ng/index.php/2025/11/03/2027-tinubu-support-group-decorates-gov-aiyedatiwa-as-grand-patron/" "Mozilla/5.0 (Windows NT 10.0; Win64; x64) AppleWebKit/537.36 (KHTML, like Gecko) Chrome/142.0.0.0 Safari/537.36"
197.211.63.4 - - [04/Dec/2025:16:11:55 +0000] "GET /wp-content/plugins/elementor/assets/lib/font-awesome/css/v4-shims.min.css?ver=5.1.7 HTTP/1.1" 200 26702 "https://ondostate.gov.ng/index.php/2024/06/21/we-ll-deliver-overwhelming-votes-for-aiyedatiwa-adelami-akure-apc-ward-chairmen-assure/" "Mozilla/5.0 (Linux; Android 10; K) AppleWebKit/537.36 (KHTML, like Gecko) Chrome/111.0.0.0 Mobile Safari/537.36"
45.222.98.188 - - [04/Dec/2025:16:11:56 +0000] "GET /wp-content/plugins/elementor/assets/css/frontend-legacy.min.css?ver=3.11.1 HTTP/1.1" 200 9935 "https://ondostate.gov.ng/index.php/2025/11/03/2027-tinubu-support-group-decorates-gov-aiyedatiwa-as-grand-patron/" "Mozilla/5.0 (Windows NT 10.0; Win64; x64) AppleWebKit/537.36 (KHTML, like Gecko) Chrome/142.0.0.0 Safari/537.36"
45.222.98.188 - - [04/Dec/2025:16:11:56 +0000] "GET /wp-content/plugins/ht-mega-for-elementor/assets/css/htmega-keyframes.css?ver=1.9.8 HTTP/1.1" 200 4730 "https://ondostate.gov.ng/index.php/2025/11/03/2027-tinubu-support-group-decorates-gov-aiyedatiwa-as-grand-patron/" "Mozilla/5.0 (Windows NT 10.0; Win64; x64) AppleWebKit/537.36 (KHTML, like Gecko) Chrome/142.0.0.0 Safari/537.36"
45.222.98.188 - - [04/Dec/2025:16:11:56 +0000] "GET /wp-content/plugins/elementor/assets/lib/eicons/css/elementor-icons.min.css?ver=5.18.0 HTTP/1.1" 200 19363 "https://ondostate.gov.ng/index.php/2025/11/03/2027-tinubu-support-group-decorates-gov-aiyedatiwa-as-grand-patron/" "Mozilla/5.0 (Windows NT 10.0; Win64; x64) AppleWebKit/537.36 (KHTML, like Gecko) Chrome/142.0.0.0 Safari/537.36"
45.222.98.188 - - [04/Dec/2025:16:11:56 +0000] "GET /wp-content/plugins/elementor/assets/css/frontend.min.css?ver=3.11.1 HTTP/1.1" 200 136765 "https://ondostate.gov.ng/index.php/2025/11/03/2027-tinubu-support-group-decorates-gov-aiyedatiwa-as-grand-patron/" "Mozilla/5.0 (Windows NT 10.0; Win64; x64) AppleWebKit/537.36 (KHTML, like Gecko) Chrome/142.0.0.0 Safari/537.36"
45.222.98.188 - - [04/Dec/2025:16:11:56 +0000] "GET /wp-content/plugins/elementor/assets/lib/swiper/css/swiper.min.css?ver=5.3.6 HTTP/1.1" 200 12876 "https://ondostate.gov.ng/index.php/2025/11/03/2027-tinubu-support-group-decorates-gov-aiyedatiwa-as-grand-patron/" "Mozilla/5.0 (Windows NT 10.0; Win64; x64) AppleWebKit/537.36 (KHTML, like Gecko) Chrome/142.0.0.0 Safari/537.36"
45.222.98.188 - - [04/Dec/2025:16:11:56 +0000] "GET /wp-content/uploads/elementor/css/post-1643.css?ver=1723721498 HTTP/1.1" 200 1166 "https://ondostate.gov.ng/index.php/2025/11/03/2027-tinubu-support-group-decorates-gov-aiyedatiwa-as-grand-patron/" "Mozilla/5.0 (Windows NT 10.0; Win64; x64) AppleWebKit/537.36 (KHTML, like Gecko) Chrome/142.0.0.0 Safari/537.36"
197.211.63.4 - - [04/Dec/2025:16:11:56 +0000] "GET /wp-content/plugins/sticky-header-effects-for-elementor/assets/css/she-header-style.css?ver=1.5.5 HTTP/1.1" 200 4921 "https://ondostate.gov.ng/index.php/2024/06/21/we-ll-deliver-overwhelming-votes-for-aiyedatiwa-adelami-akure-apc-ward-chairmen-assure/" "Mozilla/5.0 (Linux; Android 10; K) AppleWebKit/537.36 (KHTML, like Gecko) Chrome/111.0.0.0 Mobile Safari/537.36"
45.222.98.188 - - [04/Dec/2025:16:11:56 +0000] "GET /wp-content/plugins/elementor/assets/lib/font-awesome/css/v4-shims.min.css?ver=5.1.7 HTTP/1.1" 200 26702 "https://ondostate.gov.ng/index.php/2025/11/03/2027-tinubu-support-group-decorates-gov-aiyedatiwa-as-grand-patron/" "Mozilla/5.0 (Windows NT 10.0; Win64; x64) AppleWebKit/537.36 (KHTML, like Gecko) Chrome/142.0.0.0 Safari/537.36"
197.211.63.4 - - [04/Dec/2025:16:11:57 +0000] "GET /wp-content/uploads/elementor/css/global.css?ver=1723721499 HTTP/1.1" 200 55560 "https://ondostate.gov.ng/index.php/2024/06/21/we-ll-deliver-overwhelming-votes-for-aiyedatiwa-adelami-akure-apc-ward-chairmen-assure/" "Mozilla/5.0 (Linux; Android 10; K) AppleWebKit/537.36 (KHTML, like Gecko) Chrome/111.0.0.0 Mobile Safari/537.36"
197.211.63.4 - - [04/Dec/2025:16:11:57 +0000] "GET /wp-content/plugins/elementor/assets/css/frontend.min.css?ver=3.11.1 HTTP/1.1" 200 136765 "https://ondostate.gov.ng/index.php/2024/06/21/we-ll-deliver-overwhelming-votes-for-aiyedatiwa-adelami-akure-apc-ward-chairmen-assure/" "Mozilla/5.0 (Linux; Android 10; K) AppleWebKit/537.36 (KHTML, like Gecko) Chrome/111.0.0.0 Mobile Safari/537.36"
197.211.63.4 - - [04/Dec/2025:16:11:57 +0000] "GET /wp-content/uploads/elementor/css/post-543.css?ver=1740643773 HTTP/1.1" 200 8599 "https://ondostate.gov.ng/index.php/2024/06/21/we-ll-deliver-overwhelming-votes-for-aiyedatiwa-adelami-akure-apc-ward-chairmen-assure/" "Mozilla/5.0 (Linux; Android 10; K) AppleWebKit/537.36 (KHTML, like Gecko) Chrome/111.0.0.0 Mobile Safari/537.36"
45.222.98.188 - - [04/Dec/2025:16:11:57 +0000] "GET /wp-content/plugins/sticky-header-effects-for-elementor/assets/css/she-header-style.css?ver=1.5.5 HTTP/1.1" 200 4921 "https://ondostate.gov.ng/index.php/2025/11/03/2027-tinubu-support-group-decorates-gov-aiyedatiwa-as-grand-patron/" "Mozilla/5.0 (Windows NT 10.0; Win64; x64) AppleWebKit/537.36 (KHTML, like Gecko) Chrome/142.0.0.0 Safari/537.36"
45.222.98.188 - - [04/Dec/2025:16:11:57 +0000] "GET /wp-content/uploads/elementor/css/global.css?ver=1723721499 HTTP/1.1" 200 55560 "https://ondostate.gov.ng/index.php/2025/11/03/2027-tinubu-support-group-decorates-gov-aiyedatiwa-as-grand-patron/" "Mozilla/5.0 (Windows NT 10.0; Win64; x64) AppleWebKit/537.36 (KHTML, like Gecko) Chrome/142.0.0.0 Safari/537.36"
45.222.98.188 - - [04/Dec/2025:16:11:57 +0000] "GET /wp-content/plugins/elementor/assets/lib/font-awesome/css/all.min.css?ver=5.1.7 HTTP/1.1" 200 59344 "https://ondostate.gov.ng/index.php/2025/11/03/2027-tinubu-support-group-decorates-gov-aiyedatiwa-as-grand-patron/" "Mozilla/5.0 (Windows NT 10.0; Win64; x64) AppleWebKit/537.36 (KHTML, like Gecko) Chrome/142.0.0.0 Safari/537.36"
45.222.98.188 - - [04/Dec/2025:16:11:57 +0000] "GET /wp-content/uploads/essential-addons-elementor/734e5f942.min.css?ver=1764864711 HTTP/1.1" 200 695452 "https://ondostate.gov.ng/index.php/2025/11/03/2027-tinubu-support-group-decorates-gov-aiyedatiwa-as-grand-patron/" "Mozilla/5.0 (Windows NT 10.0; Win64; x64) AppleWebKit/537.36 (KHTML, like Gecko) Chrome/142.0.0.0 Safari/537.36"
45.222.98.188 - - [04/Dec/2025:16:11:58 +0000] "GET /wp-content/uploads/elementor/css/post-543.css?ver=1740643773 HTTP/1.1" 200 8599 "https://ondostate.gov.ng/index.php/2025/11/03/2027-tinubu-support-group-decorates-gov-aiyedatiwa-as-grand-patron/" "Mozilla/5.0 (Windows NT 10.0; Win64; x64) AppleWebKit/537.36 (KHTML, like Gecko) Chrome/142.0.0.0 Safari/537.36"
66.249.66.67 - - [04/Dec/2025:16:11:58 +0000] "GET /wp-content/plugins/ht-mega-for-elementor/assets/css/htbbootstrap.css?ver=1.9.8 HTTP/1.1" 200 57778 "https://ondostate.gov.ng/index.php/2024/11/04/2024-you-were-divinely-chosen-to-lead-jegun-of-ile-oluji-praises-gov-aiyedatiwa/" "Mozilla/5.0 AppleWebKit/537.36 (KHTML, like Gecko; compatible; GoogleOther) Chrome/141.0.7390.122 Safari/537.36"
45.222.98.188 - - [04/Dec/2025:16:11:58 +0000] "GET /wp-content/uploads/elementor/css/post-183.css?ver=1746455116 HTTP/1.1" 200 13427 "https://ondostate.gov.ng/index.php/2025/11/03/2027-tinubu-support-group-decorates-gov-aiyedatiwa-as-grand-patron/" "Mozilla/5.0 (Windows NT 10.0; Win64; x64) AppleWebKit/537.36 (KHTML, like Gecko) Chrome/142.0.0.0 Safari/537.36"
45.222.98.188 - - [04/Dec/2025:16:11:58 +0000] "GET /wp-content/plugins/elementor/assets/lib/font-awesome/css/fontawesome.min.css?ver=5.15.3 HTTP/1.1" 200 57912 "https://ondostate.gov.ng/index.php/2025/11/03/2027-tinubu-support-group-decorates-gov-aiyedatiwa-as-grand-patron/" "Mozilla/5.0 (Windows NT 10.0; Win64; x64) AppleWebKit/537.36 (KHTML, like Gecko) Chrome/142.0.0.0 Safari/537.36"
45.222.98.188 - - [04/Dec/2025:16:11:58 +0000] "GET /wp-content/plugins/elementor/assets/lib/font-awesome/css/solid.min.css?ver=5.15.3 HTTP/1.1" 200 669 "https://ondostate.gov.ng/index.php/2025/11/03/2027-tinubu-support-group-decorates-gov-aiyedatiwa-as-grand-patron/" "Mozilla/5.0 (Windows NT 10.0; Win64; x64) AppleWebKit/537.36 (KHTML, like Gecko) Chrome/142.0.0.0 Safari/537.36"
45.222.98.188 - - [04/Dec/2025:16:11:58 +0000] "GET /wp-content/plugins/elementor/assets/lib/font-awesome/css/brands.min.css?ver=5.15.3 HTTP/1.1" 200 675 "https://ondostate.gov.ng/index.php/2025/11/03/2027-tinubu-support-group-decorates-gov-aiyedatiwa-as-grand-patron/" "Mozilla/5.0 (Windows NT 10.0; Win64; x64) AppleWebKit/537.36 (KHTML, like Gecko) Chrome/142.0.0.0 Safari/537.36"
66.249.66.168 - - [04/Dec/2025:16:11:58 +0000] "GET /wp-content/plugins/ht-mega-for-elementor/assets/css/htmega-keyframes.css?ver=1.9.8 HTTP/1.1" 200 4730 "https://ondostate.gov.ng/index.php/2024/11/04/2024-you-were-divinely-chosen-to-lead-jegun-of-ile-oluji-praises-gov-aiyedatiwa/" "Mozilla/5.0 AppleWebKit/537.36 (KHTML, like Gecko; compatible; GoogleOther) Chrome/141.0.7390.122 Safari/537.36"
197.211.63.4 - - [04/Dec/2025:16:11:58 +0000] "GET /wp-content/uploads/elementor/css/post-183.css?ver=1746455116 HTTP/1.1" 200 13427 "https://ondostate.gov.ng/index.php/2024/06/21/we-ll-deliver-overwhelming-votes-for-aiyedatiwa-adelami-akure-apc-ward-chairmen-assure/" "Mozilla/5.0 (Linux; Android 10; K) AppleWebKit/537.36 (KHTML, like Gecko) Chrome/111.0.0.0 Mobile Safari/537.36"
197.211.63.4 - - [04/Dec/2025:16:11:59 +0000] "GET /wp-content/plugins/elementor/assets/lib/font-awesome/css/fontawesome.min.css?ver=5.15.3 HTTP/1.1" 200 57912 "https://ondostate.gov.ng/index.php/2024/06/21/we-ll-deliver-overwhelming-votes-for-aiyedatiwa-adelami-akure-apc-ward-chairmen-assure/" "Mozilla/5.0 (Linux; Android 10; K) AppleWebKit/537.36 (KHTML, like Gecko) Chrome/111.0.0.0 Mobile Safari/537.36"
45.222.98.188 - - [04/Dec/2025:16:11:59 +0000] "GET /wp-includes/js/jquery/jquery.min.js?ver=3.7.1 HTTP/1.1" 200 87553 "https://ondostate.gov.ng/index.php/2025/11/03/2027-tinubu-support-group-decorates-gov-aiyedatiwa-as-grand-patron/" "Mozilla/5.0 (Windows NT 10.0; Win64; x64) AppleWebKit/537.36 (KHTML, like Gecko) Chrome/142.0.0.0 Safari/537.36"
45.222.98.188 - - [04/Dec/2025:16:11:59 +0000] "GET /wp-includes/js/jquery/jquery-migrate.min.js?ver=3.4.1 HTTP/1.1" 200 13577 "https://ondostate.gov.ng/index.php/2025/11/03/2027-tinubu-support-group-decorates-gov-aiyedatiwa-as-grand-patron/" "Mozilla/5.0 (Windows NT 10.0; Win64; x64) AppleWebKit/537.36 (KHTML, like Gecko) Chrome/142.0.0.0 Safari/537.36"
197.211.63.4 - - [04/Dec/2025:16:11:59 +0000] "GET /wp-includes/js/jquery/jquery-migrate.min.js?ver=3.4.1 HTTP/1.1" 200 13577 "https://ondostate.gov.ng/index.php/2024/06/21/we-ll-deliver-overwhelming-votes-for-aiyedatiwa-adelami-akure-apc-ward-chairmen-assure/" "Mozilla/5.0 (Linux; Android 10; K) AppleWebKit/537.36 (KHTML, like Gecko) Chrome/111.0.0.0 Mobile Safari/537.36"
66.249.66.38 - - [04/Dec/2025:16:11:59 +0000] "GET /wp-content/plugins/elementor/assets/lib/eicons/css/elementor-icons.min.css?ver=5.18.0 HTTP/1.1" 200 19363 "https://ondostate.gov.ng/index.php/2024/11/04/2024-you-were-divinely-chosen-to-lead-jegun-of-ile-oluji-praises-gov-aiyedatiwa/" "Mozilla/5.0 AppleWebKit/537.36 (KHTML, like Gecko; compatible; GoogleOther) Chrome/141.0.7390.122 Safari/537.36"
197.211.63.4 - - [04/Dec/2025:16:11:59 +0000] "GET /wp-content/plugins/elementor/assets/lib/font-awesome/js/v4-shims.min.js?ver=5.1.7 HTTP/1.1" 200 15055 "https://ondostate.gov.ng/index.php/2024/06/21/we-ll-deliver-overwhelming-votes-for-aiyedatiwa-adelami-akure-apc-ward-chairmen-assure/" "Mozilla/5.0 (Linux; Android 10; K) AppleWebKit/537.36 (KHTML, like Gecko) Chrome/111.0.0.0 Mobile Safari/537.36"
197.211.63.4 - - [04/Dec/2025:16:12:00 +0000] "GET /wp-content/plugins/sticky-header-effects-for-elementor/assets/js/she-header.js?ver=1.5.5 HTTP/1.1" 200 5615 "https://ondostate.gov.ng/index.php/2024/06/21/we-ll-deliver-overwhelming-votes-for-aiyedatiwa-adelami-akure-apc-ward-chairmen-assure/" "Mozilla/5.0 (Linux; Android 10; K) AppleWebKit/537.36 (KHTML, like Gecko) Chrome/111.0.0.0 Mobile Safari/537.36"
66.249.66.39 - - [04/Dec/2025:16:12:01 +0000] "GET /wp-includes/css/dist/block-library/style.min.css?ver=6.4.6 HTTP/1.1" 200 110147 "https://ondostate.gov.ng/index.php/2024/11/04/2024-you-were-divinely-chosen-to-lead-jegun-of-ile-oluji-praises-gov-aiyedatiwa/" "Mozilla/5.0 AppleWebKit/537.36 (KHTML, like Gecko; compatible; GoogleOther) Chrome/141.0.7390.122 Safari/537.36"
45.222.98.188 - - [04/Dec/2025:16:12:01 +0000] "GET /wp-content/plugins/elementor/assets/lib/font-awesome/js/v4-shims.min.js?ver=5.1.7 HTTP/1.1" 200 15055 "https://ondostate.gov.ng/index.php/2025/11/03/2027-tinubu-support-group-decorates-gov-aiyedatiwa-as-grand-patron/" "Mozilla/5.0 (Windows NT 10.0; Win64; x64) AppleWebKit/537.36 (KHTML, like Gecko) Chrome/142.0.0.0 Safari/537.36"
66.249.66.168 - - [04/Dec/2025:16:12:02 +0000] "GET /wp-content/uploads/2024/11/WhatsApp-Image-2024-10-30-at-20.38.44-1024x731.jpeg HTTP/1.1" 200 187895 "https://ondostate.gov.ng/index.php/2024/11/04/2024-you-were-divinely-chosen-to-lead-jegun-of-ile-oluji-praises-gov-aiyedatiwa/" "Mozilla/5.0 AppleWebKit/537.36 (KHTML, like Gecko; compatible; GoogleOther) Chrome/141.0.7390.122 Safari/537.36"
45.222.98.188 - - [04/Dec/2025:16:12:02 +0000] "GET /wp-content/plugins/sticky-header-effects-for-elementor/assets/js/she-header.js?ver=1.5.5 HTTP/1.1" 200 5615 "https://ondostate.gov.ng/index.php/2025/11/03/2027-tinubu-support-group-decorates-gov-aiyedatiwa-as-grand-patron/" "Mozilla/5.0 (Windows NT 10.0; Win64; x64) AppleWebKit/537.36 (KHTML, like Gecko) Chrome/142.0.0.0 Safari/537.36"
45.222.98.188 - - [04/Dec/2025:16:12:03 +0000] "GET /wp-content/uploads/2025/11/WhatsApp-Image-2025-11-03-at-12.02.38-PM-1024x731.jpeg HTTP/1.1" 200 133808 "https://ondostate.gov.ng/index.php/2025/11/03/2027-tinubu-support-group-decorates-gov-aiyedatiwa-as-grand-patron/" "Mozilla/5.0 (Windows NT 10.0; Win64; x64) AppleWebKit/537.36 (KHTML, like Gecko) Chrome/142.0.0.0 Safari/537.36"
45.222.98.188 - - [04/Dec/2025:16:12:03 +0000] "GET /wp-content/uploads/2025/11/WhatsApp-Image-2025-11-03-at-12.02.39-PM-1024x682.jpeg HTTP/1.1" 200 111898 "https://ondostate.gov.ng/index.php/2025/11/03/2027-tinubu-support-group-decorates-gov-aiyedatiwa-as-grand-patron/" "Mozilla/5.0 (Windows NT 10.0; Win64; x64) AppleWebKit/537.36 (KHTML, like Gecko) Chrome/142.0.0.0 Safari/537.36"
66.249.66.68 - - [04/Dec/2025:16:12:03 +0000] "GET /wp-includes/js/jquery/jquery.min.js?ver=3.7.1 HTTP/1.1" 200 87553 "https://ondostate.gov.ng/index.php/2024/11/04/2024-you-were-divinely-chosen-to-lead-jegun-of-ile-oluji-praises-gov-aiyedatiwa/" "Mozilla/5.0 AppleWebKit/537.36 (KHTML, like Gecko; compatible; GoogleOther) Chrome/141.0.7390.122 Safari/537.36"
45.222.98.188 - - [04/Dec/2025:16:12:03 +0000] "GET /wp-content/plugins/elementor/assets/lib/animations/animations.min.css?ver=3.11.1 HTTP/1.1" 200 18468 "https://ondostate.gov.ng/index.php/2025/11/03/2027-tinubu-support-group-decorates-gov-aiyedatiwa-as-grand-patron/" "Mozilla/5.0 (Windows NT 10.0; Win64; x64) AppleWebKit/537.36 (KHTML, like Gecko) Chrome/142.0.0.0 Safari/537.36"
45.222.98.188 - - [04/Dec/2025:16:12:03 +0000] "GET /wp-content/themes/astra/assets/js/minified/style.min.js?ver=2.6.1 HTTP/1.1" 200 10594 "https://ondostate.gov.ng/index.php/2025/11/03/2027-tinubu-support-group-decorates-gov-aiyedatiwa-as-grand-patron/" "Mozilla/5.0 (Windows NT 10.0; Win64; x64) AppleWebKit/537.36 (KHTML, like Gecko) Chrome/142.0.0.0 Safari/537.36"
66.249.66.168 - - [04/Dec/2025:16:12:04 +0000] "GET /wp-content/themes/astra/assets/css/minified/menu-animation.min.css?ver=2.6.1 HTTP/1.1" 200 3412 "https://ondostate.gov.ng/index.php/2024/11/04/2024-you-were-divinely-chosen-to-lead-jegun-of-ile-oluji-praises-gov-aiyedatiwa/" "Mozilla/5.0 AppleWebKit/537.36 (KHTML, like Gecko; compatible; GoogleOther) Chrome/141.0.7390.122 Safari/537.36"
197.211.63.4 - - [04/Dec/2025:16:12:04 +0000] "GET /wp-includes/js/jquery/jquery.min.js?ver=3.7.1 HTTP/1.1" 200 87553 "https://ondostate.gov.ng/index.php/2024/06/21/we-ll-deliver-overwhelming-votes-for-aiyedatiwa-adelami-akure-apc-ward-chairmen-assure/" "Mozilla/5.0 (Linux; Android 10; K) AppleWebKit/537.36 (KHTML, like Gecko) Chrome/111.0.0.0 Mobile Safari/537.36"
45.222.98.188 - - [04/Dec/2025:16:12:05 +0000] "GET /wp-content/plugins/ht-mega-for-elementor/assets/js/popper.min.js?ver=1.9.8 HTTP/1.1" 200 18994 "https://ondostate.gov.ng/index.php/2025/11/03/2027-tinubu-support-group-decorates-gov-aiyedatiwa-as-grand-patron/" "Mozilla/5.0 (Windows NT 10.0; Win64; x64) AppleWebKit/537.36 (KHTML, like Gecko) Chrome/142.0.0.0 Safari/537.36"
66.249.66.39 - - [04/Dec/2025:16:12:05 +0000] "GET /wp-content/uploads/elementor/css/post-183.css?ver=1746455116 HTTP/1.1" 200 13427 "https://ondostate.gov.ng/index.php/2024/11/04/2024-you-were-divinely-chosen-to-lead-jegun-of-ile-oluji-praises-gov-aiyedatiwa/" "Mozilla/5.0 AppleWebKit/537.36 (KHTML, like Gecko; compatible; GoogleOther) Chrome/141.0.7390.122 Safari/537.36"
45.222.98.188 - - [04/Dec/2025:16:12:06 +0000] "GET /wp-content/plugins/ht-mega-for-elementor/assets/js/htbbootstrap.js?ver=1.9.8 HTTP/1.1" 200 62890 "https://ondostate.gov.ng/index.php/2025/11/03/2027-tinubu-support-group-decorates-gov-aiyedatiwa-as-grand-patron/" "Mozilla/5.0 (Windows NT 10.0; Win64; x64) AppleWebKit/537.36 (KHTML, like Gecko) Chrome/142.0.0.0 Safari/537.36"
66.249.66.168 - - [04/Dec/2025:16:12:06 +0000] "GET /wp-includes/js/jquery/jquery-migrate.min.js?ver=3.4.1 HTTP/1.1" 200 13577 "https://ondostate.gov.ng/index.php/2024/11/04/2024-you-were-divinely-chosen-to-lead-jegun-of-ile-oluji-praises-gov-aiyedatiwa/" "Mozilla/5.0 AppleWebKit/537.36 (KHTML, like Gecko; compatible; GoogleOther) Chrome/141.0.7390.122 Safari/537.36"
45.222.98.188 - - [04/Dec/2025:16:12:07 +0000] "GET /wp-content/uploads/essential-addons-elementor/734e5f942.min.js?ver=1764864711 HTTP/1.1" 200 1058829 "https://ondostate.gov.ng/index.php/2025/11/03/2027-tinubu-support-group-decorates-gov-aiyedatiwa-as-grand-patron/" "Mozilla/5.0 (Windows NT 10.0; Win64; x64) AppleWebKit/537.36 (KHTML, like Gecko) Chrome/142.0.0.0 Safari/537.36"
45.222.98.188 - - [04/Dec/2025:16:12:07 +0000] "GET /wp-content/plugins/ht-mega-for-elementor/assets/js/waypoints.js?ver=1.9.8 HTTP/1.1" 200 9029 "https://ondostate.gov.ng/index.php/2025/11/03/2027-tinubu-support-group-decorates-gov-aiyedatiwa-as-grand-patron/" "Mozilla/5.0 (Windows NT 10.0; Win64; x64) AppleWebKit/537.36 (KHTML, like Gecko) Chrome/142.0.0.0 Safari/537.36"
45.222.98.188 - - [04/Dec/2025:16:12:08 +0000] "GET /wp-content/plugins/elementor-pro-old/assets/lib/smartmenus/jquery.smartmenus.min.js?ver=1.0.1 HTTP/1.1" 200 25202 "https://ondostate.gov.ng/index.php/2025/11/03/2027-tinubu-support-group-decorates-gov-aiyedatiwa-as-grand-patron/" "Mozilla/5.0 (Windows NT 10.0; Win64; x64) AppleWebKit/537.36 (KHTML, like Gecko) Chrome/142.0.0.0 Safari/537.36"
66.249.66.67 - - [04/Dec/2025:16:12:08 +0000] "GET /wp-content/plugins/elementor/assets/lib/font-awesome/css/font-awesome.min.css?ver=4.7.0 HTTP/1.1" 200 30999 "https://ondostate.gov.ng/index.php/2024/11/04/2024-you-were-divinely-chosen-to-lead-jegun-of-ile-oluji-praises-gov-aiyedatiwa/" "Mozilla/5.0 AppleWebKit/537.36 (KHTML, like Gecko; compatible; GoogleOther) Chrome/141.0.7390.122 Safari/537.36"
45.222.98.188 - - [04/Dec/2025:16:12:08 +0000] "GET /wp-content/plugins/elementor-pro-old/assets/css/frontend.min.css?ver=3.6.5 HTTP/1.1" 200 465365 "https://ondostate.gov.ng/index.php/2025/11/03/2027-tinubu-support-group-decorates-gov-aiyedatiwa-as-grand-patron/" "Mozilla/5.0 (Windows NT 10.0; Win64; x64) AppleWebKit/537.36 (KHTML, like Gecko) Chrome/142.0.0.0 Safari/537.36"
66.249.66.67 - - [04/Dec/2025:16:12:09 +0000] "GET /wp-content/uploads/elementor/css/post-543.css?ver=1740643773 HTTP/1.1" 200 8599 "https://ondostate.gov.ng/index.php/2024/11/04/2024-you-were-divinely-chosen-to-lead-jegun-of-ile-oluji-praises-gov-aiyedatiwa/" "Mozilla/5.0 AppleWebKit/537.36 (KHTML, like Gecko; compatible; GoogleOther) Chrome/141.0.7390.122 Safari/537.36"
45.222.98.188 - - [04/Dec/2025:16:12:09 +0000] "GET /wp-content/plugins/elementor-pro-old/assets/js/webpack-pro.runtime.min.js?ver=3.6.5 HTTP/1.1" 200 5125 "https://ondostate.gov.ng/index.php/2025/11/03/2027-tinubu-support-group-decorates-gov-aiyedatiwa-as-grand-patron/" "Mozilla/5.0 (Windows NT 10.0; Win64; x64) AppleWebKit/537.36 (KHTML, like Gecko) Chrome/142.0.0.0 Safari/537.36"
45.222.98.188 - - [04/Dec/2025:16:12:09 +0000] "GET /wp-content/plugins/elementor/assets/js/webpack.runtime.min.js?ver=3.11.1 HTTP/1.1" 200 4958 "https://ondostate.gov.ng/index.php/2025/11/03/2027-tinubu-support-group-decorates-gov-aiyedatiwa-as-grand-patron/" "Mozilla/5.0 (Windows NT 10.0; Win64; x64) AppleWebKit/537.36 (KHTML, like Gecko) Chrome/142.0.0.0 Safari/537.36"
45.222.98.188 - - [04/Dec/2025:16:12:10 +0000] "GET /wp-includes/js/dist/vendor/wp-polyfill-inert.min.js?ver=3.1.2 HTTP/1.1" 200 8171 "https://ondostate.gov.ng/index.php/2025/11/03/2027-tinubu-support-group-decorates-gov-aiyedatiwa-as-grand-patron/" "Mozilla/5.0 (Windows NT 10.0; Win64; x64) AppleWebKit/537.36 (KHTML, like Gecko) Chrome/142.0.0.0 Safari/537.36"
45.222.98.188 - - [04/Dec/2025:16:12:10 +0000] "GET /wp-includes/js/dist/vendor/regenerator-runtime.min.js?ver=0.14.0 HTTP/1.1" 200 6625 "https://ondostate.gov.ng/index.php/2025/11/03/2027-tinubu-support-group-decorates-gov-aiyedatiwa-as-grand-patron/" "Mozilla/5.0 (Windows NT 10.0; Win64; x64) AppleWebKit/537.36 (KHTML, like Gecko) Chrome/142.0.0.0 Safari/537.36"
45.222.98.188 - - [04/Dec/2025:16:12:10 +0000] "GET /wp-content/plugins/elementor/assets/js/frontend-modules.min.js?ver=3.11.1 HTTP/1.1" 200 36460 "https://ondostate.gov.ng/index.php/2025/11/03/2027-tinubu-support-group-decorates-gov-aiyedatiwa-as-grand-patron/" "Mozilla/5.0 (Windows NT 10.0; Win64; x64) AppleWebKit/537.36 (KHTML, like Gecko) Chrome/142.0.0.0 Safari/537.36"
45.222.98.188 - - [04/Dec/2025:16:12:10 +0000] "GET /wp-includes/js/dist/vendor/wp-polyfill.min.js?ver=3.15.0 HTTP/1.1" 200 115127 "https://ondostate.gov.ng/index.php/2025/11/03/2027-tinubu-support-group-decorates-gov-aiyedatiwa-as-grand-patron/" "Mozilla/5.0 (Windows NT 10.0; Win64; x64) AppleWebKit/537.36 (KHTML, like Gecko) Chrome/142.0.0.0 Safari/537.36"
45.222.98.188 - - [04/Dec/2025:16:12:10 +0000] "GET /wp-includes/js/dist/hooks.min.js?ver=c6aec9a8d4e5a5d543a1 HTTP/1.1" 200 4627 "https://ondostate.gov.ng/index.php/2025/11/03/2027-tinubu-support-group-decorates-gov-aiyedatiwa-as-grand-patron/" "Mozilla/5.0 (Windows NT 10.0; Win64; x64) AppleWebKit/537.36 (KHTML, like Gecko) Chrome/142.0.0.0 Safari/537.36"
45.222.98.188 - - [04/Dec/2025:16:12:10 +0000] "GET /wp-includes/js/dist/i18n.min.js?ver=7701b0c3857f914212ef HTTP/1.1" 200 9445 "https://ondostate.gov.ng/index.php/2025/11/03/2027-tinubu-support-group-decorates-gov-aiyedatiwa-as-grand-patron/" "Mozilla/5.0 (Windows NT 10.0; Win64; x64) AppleWebKit/537.36 (KHTML, like Gecko) Chrome/142.0.0.0 Safari/537.36"
45.222.98.188 - - [04/Dec/2025:16:12:10 +0000] "GET /wp-content/plugins/elementor/assets/lib/font-awesome/webfonts/fa-solid-900.woff2 HTTP/1.1" 200 78196 "https://ondostate.gov.ng/wp-content/plugins/elementor/assets/lib/font-awesome/css/all.min.css?ver=5.1.7" "Mozilla/5.0 (Windows NT 10.0; Win64; x64) AppleWebKit/537.36 (KHTML, like Gecko) Chrome/142.0.0.0 Safari/537.36"
45.222.98.188 - - [04/Dec/2025:16:12:10 +0000] "GET /wp-content/plugins/elementor/assets/lib/font-awesome/webfonts/fa-brands-400.woff2 HTTP/1.1" 200 76764 "https://ondostate.gov.ng/wp-content/plugins/elementor/assets/lib/font-awesome/css/all.min.css?ver=5.1.7" "Mozilla/5.0 (Windows NT 10.0; Win64; x64) AppleWebKit/537.36 (KHTML, like Gecko) Chrome/142.0.0.0 Safari/537.36"
45.222.98.188 - - [04/Dec/2025:16:12:10 +0000] "GET /wp-content/uploads/2020/11/cropped-logo-3.png HTTP/1.1" 200 7875 "https://ondostate.gov.ng/index.php/2025/11/03/2027-tinubu-support-group-decorates-gov-aiyedatiwa-as-grand-patron/" "Mozilla/5.0 (Windows NT 10.0; Win64; x64) AppleWebKit/537.36 (KHTML, like Gecko) Chrome/142.0.0.0 Safari/537.36"
45.222.98.188 - - [04/Dec/2025:16:12:10 +0000] "GET /wp-content/uploads/2024/05/soga-300x200.jpg HTTP/1.1" 200 16855 "https://ondostate.gov.ng/index.php/2025/11/03/2027-tinubu-support-group-decorates-gov-aiyedatiwa-as-grand-patron/" "Mozilla/5.0 (Windows NT 10.0; Win64; x64) AppleWebKit/537.36 (KHTML, like Gecko) Chrome/142.0.0.0 Safari/537.36"
45.222.98.188 - - [04/Dec/2025:16:12:10 +0000] "GET /wp-content/uploads/2024/05/003-300x198.jpg HTTP/1.1" 200 20927 "https://ondostate.gov.ng/index.php/2025/11/03/2027-tinubu-support-group-decorates-gov-aiyedatiwa-as-grand-patron/" "Mozilla/5.0 (Windows NT 10.0; Win64; x64) AppleWebKit/537.36 (KHTML, like Gecko) Chrome/142.0.0.0 Safari/537.36"
66.249.66.168 - - [04/Dec/2025:16:12:11 +0000] "GET /wp-content/plugins/elementor-pro/assets/css/frontend.min.css?ver=3.6.5 HTTP/1.1" 404 150565 "https://ondostate.gov.ng/index.php/2024/11/04/2024-you-were-divinely-chosen-to-lead-jegun-of-ile-oluji-praises-gov-aiyedatiwa/" "Mozilla/5.0 AppleWebKit/537.36 (KHTML, like Gecko; compatible; GoogleOther) Chrome/141.0.7390.122 Safari/537.36"
45.222.98.188 - - [04/Dec/2025:16:12:11 +0000] "GET /wp-content/plugins/elementor-pro-old/assets/js/frontend.min.js?ver=3.6.5 HTTP/1.1" 200 20713 "https://ondostate.gov.ng/index.php/2025/11/03/2027-tinubu-support-group-decorates-gov-aiyedatiwa-as-grand-patron/" "Mozilla/5.0 (Windows NT 10.0; Win64; x64) AppleWebKit/537.36 (KHTML, like Gecko) Chrome/142.0.0.0 Safari/537.36"
45.222.98.188 - - [04/Dec/2025:16:12:11 +0000] "GET /wp-content/plugins/elementor/assets/lib/waypoints/waypoints.min.js?ver=4.0.2 HTTP/1.1" 200 12198 "https://ondostate.gov.ng/index.php/2025/11/03/2027-tinubu-support-group-decorates-gov-aiyedatiwa-as-grand-patron/" "Mozilla/5.0 (Windows NT 10.0; Win64; x64) AppleWebKit/537.36 (KHTML, like Gecko) Chrome/142.0.0.0 Safari/537.36"
45.222.98.188 - - [04/Dec/2025:16:12:11 +0000] "GET /wp-includes/js/jquery/ui/core.min.js?ver=1.13.2 HTTP/1.1" 200 21438 "https://ondostate.gov.ng/index.php/2025/11/03/2027-tinubu-support-group-decorates-gov-aiyedatiwa-as-grand-patron/" "Mozilla/5.0 (Windows NT 10.0; Win64; x64) AppleWebKit/537.36 (KHTML, like Gecko) Chrome/142.0.0.0 Safari/537.36"
45.222.98.188 - - [04/Dec/2025:16:12:11 +0000] "GET /wp-content/plugins/ht-mega-for-elementor/assets/js/swiper.min.js?ver=1.9.8 HTTP/1.1" 200 124645 "https://ondostate.gov.ng/index.php/2025/11/03/2027-tinubu-support-group-decorates-gov-aiyedatiwa-as-grand-patron/" "Mozilla/5.0 (Windows NT 10.0; Win64; x64) AppleWebKit/537.36 (KHTML, like Gecko) Chrome/142.0.0.0 Safari/537.36"
66.249.66.4 - - [04/Dec/2025:16:12:11 +0000] "GET /wp-content/uploads/elementor/css/global.css?ver=1723721499 HTTP/1.1" 200 55560 "https://ondostate.gov.ng/index.php/2024/11/04/2024-you-were-divinely-chosen-to-lead-jegun-of-ile-oluji-praises-gov-aiyedatiwa/" "Mozilla/5.0 AppleWebKit/537.36 (KHTML, like Gecko; compatible; GoogleOther) Chrome/141.0.7390.122 Safari/537.36"
45.222.98.188 - - [04/Dec/2025:16:12:12 +0000] "GET /wp-content/plugins/elementor/assets/lib/share-link/share-link.min.js?ver=3.11.1 HTTP/1.1" 200 2620 "https://ondostate.gov.ng/index.php/2025/11/03/2027-tinubu-support-group-decorates-gov-aiyedatiwa-as-grand-patron/" "Mozilla/5.0 (Windows NT 10.0; Win64; x64) AppleWebKit/537.36 (KHTML, like Gecko) Chrome/142.0.0.0 Safari/537.36"
45.222.98.188 - - [04/Dec/2025:16:12:12 +0000] "GET /wp-content/plugins/elementor/assets/lib/dialog/dialog.min.js?ver=4.9.0 HTTP/1.1" 200 10749 "https://ondostate.gov.ng/index.php/2025/11/03/2027-tinubu-support-group-decorates-gov-aiyedatiwa-as-grand-patron/" "Mozilla/5.0 (Windows NT 10.0; Win64; x64) AppleWebKit/537.36 (KHTML, like Gecko) Chrome/142.0.0.0 Safari/537.36"
45.222.98.188 - - [04/Dec/2025:16:12:12 +0000] "GET /wp-content/plugins/elementor/assets/js/frontend.min.js?ver=3.11.1 HTTP/1.1" 200 41883 "https://ondostate.gov.ng/index.php/2025/11/03/2027-tinubu-support-group-decorates-gov-aiyedatiwa-as-grand-patron/" "Mozilla/5.0 (Windows NT 10.0; Win64; x64) AppleWebKit/537.36 (KHTML, like Gecko) Chrome/142.0.0.0 Safari/537.36"
66.249.66.38 - - [04/Dec/2025:16:12:12 +0000] "GET /wp-content/plugins/elementor/assets/lib/font-awesome/css/solid.min.css?ver=5.15.3 HTTP/1.1" 200 669 "https://ondostate.gov.ng/index.php/2024/11/04/2024-you-were-divinely-chosen-to-lead-jegun-of-ile-oluji-praises-gov-aiyedatiwa/" "Mozilla/5.0 AppleWebKit/537.36 (KHTML, like Gecko; compatible; GoogleOther) Chrome/141.0.7390.122 Safari/537.36"
197.211.63.4 - - [04/Dec/2025:16:12:12 +0000] "GET /wp-content/plugins/elementor-pro-old/assets/css/frontend.min.css?ver=3.6.5 HTTP/1.1" 200 465365 "https://ondostate.gov.ng/index.php/2024/06/21/we-ll-deliver-overwhelming-votes-for-aiyedatiwa-adelami-akure-apc-ward-chairmen-assure/" "Mozilla/5.0 (Linux; Android 10; K) AppleWebKit/537.36 (KHTML, like Gecko) Chrome/111.0.0.0 Mobile Safari/537.36"
45.222.98.188 - - [04/Dec/2025:16:12:13 +0000] "GET /wp-content/plugins/elementor-pro-old/assets/js/preloaded-elements-handlers.min.js?ver=3.6.5 HTTP/1.1" 200 132890 "https://ondostate.gov.ng/index.php/2025/11/03/2027-tinubu-support-group-decorates-gov-aiyedatiwa-as-grand-patron/" "Mozilla/5.0 (Windows NT 10.0; Win64; x64) AppleWebKit/537.36 (KHTML, like Gecko) Chrome/142.0.0.0 Safari/537.36"
45.222.98.188 - - [04/Dec/2025:16:12:13 +0000] "GET /wp-content/plugins/elementor/assets/js/preloaded-modules.min.js?ver=3.11.1 HTTP/1.1" 200 44785 "https://ondostate.gov.ng/index.php/2025/11/03/2027-tinubu-support-group-decorates-gov-aiyedatiwa-as-grand-patron/" "Mozilla/5.0 (Windows NT 10.0; Win64; x64) AppleWebKit/537.36 (KHTML, like Gecko) Chrome/142.0.0.0 Safari/537.36"
45.222.98.188 - - [04/Dec/2025:16:12:13 +0000] "GET /wp-content/plugins/elementor-pro-old/assets/lib/sticky/jquery.sticky.min.js?ver=3.6.5 HTTP/1.1" 200 3236 "https://ondostate.gov.ng/index.php/2025/11/03/2027-tinubu-support-group-decorates-gov-aiyedatiwa-as-grand-patron/" "Mozilla/5.0 (Windows NT 10.0; Win64; x64) AppleWebKit/537.36 (KHTML, like Gecko) Chrome/142.0.0.0 Safari/537.36"
45.222.98.188 - - [04/Dec/2025:16:12:13 +0000] "GET /wp-includes/js/comment-reply.min.js?ver=6.4.7 HTTP/1.1" 200 2981 "https://ondostate.gov.ng/index.php/2025/11/03/2027-tinubu-support-group-decorates-gov-aiyedatiwa-as-grand-patron/" "Mozilla/5.0 (Windows NT 10.0; Win64; x64) AppleWebKit/537.36 (KHTML, like Gecko) Chrome/142.0.0.0 Safari/537.36"
45.222.98.188 - - [04/Dec/2025:16:12:13 +0000] "GET /wp-content/uploads/2024/05/bus-300x225.jpg HTTP/1.1" 200 20442 "https://ondostate.gov.ng/index.php/2025/11/03/2027-tinubu-support-group-decorates-gov-aiyedatiwa-as-grand-patron/" "Mozilla/5.0 (Windows NT 10.0; Win64; x64) AppleWebKit/537.36 (KHTML, like Gecko) Chrome/142.0.0.0 Safari/537.36"
66.249.66.38 - - [04/Dec/2025:16:12:14 +0000] "GET /wp-content/uploads/essential-addons-elementor/734e5f942.min.css?ver=1759198253 HTTP/1.1" 200 695452 "https://ondostate.gov.ng/index.php/2024/11/04/2024-you-were-divinely-chosen-to-lead-jegun-of-ile-oluji-praises-gov-aiyedatiwa/" "Mozilla/5.0 AppleWebKit/537.36 (KHTML, like Gecko; compatible; GoogleOther) Chrome/141.0.7390.122 Safari/537.36"
66.249.66.67 - - [04/Dec/2025:16:12:15 +0000] "GET /wp-content/plugins/ht-mega-for-elementor/assets/css/animation.css?ver=1.9.8 HTTP/1.1" 200 71292 "https://ondostate.gov.ng/index.php/2024/11/04/2024-you-were-divinely-chosen-to-lead-jegun-of-ile-oluji-praises-gov-aiyedatiwa/" "Mozilla/5.0 AppleWebKit/537.36 (KHTML, like Gecko; compatible; GoogleOther) Chrome/141.0.7390.122 Safari/537.36"
197.211.63.4 - - [04/Dec/2025:16:12:15 +0000] "GET /wp-content/plugins/elementor/assets/lib/animations/animations.min.css?ver=3.11.1 HTTP/1.1" 200 18468 "https://ondostate.gov.ng/index.php/2024/06/21/we-ll-deliver-overwhelming-votes-for-aiyedatiwa-adelami-akure-apc-ward-chairmen-assure/" "Mozilla/5.0 (Linux; Android 10; K) AppleWebKit/537.36 (KHTML, like Gecko) Chrome/111.0.0.0 Mobile Safari/537.36"
66.249.66.4 - - [04/Dec/2025:16:12:16 +0000] "GET /wp-content/plugins/search-filter/style.css?ver=1 HTTP/1.1" 200 577 "https://ondostate.gov.ng/index.php/2024/11/04/2024-you-were-divinely-chosen-to-lead-jegun-of-ile-oluji-praises-gov-aiyedatiwa/" "Mozilla/5.0 AppleWebKit/537.36 (KHTML, like Gecko; compatible; GoogleOther) Chrome/141.0.7390.122 Safari/537.36"
45.222.98.188 - - [04/Dec/2025:16:12:16 +0000] "GET /wp-includes/js/wp-emoji-release.min.js?ver=6.4.7 HTTP/1.1" 200 18692 "https://ondostate.gov.ng/index.php/2025/11/03/2027-tinubu-support-group-decorates-gov-aiyedatiwa-as-grand-patron/" "Mozilla/5.0 (Windows NT 10.0; Win64; x64) AppleWebKit/537.36 (KHTML, like Gecko) Chrome/142.0.0.0 Safari/537.36"
45.222.98.188 - - [04/Dec/2025:16:12:16 +0000] "GET /wp-content/plugins/elementor/assets/lib/eicons/fonts/eicons.woff2?5.18.0 HTTP/1.1" 200 93868 "https://ondostate.gov.ng/wp-content/plugins/elementor/assets/lib/eicons/css/elementor-icons.min.css?ver=5.18.0" "Mozilla/5.0 (Windows NT 10.0; Win64; x64) AppleWebKit/537.36 (KHTML, like Gecko) Chrome/142.0.0.0 Safari/537.36"
197.211.63.4 - - [04/Dec/2025:16:12:16 +0000] "GET /wp-content/themes/astra/assets/js/minified/style.min.js?ver=2.6.1 HTTP/1.1" 200 10594 "https://ondostate.gov.ng/index.php/2024/06/21/we-ll-deliver-overwhelming-votes-for-aiyedatiwa-adelami-akure-apc-ward-chairmen-assure/" "Mozilla/5.0 (Linux; Android 10; K) AppleWebKit/537.36 (KHTML, like Gecko) Chrome/111.0.0.0 Mobile Safari/537.36"
45.222.98.188 - - [04/Dec/2025:16:12:17 +0000] "GET /wp-content/uploads/2020/11/cropped-logo-3-1-32x32.png HTTP/1.1" 200 1751 "https://ondostate.gov.ng/index.php/2025/11/03/2027-tinubu-support-group-decorates-gov-aiyedatiwa-as-grand-patron/" "Mozilla/5.0 (Windows NT 10.0; Win64; x64) AppleWebKit/537.36 (KHTML, like Gecko) Chrome/142.0.0.0 Safari/537.36"
66.249.66.67 - - [04/Dec/2025:16:12:17 +0000] "GET /wp-content/uploads/2024/11/WhatsApp-Image-2024-10-30-at-20.38.45-1-1024x731.jpeg HTTP/1.1" 200 167383 "https://ondostate.gov.ng/index.php/2024/11/04/2024-you-were-divinely-chosen-to-lead-jegun-of-ile-oluji-praises-gov-aiyedatiwa/" "Mozilla/5.0 AppleWebKit/537.36 (KHTML, like Gecko; compatible; GoogleOther) Chrome/141.0.7390.122 Safari/537.36"
66.249.66.5 - - [04/Dec/2025:16:12:18 +0000] "GET /wp-content/uploads/elementor/css/post-1643.css?ver=1723721498 HTTP/1.1" 200 1166 "https://ondostate.gov.ng/index.php/2024/11/04/2024-you-were-divinely-chosen-to-lead-jegun-of-ile-oluji-praises-gov-aiyedatiwa/" "Mozilla/5.0 AppleWebKit/537.36 (KHTML, like Gecko; compatible; GoogleOther) Chrome/141.0.7390.122 Safari/537.36"
66.249.66.168 - - [04/Dec/2025:16:12:19 +0000] "GET /wp-content/plugins/sticky-header-effects-for-elementor/assets/css/she-header-style.css?ver=1.5.5 HTTP/1.1" 200 4921 "https://ondostate.gov.ng/index.php/2024/11/04/2024-you-were-divinely-chosen-to-lead-jegun-of-ile-oluji-praises-gov-aiyedatiwa/" "Mozilla/5.0 AppleWebKit/537.36 (KHTML, like Gecko; compatible; GoogleOther) Chrome/141.0.7390.122 Safari/537.36"
66.249.66.38 - - [04/Dec/2025:16:12:21 +0000] "GET /wp-content/plugins/elementor/assets/lib/font-awesome/css/all.min.css?ver=5.1.7 HTTP/1.1" 200 59344 "https://ondostate.gov.ng/index.php/2024/11/04/2024-you-were-divinely-chosen-to-lead-jegun-of-ile-oluji-praises-gov-aiyedatiwa/" "Mozilla/5.0 AppleWebKit/537.36 (KHTML, like Gecko; compatible; GoogleOther) Chrome/141.0.7390.122 Safari/537.36"
66.249.66.168 - - [04/Dec/2025:16:12:22 +0000] "GET /wp-content/plugins/elementor/assets/css/frontend.min.css?ver=3.11.1 HTTP/1.1" 200 136765 "https://ondostate.gov.ng/index.php/2024/11/04/2024-you-were-divinely-chosen-to-lead-jegun-of-ile-oluji-praises-gov-aiyedatiwa/" "Mozilla/5.0 AppleWebKit/537.36 (KHTML, like Gecko; compatible; GoogleOther) Chrome/141.0.7390.122 Safari/537.36"
66.249.66.39 - - [04/Dec/2025:16:12:23 +0000] "GET /wp-content/plugins/elementor/assets/css/frontend-legacy.min.css?ver=3.11.1 HTTP/1.1" 200 9935 "https://ondostate.gov.ng/index.php/2024/11/04/2024-you-were-divinely-chosen-to-lead-jegun-of-ile-oluji-praises-gov-aiyedatiwa/" "Mozilla/5.0 AppleWebKit/537.36 (KHTML, like Gecko; compatible; GoogleOther) Chrome/141.0.7390.122 Safari/537.36"
66.249.66.38 - - [04/Dec/2025:16:12:24 +0000] "GET /wp-content/plugins/elementor/assets/lib/font-awesome/css/fontawesome.min.css?ver=5.15.3 HTTP/1.1" 200 57912 "https://ondostate.gov.ng/index.php/2024/11/04/2024-you-were-divinely-chosen-to-lead-jegun-of-ile-oluji-praises-gov-aiyedatiwa/" "Mozilla/5.0 AppleWebKit/537.36 (KHTML, like Gecko; compatible; GoogleOther) Chrome/141.0.7390.122 Safari/537.36"
66.249.66.4 - - [04/Dec/2025:16:12:25 +0000] "GET /wp-content/plugins/elementor/assets/lib/font-awesome/css/v4-shims.min.css?ver=5.1.7 HTTP/1.1" 200 26702 "https://ondostate.gov.ng/index.php/2024/11/04/2024-you-were-divinely-chosen-to-lead-jegun-of-ile-oluji-praises-gov-aiyedatiwa/" "Mozilla/5.0 AppleWebKit/537.36 (KHTML, like Gecko; compatible; GoogleOther) Chrome/141.0.7390.122 Safari/537.36"
197.211.63.4 - - [04/Dec/2025:16:12:26 +0000] "GET /wp-content/uploads/essential-addons-elementor/734e5f942.min.css?ver=1764864710 HTTP/1.1" 200 695452 "https://ondostate.gov.ng/index.php/2024/06/21/we-ll-deliver-overwhelming-votes-for-aiyedatiwa-adelami-akure-apc-ward-chairmen-assure/" "Mozilla/5.0 (Linux; Android 10; K) AppleWebKit/537.36 (KHTML, like Gecko) Chrome/111.0.0.0 Mobile Safari/537.36"
66.249.66.39 - - [04/Dec/2025:16:12:26 +0000] "GET /wp-content/themes/astra/assets/css/minified/style.min.css?ver=2.6.1 HTTP/1.1" 200 87561 "https://ondostate.gov.ng/index.php/2024/11/04/2024-you-were-divinely-chosen-to-lead-jegun-of-ile-oluji-praises-gov-aiyedatiwa/" "Mozilla/5.0 AppleWebKit/537.36 (KHTML, like Gecko; compatible; GoogleOther) Chrome/141.0.7390.122 Safari/537.36"
66.249.66.39 - - [04/Dec/2025:16:12:27 +0000] "GET /wp-content/plugins/elementor/assets/lib/font-awesome/js/v4-shims.min.js?ver=5.1.7 HTTP/1.1" 200 15055 "https://ondostate.gov.ng/index.php/2024/11/04/2024-you-were-divinely-chosen-to-lead-jegun-of-ile-oluji-praises-gov-aiyedatiwa/" "Mozilla/5.0 AppleWebKit/537.36 (KHTML, like Gecko; compatible; GoogleOther) Chrome/141.0.7390.122 Safari/537.36"
66.249.66.39 - - [04/Dec/2025:16:12:28 +0000] "GET /wp-content/plugins/elementor/assets/lib/animations/animations.min.css?ver=3.11.1 HTTP/1.1" 200 18468 "https://ondostate.gov.ng/index.php/2024/11/04/2024-you-were-divinely-chosen-to-lead-jegun-of-ile-oluji-praises-gov-aiyedatiwa/" "Mozilla/5.0 AppleWebKit/537.36 (KHTML, like Gecko; compatible; GoogleOther) Chrome/141.0.7390.122 Safari/537.36"
66.249.66.5 - - [04/Dec/2025:16:12:29 +0000] "GET /wp-content/themes/astra/assets/js/minified/style.min.js?ver=2.6.1 HTTP/1.1" 200 10594 "https://ondostate.gov.ng/index.php/2024/11/04/2024-you-were-divinely-chosen-to-lead-jegun-of-ile-oluji-praises-gov-aiyedatiwa/" "Mozilla/5.0 AppleWebKit/537.36 (KHTML, like Gecko; compatible; GoogleOther) Chrome/141.0.7390.122 Safari/537.36"
66.249.66.68 - - [04/Dec/2025:16:12:31 +0000] "GET /wp-content/uploads/essential-addons-elementor/734e5f942.min.js?ver=1759198253 HTTP/1.1" 200 1058829 "https://ondostate.gov.ng/index.php/2024/11/04/2024-you-were-divinely-chosen-to-lead-jegun-of-ile-oluji-praises-gov-aiyedatiwa/" "Mozilla/5.0 AppleWebKit/537.36 (KHTML, like Gecko; compatible; GoogleOther) Chrome/141.0.7390.122 Safari/537.36"
197.211.63.4 - - [04/Dec/2025:16:12:31 +0000] "GET /wp-content/plugins/ht-mega-for-elementor/assets/js/popper.min.js?ver=1.9.8 HTTP/1.1" 200 18994 "https://ondostate.gov.ng/index.php/2024/06/21/we-ll-deliver-overwhelming-votes-for-aiyedatiwa-adelami-akure-apc-ward-chairmen-assure/" "Mozilla/5.0 (Linux; Android 10; K) AppleWebKit/537.36 (KHTML, like Gecko) Chrome/111.0.0.0 Mobile Safari/537.36"
197.211.63.4 - - [04/Dec/2025:16:12:31 +0000] "GET /wp-content/plugins/ht-mega-for-elementor/assets/js/htbbootstrap.js?ver=1.9.8 HTTP/1.1" 200 62890 "https://ondostate.gov.ng/index.php/2024/06/21/we-ll-deliver-overwhelming-votes-for-aiyedatiwa-adelami-akure-apc-ward-chairmen-assure/" "Mozilla/5.0 (Linux; Android 10; K) AppleWebKit/537.36 (KHTML, like Gecko) Chrome/111.0.0.0 Mobile Safari/537.36"
197.211.63.4 - - [04/Dec/2025:16:12:31 +0000] "GET /wp-content/plugins/ht-mega-for-elementor/assets/js/waypoints.js?ver=1.9.8 HTTP/1.1" 200 9029 "https://ondostate.gov.ng/index.php/2024/06/21/we-ll-deliver-overwhelming-votes-for-aiyedatiwa-adelami-akure-apc-ward-chairmen-assure/" "Mozilla/5.0 (Linux; Android 10; K) AppleWebKit/537.36 (KHTML, like Gecko) Chrome/111.0.0.0 Mobile Safari/537.36"
197.211.63.4 - - [04/Dec/2025:16:12:31 +0000] "GET /wp-content/plugins/elementor-pro-old/assets/js/webpack-pro.runtime.min.js?ver=3.6.5 HTTP/1.1" 200 5125 "https://ondostate.gov.ng/index.php/2024/06/21/we-ll-deliver-overwhelming-votes-for-aiyedatiwa-adelami-akure-apc-ward-chairmen-assure/" "Mozilla/5.0 (Linux; Android 10; K) AppleWebKit/537.36 (KHTML, like Gecko) Chrome/111.0.0.0 Mobile Safari/537.36"
197.211.63.4 - - [04/Dec/2025:16:12:31 +0000] "GET /wp-content/plugins/elementor-pro-old/assets/lib/smartmenus/jquery.smartmenus.min.js?ver=1.0.1 HTTP/1.1" 200 25202 "https://ondostate.gov.ng/index.php/2024/06/21/we-ll-deliver-overwhelming-votes-for-aiyedatiwa-adelami-akure-apc-ward-chairmen-assure/" "Mozilla/5.0 (Linux; Android 10; K) AppleWebKit/537.36 (KHTML, like Gecko) Chrome/111.0.0.0 Mobile Safari/537.36"
20.97.189.110 - - [04/Dec/2025:16:12:31 +0000] "GET /index.php/2025/02/26/appointment-of-ssg-commissioners-and-special-advisers/ HTTP/1.1" 200 141169 "-" "Mozilla/5.0 AppleWebKit/537.36 (KHTML, like Gecko); compatible; ChatGPT-User/1.0; +https://openai.com/bot"
197.211.63.4 - - [04/Dec/2025:16:12:31 +0000] "GET /wp-content/plugins/elementor/assets/lib/eicons/fonts/eicons.woff2?5.18.0 HTTP/1.1" 200 93868 "https://ondostate.gov.ng/wp-content/plugins/elementor/assets/lib/eicons/css/elementor-icons.min.css?ver=5.18.0" "Mozilla/5.0 (Linux; Android 10; K) AppleWebKit/537.36 (KHTML, like Gecko) Chrome/111.0.0.0 Mobile Safari/537.36"
66.249.66.68 - - [04/Dec/2025:16:12:31 +0000] "GET /wp-content/plugins/ht-mega-for-elementor/assets/js/popper.min.js?ver=1.9.8 HTTP/1.1" 200 18994 "https://ondostate.gov.ng/index.php/2024/11/04/2024-you-were-divinely-chosen-to-lead-jegun-of-ile-oluji-praises-gov-aiyedatiwa/" "Mozilla/5.0 AppleWebKit/537.36 (KHTML, like Gecko; compatible; GoogleOther) Chrome/141.0.7390.122 Safari/537.36"
197.211.63.4 - - [04/Dec/2025:16:12:32 +0000] "GET /wp-content/uploads/2020/11/cropped-logo-3.png HTTP/1.1" 200 7875 "https://ondostate.gov.ng/index.php/2024/06/21/we-ll-deliver-overwhelming-votes-for-aiyedatiwa-adelami-akure-apc-ward-chairmen-assure/" "Mozilla/5.0 (Linux; Android 10; K) AppleWebKit/537.36 (KHTML, like Gecko) Chrome/111.0.0.0 Mobile Safari/537.36"
197.211.63.4 - - [04/Dec/2025:16:12:33 +0000] "GET /wp-content/uploads/2024/06/WhatsApp-Image-2024-06-20-at-20.32.01-768x512.jpeg HTTP/1.1" 200 107374 "https://ondostate.gov.ng/index.php/2024/06/21/we-ll-deliver-overwhelming-votes-for-aiyedatiwa-adelami-akure-apc-ward-chairmen-assure/" "Mozilla/5.0 (Linux; Android 10; K) AppleWebKit/537.36 (KHTML, like Gecko) Chrome/111.0.0.0 Mobile Safari/537.36"
66.249.66.4 - - [04/Dec/2025:16:12:34 +0000] "GET /wp-content/plugins/elementor-pro/assets/lib/smartmenus/jquery.smartmenus.min.js?ver=1.0.1 HTTP/1.1" 404 150565 "https://ondostate.gov.ng/index.php/2024/11/04/2024-you-were-divinely-chosen-to-lead-jegun-of-ile-oluji-praises-gov-aiyedatiwa/" "Mozilla/5.0 AppleWebKit/537.36 (KHTML, like Gecko; compatible; GoogleOther) Chrome/141.0.7390.122 Safari/537.36"
197.211.63.4 - - [04/Dec/2025:16:12:34 +0000] "GET /wp-content/plugins/elementor/assets/lib/font-awesome/webfonts/fa-solid-900.woff2 HTTP/1.1" 200 78196 "https://ondostate.gov.ng/wp-content/plugins/elementor/assets/lib/font-awesome/css/all.min.css?ver=5.1.7" "Mozilla/5.0 (Linux; Android 10; K) AppleWebKit/537.36 (KHTML, like Gecko) Chrome/111.0.0.0 Mobile Safari/537.36"
197.211.63.4 - - [04/Dec/2025:16:12:34 +0000] "GET /wp-content/plugins/elementor/assets/js/webpack.runtime.min.js?ver=3.11.1 HTTP/1.1" 200 4958 "https://ondostate.gov.ng/index.php/2024/06/21/we-ll-deliver-overwhelming-votes-for-aiyedatiwa-adelami-akure-apc-ward-chairmen-assure/" "Mozilla/5.0 (Linux; Android 10; K) AppleWebKit/537.36 (KHTML, like Gecko) Chrome/111.0.0.0 Mobile Safari/537.36"
197.211.63.4 - - [04/Dec/2025:16:12:34 +0000] "GET /wp-content/plugins/elementor/assets/lib/font-awesome/webfonts/fa-brands-400.woff2 HTTP/1.1" 200 76764 "https://ondostate.gov.ng/wp-content/plugins/elementor/assets/lib/font-awesome/css/all.min.css?ver=5.1.7" "Mozilla/5.0 (Linux; Android 10; K) AppleWebKit/537.36 (KHTML, like Gecko) Chrome/111.0.0.0 Mobile Safari/537.36"
197.211.63.4 - - [04/Dec/2025:16:12:34 +0000] "GET /wp-content/plugins/elementor/assets/js/frontend-modules.min.js?ver=3.11.1 HTTP/1.1" 200 36460 "https://ondostate.gov.ng/index.php/2024/06/21/we-ll-deliver-overwhelming-votes-for-aiyedatiwa-adelami-akure-apc-ward-chairmen-assure/" "Mozilla/5.0 (Linux; Android 10; K) AppleWebKit/537.36 (KHTML, like Gecko) Chrome/111.0.0.0 Mobile Safari/537.36"
66.249.66.168 - - [04/Dec/2025:16:12:35 +0000] "GET /wp-content/plugins/elementor-pro/assets/js/webpack-pro.runtime.min.js?ver=3.6.5 HTTP/1.1" 404 150565 "https://ondostate.gov.ng/index.php/2024/11/04/2024-you-were-divinely-chosen-to-lead-jegun-of-ile-oluji-praises-gov-aiyedatiwa/" "Mozilla/5.0 AppleWebKit/537.36 (KHTML, like Gecko; compatible; GoogleOther) Chrome/141.0.7390.122 Safari/537.36"
66.249.66.168 - - [04/Dec/2025:16:12:35 +0000] "GET /wp-content/plugins/elementor/assets/js/webpack.runtime.min.js?ver=3.11.1 HTTP/1.1" 200 4958 "https://ondostate.gov.ng/index.php/2024/11/04/2024-you-were-divinely-chosen-to-lead-jegun-of-ile-oluji-praises-gov-aiyedatiwa/" "Mozilla/5.0 AppleWebKit/537.36 (KHTML, like Gecko; compatible; GoogleOther) Chrome/141.0.7390.122 Safari/537.36"
197.211.63.4 - - [04/Dec/2025:16:12:35 +0000] "GET /wp-includes/js/dist/vendor/wp-polyfill-inert.min.js?ver=3.1.2 HTTP/1.1" 200 8171 "https://ondostate.gov.ng/index.php/2024/06/21/we-ll-deliver-overwhelming-votes-for-aiyedatiwa-adelami-akure-apc-ward-chairmen-assure/" "Mozilla/5.0 (Linux; Android 10; K) AppleWebKit/537.36 (KHTML, like Gecko) Chrome/111.0.0.0 Mobile Safari/537.36"
66.249.66.5 - - [04/Dec/2025:16:12:36 +0000] "GET /wp-content/plugins/elementor/assets/js/frontend-modules.min.js?ver=3.11.1 HTTP/1.1" 200 36460 "https://ondostate.gov.ng/index.php/2024/11/04/2024-you-were-divinely-chosen-to-lead-jegun-of-ile-oluji-praises-gov-aiyedatiwa/" "Mozilla/5.0 AppleWebKit/537.36 (KHTML, like Gecko; compatible; GoogleOther) Chrome/141.0.7390.122 Safari/537.36"
66.249.66.39 - - [04/Dec/2025:16:12:37 +0000] "GET /wp-content/plugins/ht-mega-for-elementor/assets/js/htbbootstrap.js?ver=1.9.8 HTTP/1.1" 200 62890 "https://ondostate.gov.ng/index.php/2024/11/04/2024-you-were-divinely-chosen-to-lead-jegun-of-ile-oluji-praises-gov-aiyedatiwa/" "Mozilla/5.0 AppleWebKit/537.36 (KHTML, like Gecko; compatible; GoogleOther) Chrome/141.0.7390.122 Safari/537.36"
66.249.66.168 - - [04/Dec/2025:16:12:38 +0000] "GET /wp-content/plugins/ht-mega-for-elementor/assets/js/waypoints.js?ver=1.9.8 HTTP/1.1" 200 9029 "https://ondostate.gov.ng/index.php/2024/11/04/2024-you-were-divinely-chosen-to-lead-jegun-of-ile-oluji-praises-gov-aiyedatiwa/" "Mozilla/5.0 AppleWebKit/537.36 (KHTML, like Gecko; compatible; GoogleOther) Chrome/141.0.7390.122 Safari/537.36"
197.211.63.4 - - [04/Dec/2025:16:12:39 +0000] "GET /wp-includes/js/dist/vendor/regenerator-runtime.min.js?ver=0.14.0 HTTP/1.1" 200 6625 "https://ondostate.gov.ng/index.php/2024/06/21/we-ll-deliver-overwhelming-votes-for-aiyedatiwa-adelami-akure-apc-ward-chairmen-assure/" "Mozilla/5.0 (Linux; Android 10; K) AppleWebKit/537.36 (KHTML, like Gecko) Chrome/111.0.0.0 Mobile Safari/537.36"
197.211.63.4 - - [04/Dec/2025:16:12:39 +0000] "GET /wp-includes/js/dist/hooks.min.js?ver=c6aec9a8d4e5a5d543a1 HTTP/1.1" 200 4627 "https://ondostate.gov.ng/index.php/2024/06/21/we-ll-deliver-overwhelming-votes-for-aiyedatiwa-adelami-akure-apc-ward-chairmen-assure/" "Mozilla/5.0 (Linux; Android 10; K) AppleWebKit/537.36 (KHTML, like Gecko) Chrome/111.0.0.0 Mobile Safari/537.36"
66.249.66.38 - - [04/Dec/2025:16:12:40 +0000] "GET /wp-content/plugins/elementor-pro/assets/js/frontend.min.js?ver=3.6.5 HTTP/1.1" 404 150565 "https://ondostate.gov.ng/index.php/2024/11/04/2024-you-were-divinely-chosen-to-lead-jegun-of-ile-oluji-praises-gov-aiyedatiwa/" "Mozilla/5.0 AppleWebKit/537.36 (KHTML, like Gecko; compatible; GoogleOther) Chrome/141.0.7390.122 Safari/537.36"
