17.22.253.147 - - [04/Dec/2025:12:59:35 +0000] "GET /wp-content/themes/astra/assets/css/minified/style.min.css?ver=2.6.1 HTTP/1.1" 200 87561 "https://ondostate.gov.ng/index.php/category/news/" "Mozilla/5.0 (Macintosh; Intel Mac OS X 10_15_7) AppleWebKit/605.1.15 (KHTML, like Gecko) Version/17.4 Safari/605.1.15 (Applebot/0.1; +http://www.apple.com/go/applebot)"
17.22.245.64 - - [04/Dec/2025:12:59:36 +0000] "GET /wp-includes/css/dist/block-library/style.min.css?ver=6.4.7 HTTP/1.1" 200 110147 "https://ondostate.gov.ng/index.php/category/news/" "Mozilla/5.0 (Macintosh; Intel Mac OS X 10_15_7) AppleWebKit/605.1.15 (KHTML, like Gecko) Version/17.4 Safari/605.1.15 (Applebot/0.1; +http://www.apple.com/go/applebot)"
17.22.253.226 - - [04/Dec/2025:12:59:36 +0000] "GET /wp-content/themes/astra/assets/css/minified/menu-animation.min.css?ver=2.6.1 HTTP/1.1" 200 3412 "https://ondostate.gov.ng/index.php/category/news/" "Mozilla/5.0 (Macintosh; Intel Mac OS X 10_15_7) AppleWebKit/605.1.15 (KHTML, like Gecko) Version/17.4 Safari/605.1.15 (Applebot/0.1; +http://www.apple.com/go/applebot)"
17.22.253.133 - - [04/Dec/2025:12:59:37 +0000] "GET /wp-content/plugins/ht-mega-for-elementor/assets/css/htbbootstrap.css?ver=1.9.8 HTTP/1.1" 200 57778 "https://ondostate.gov.ng/index.php/category/news/" "Mozilla/5.0 (Macintosh; Intel Mac OS X 10_15_7) AppleWebKit/605.1.15 (KHTML, like Gecko) Version/17.4 Safari/605.1.15 (Applebot/0.1; +http://www.apple.com/go/applebot)"
17.22.245.47 - - [04/Dec/2025:12:59:37 +0000] "GET /wp-content/uploads/essential-addons-elementor/734e5f942.min.css?ver=1764852876 HTTP/1.1" 200 695452 "https://ondostate.gov.ng/index.php/category/news/" "Mozilla/5.0 (Macintosh; Intel Mac OS X 10_15_7) AppleWebKit/605.1.15 (KHTML, like Gecko) Version/17.4 Safari/605.1.15 (Applebot/0.1; +http://www.apple.com/go/applebot)"
17.22.253.222 - - [04/Dec/2025:12:59:38 +0000] "GET /wp-content/plugins/search-filter/style.css?ver=1 HTTP/1.1" 200 577 "https://ondostate.gov.ng/index.php/category/news/" "Mozilla/5.0 (Macintosh; Intel Mac OS X 10_15_7) AppleWebKit/605.1.15 (KHTML, like Gecko) Version/17.4 Safari/605.1.15 (Applebot/0.1; +http://www.apple.com/go/applebot)"
17.22.245.6 - - [04/Dec/2025:12:59:38 +0000] "GET /wp-content/plugins/elementor/assets/lib/font-awesome/css/font-awesome.min.css?ver=4.7.0 HTTP/1.1" 200 30999 "https://ondostate.gov.ng/index.php/category/news/" "Mozilla/5.0 (Macintosh; Intel Mac OS X 10_15_7) AppleWebKit/605.1.15 (KHTML, like Gecko) Version/17.4 Safari/605.1.15 (Applebot/0.1; +http://www.apple.com/go/applebot)"
17.22.245.64 - - [04/Dec/2025:12:59:38 +0000] "GET /wp-content/plugins/ht-mega-for-elementor/assets/css/animation.css?ver=1.9.8 HTTP/1.1" 200 71292 "https://ondostate.gov.ng/index.php/category/news/" "Mozilla/5.0 (Macintosh; Intel Mac OS X 10_15_7) AppleWebKit/605.1.15 (KHTML, like Gecko) Version/17.4 Safari/605.1.15 (Applebot/0.1; +http://www.apple.com/go/applebot)"
17.22.237.32 - - [04/Dec/2025:12:59:39 +0000] "GET /wp-content/plugins/ht-mega-for-elementor/assets/css/htmega-keyframes.css?ver=1.9.8 HTTP/1.1" 200 4730 "https://ondostate.gov.ng/index.php/category/news/" "Mozilla/5.0 (Macintosh; Intel Mac OS X 10_15_7) AppleWebKit/605.1.15 (KHTML, like Gecko) Version/17.4 Safari/605.1.15 (Applebot/0.1; +http://www.apple.com/go/applebot)"
17.22.253.133 - - [04/Dec/2025:12:59:39 +0000] "GET /wp-content/plugins/elementor/assets/lib/eicons/css/elementor-icons.min.css?ver=5.18.0 HTTP/1.1" 200 19363 "https://ondostate.gov.ng/index.php/category/news/" "Mozilla/5.0 (Macintosh; Intel Mac OS X 10_15_7) AppleWebKit/605.1.15 (KHTML, like Gecko) Version/17.4 Safari/605.1.15 (Applebot/0.1; +http://www.apple.com/go/applebot)"
17.22.253.149 - - [04/Dec/2025:12:59:40 +0000] "GET /wp-content/plugins/elementor/assets/css/frontend-legacy.min.css?ver=3.11.1 HTTP/1.1" 200 9935 "https://ondostate.gov.ng/index.php/category/news/" "Mozilla/5.0 (Macintosh; Intel Mac OS X 10_15_7) AppleWebKit/605.1.15 (KHTML, like Gecko) Version/17.4 Safari/605.1.15 (Applebot/0.1; +http://www.apple.com/go/applebot)"
17.22.253.241 - - [04/Dec/2025:12:59:41 +0000] "GET /wp-content/plugins/elementor/assets/css/frontend.min.css?ver=3.11.1 HTTP/1.1" 200 136765 "https://ondostate.gov.ng/index.php/category/news/" "Mozilla/5.0 (Macintosh; Intel Mac OS X 10_15_7) AppleWebKit/605.1.15 (KHTML, like Gecko) Version/17.4 Safari/605.1.15 (Applebot/0.1; +http://www.apple.com/go/applebot)"
17.22.245.35 - - [04/Dec/2025:12:59:41 +0000] "GET /wp-content/plugins/elementor/assets/lib/swiper/css/swiper.min.css?ver=5.3.6 HTTP/1.1" 200 12876 "https://ondostate.gov.ng/index.php/category/news/" "Mozilla/5.0 (Macintosh; Intel Mac OS X 10_15_7) AppleWebKit/605.1.15 (KHTML, like Gecko) Version/17.4 Safari/605.1.15 (Applebot/0.1; +http://www.apple.com/go/applebot)"
17.22.245.64 - - [04/Dec/2025:12:59:41 +0000] "GET /wp-content/uploads/elementor/css/post-1643.css?ver=1723721498 HTTP/1.1" 200 1166 "https://ondostate.gov.ng/index.php/category/news/" "Mozilla/5.0 (Macintosh; Intel Mac OS X 10_15_7) AppleWebKit/605.1.15 (KHTML, like Gecko) Version/17.4 Safari/605.1.15 (Applebot/0.1; +http://www.apple.com/go/applebot)"
17.22.245.6 - - [04/Dec/2025:12:59:42 +0000] "GET /wp-content/plugins/elementor-pro-old/assets/css/frontend.min.css?ver=3.6.5 HTTP/1.1" 200 465365 "https://ondostate.gov.ng/index.php/category/news/" "Mozilla/5.0 (Macintosh; Intel Mac OS X 10_15_7) AppleWebKit/605.1.15 (KHTML, like Gecko) Version/17.4 Safari/605.1.15 (Applebot/0.1; +http://www.apple.com/go/applebot)"
17.22.253.133 - - [04/Dec/2025:12:59:42 +0000] "GET /wp-content/plugins/elementor/assets/lib/font-awesome/css/all.min.css?ver=5.1.7 HTTP/1.1" 200 59344 "https://ondostate.gov.ng/index.php/category/news/" "Mozilla/5.0 (Macintosh; Intel Mac OS X 10_15_7) AppleWebKit/605.1.15 (KHTML, like Gecko) Version/17.4 Safari/605.1.15 (Applebot/0.1; +http://www.apple.com/go/applebot)"
17.22.253.64 - - [04/Dec/2025:12:59:43 +0000] "GET /wp-content/plugins/elementor/assets/lib/font-awesome/css/v4-shims.min.css?ver=5.1.7 HTTP/1.1" 200 26702 "https://ondostate.gov.ng/index.php/category/news/" "Mozilla/5.0 (Macintosh; Intel Mac OS X 10_15_7) AppleWebKit/605.1.15 (KHTML, like Gecko) Version/17.4 Safari/605.1.15 (Applebot/0.1; +http://www.apple.com/go/applebot)"
17.22.253.241 - - [04/Dec/2025:12:59:43 +0000] "GET /wp-content/plugins/sticky-header-effects-for-elementor/assets/css/she-header-style.css?ver=1.5.5 HTTP/1.1" 200 4921 "https://ondostate.gov.ng/index.php/category/news/" "Mozilla/5.0 (Macintosh; Intel Mac OS X 10_15_7) AppleWebKit/605.1.15 (KHTML, like Gecko) Version/17.4 Safari/605.1.15 (Applebot/0.1; +http://www.apple.com/go/applebot)"
17.22.245.64 - - [04/Dec/2025:12:59:44 +0000] "GET /wp-content/uploads/elementor/css/global.css?ver=1723721499 HTTP/1.1" 200 55560 "https://ondostate.gov.ng/index.php/category/news/" "Mozilla/5.0 (Macintosh; Intel Mac OS X 10_15_7) AppleWebKit/605.1.15 (KHTML, like Gecko) Version/17.4 Safari/605.1.15 (Applebot/0.1; +http://www.apple.com/go/applebot)"
17.22.245.35 - - [04/Dec/2025:12:59:44 +0000] "GET /wp-content/uploads/elementor/css/post-543.css?ver=1740643773 HTTP/1.1" 200 8599 "https://ondostate.gov.ng/index.php/category/news/" "Mozilla/5.0 (Macintosh; Intel Mac OS X 10_15_7) AppleWebKit/605.1.15 (KHTML, like Gecko) Version/17.4 Safari/605.1.15 (Applebot/0.1; +http://www.apple.com/go/applebot)"
17.22.253.149 - - [04/Dec/2025:12:59:45 +0000] "GET /wp-content/uploads/elementor/css/post-183.css?ver=1746455116 HTTP/1.1" 200 13427 "https://ondostate.gov.ng/index.php/category/news/" "Mozilla/5.0 (Macintosh; Intel Mac OS X 10_15_7) AppleWebKit/605.1.15 (KHTML, like Gecko) Version/17.4 Safari/605.1.15 (Applebot/0.1; +http://www.apple.com/go/applebot)"
17.22.253.211 - - [04/Dec/2025:12:59:46 +0000] "GET /wp-content/plugins/elementor/assets/lib/font-awesome/css/fontawesome.min.css?ver=5.15.3 HTTP/1.1" 200 57912 "https://ondostate.gov.ng/index.php/category/news/" "Mozilla/5.0 (Macintosh; Intel Mac OS X 10_15_7) AppleWebKit/605.1.15 (KHTML, like Gecko) Version/17.4 Safari/605.1.15 (Applebot/0.1; +http://www.apple.com/go/applebot)"
17.22.245.132 - - [04/Dec/2025:12:59:46 +0000] "GET /wp-content/plugins/elementor/assets/lib/font-awesome/css/solid.min.css?ver=5.15.3 HTTP/1.1" 200 669 "https://ondostate.gov.ng/index.php/category/news/" "Mozilla/5.0 (Macintosh; Intel Mac OS X 10_15_7) AppleWebKit/605.1.15 (KHTML, like Gecko) Version/17.4 Safari/605.1.15 (Applebot/0.1; +http://www.apple.com/go/applebot)"
17.22.245.52 - - [04/Dec/2025:12:59:47 +0000] "GET /wp-content/plugins/elementor/assets/lib/font-awesome/css/brands.min.css?ver=5.15.3 HTTP/1.1" 200 675 "https://ondostate.gov.ng/index.php/category/news/" "Mozilla/5.0 (Macintosh; Intel Mac OS X 10_15_7) AppleWebKit/605.1.15 (KHTML, like Gecko) Version/17.4 Safari/605.1.15 (Applebot/0.1; +http://www.apple.com/go/applebot)"
17.22.253.241 - - [04/Dec/2025:12:59:47 +0000] "GET /wp-includes/js/jquery/jquery.min.js?ver=3.7.1 HTTP/1.1" 200 87553 "https://ondostate.gov.ng/index.php/category/news/" "Mozilla/5.0 (Macintosh; Intel Mac OS X 10_15_7) AppleWebKit/605.1.15 (KHTML, like Gecko) Version/17.4 Safari/605.1.15 (Applebot/0.1; +http://www.apple.com/go/applebot)"
176.9.123.221 - - [04/Dec/2025:12:59:47 +0000] "HEAD / HTTP/1.1" 200 0 "-" "Mozilla/5.0 (Windows NT 10.0; Win64; x64) AppleWebKit/537.36 (KHTML, like Gecko) Chrome/120.0.0.0 Safari/537.36"
17.22.237.68 - - [04/Dec/2025:12:59:48 +0000] "GET /wp-includes/js/jquery/jquery-migrate.min.js?ver=3.4.1 HTTP/1.1" 200 13577 "https://ondostate.gov.ng/index.php/category/news/" "Mozilla/5.0 (Macintosh; Intel Mac OS X 10_15_7) AppleWebKit/605.1.15 (KHTML, like Gecko) Version/17.4 Safari/605.1.15 (Applebot/0.1; +http://www.apple.com/go/applebot)"
17.22.253.133 - - [04/Dec/2025:12:59:48 +0000] "GET /wp-content/plugins/elementor/assets/lib/font-awesome/js/v4-shims.min.js?ver=5.1.7 HTTP/1.1" 200 15055 "https://ondostate.gov.ng/index.php/category/news/" "Mozilla/5.0 (Macintosh; Intel Mac OS X 10_15_7) AppleWebKit/605.1.15 (KHTML, like Gecko) Version/17.4 Safari/605.1.15 (Applebot/0.1; +http://www.apple.com/go/applebot)"
17.22.253.149 - - [04/Dec/2025:12:59:48 +0000] "GET /wp-content/plugins/sticky-header-effects-for-elementor/assets/js/she-header.js?ver=1.5.5 HTTP/1.1" 200 5615 "https://ondostate.gov.ng/index.php/category/news/" "Mozilla/5.0 (Macintosh; Intel Mac OS X 10_15_7) AppleWebKit/605.1.15 (KHTML, like Gecko) Version/17.4 Safari/605.1.15 (Applebot/0.1; +http://www.apple.com/go/applebot)"
17.22.253.110 - - [04/Dec/2025:12:59:49 +0000] "GET /wp-content/plugins/elementor/assets/lib/animations/animations.min.css?ver=3.11.1 HTTP/1.1" 200 18468 "https://ondostate.gov.ng/index.php/category/news/" "Mozilla/5.0 (Macintosh; Intel Mac OS X 10_15_7) AppleWebKit/605.1.15 (KHTML, like Gecko) Version/17.4 Safari/605.1.15 (Applebot/0.1; +http://www.apple.com/go/applebot)"
17.22.245.112 - - [04/Dec/2025:12:59:50 +0000] "GET /wp-content/themes/astra/assets/js/minified/style.min.js?ver=2.6.1 HTTP/1.1" 200 10594 "https://ondostate.gov.ng/index.php/category/news/" "Mozilla/5.0 (Macintosh; Intel Mac OS X 10_15_7) AppleWebKit/605.1.15 (KHTML, like Gecko) Version/17.4 Safari/605.1.15 (Applebot/0.1; +http://www.apple.com/go/applebot)"
17.22.237.218 - - [04/Dec/2025:12:59:51 +0000] "GET /wp-content/uploads/essential-addons-elementor/734e5f942.min.js?ver=1764852876 HTTP/1.1" 200 1058829 "https://ondostate.gov.ng/index.php/category/news/" "Mozilla/5.0 (Macintosh; Intel Mac OS X 10_15_7) AppleWebKit/605.1.15 (KHTML, like Gecko) Version/17.4 Safari/605.1.15 (Applebot/0.1; +http://www.apple.com/go/applebot)"
17.22.237.138 - - [04/Dec/2025:12:59:51 +0000] "GET /wp-content/plugins/ht-mega-for-elementor/assets/js/popper.min.js?ver=1.9.8 HTTP/1.1" 200 18994 "https://ondostate.gov.ng/index.php/category/news/" "Mozilla/5.0 (Macintosh; Intel Mac OS X 10_15_7) AppleWebKit/605.1.15 (KHTML, like Gecko) Version/17.4 Safari/605.1.15 (Applebot/0.1; +http://www.apple.com/go/applebot)"
17.22.253.133 - - [04/Dec/2025:12:59:51 +0000] "GET /wp-content/plugins/ht-mega-for-elementor/assets/js/htbbootstrap.js?ver=1.9.8 HTTP/1.1" 200 62890 "https://ondostate.gov.ng/index.php/category/news/" "Mozilla/5.0 (Macintosh; Intel Mac OS X 10_15_7) AppleWebKit/605.1.15 (KHTML, like Gecko) Version/17.4 Safari/605.1.15 (Applebot/0.1; +http://www.apple.com/go/applebot)"
17.22.237.113 - - [04/Dec/2025:12:59:52 +0000] "GET /wp-content/plugins/ht-mega-for-elementor/assets/js/waypoints.js?ver=1.9.8 HTTP/1.1" 200 9029 "https://ondostate.gov.ng/index.php/category/news/" "Mozilla/5.0 (Macintosh; Intel Mac OS X 10_15_7) AppleWebKit/605.1.15 (KHTML, like Gecko) Version/17.4 Safari/605.1.15 (Applebot/0.1; +http://www.apple.com/go/applebot)"
17.22.253.92 - - [04/Dec/2025:12:59:52 +0000] "GET /wp-content/plugins/elementor-pro-old/assets/lib/smartmenus/jquery.smartmenus.min.js?ver=1.0.1 HTTP/1.1" 200 25202 "https://ondostate.gov.ng/index.php/category/news/" "Mozilla/5.0 (Macintosh; Intel Mac OS X 10_15_7) AppleWebKit/605.1.15 (KHTML, like Gecko) Version/17.4 Safari/605.1.15 (Applebot/0.1; +http://www.apple.com/go/applebot)"
17.22.245.64 - - [04/Dec/2025:12:59:52 +0000] "GET /wp-content/plugins/elementor-pro-old/assets/js/webpack-pro.runtime.min.js?ver=3.6.5 HTTP/1.1" 200 5125 "https://ondostate.gov.ng/index.php/category/news/" "Mozilla/5.0 (Macintosh; Intel Mac OS X 10_15_7) AppleWebKit/605.1.15 (KHTML, like Gecko) Version/17.4 Safari/605.1.15 (Applebot/0.1; +http://www.apple.com/go/applebot)"
17.22.245.132 - - [04/Dec/2025:12:59:53 +0000] "GET /wp-content/plugins/elementor/assets/js/frontend-modules.min.js?ver=3.11.1 HTTP/1.1" 200 36460 "https://ondostate.gov.ng/index.php/category/news/" "Mozilla/5.0 (Macintosh; Intel Mac OS X 10_15_7) AppleWebKit/605.1.15 (KHTML, like Gecko) Version/17.4 Safari/605.1.15 (Applebot/0.1; +http://www.apple.com/go/applebot)"
17.22.253.133 - - [04/Dec/2025:12:59:53 +0000] "GET /wp-includes/js/dist/vendor/wp-polyfill-inert.min.js?ver=3.1.2 HTTP/1.1" 200 8171 "https://ondostate.gov.ng/index.php/category/news/" "Mozilla/5.0 (Macintosh; Intel Mac OS X 10_15_7) AppleWebKit/605.1.15 (KHTML, like Gecko) Version/17.4 Safari/605.1.15 (Applebot/0.1; +http://www.apple.com/go/applebot)"
17.22.253.133 - - [04/Dec/2025:12:59:54 +0000] "GET /wp-includes/js/dist/vendor/regenerator-runtime.min.js?ver=0.14.0 HTTP/1.1" 200 6625 "https://ondostate.gov.ng/index.php/category/news/" "Mozilla/5.0 (Macintosh; Intel Mac OS X 10_15_7) AppleWebKit/605.1.15 (KHTML, like Gecko) Version/17.4 Safari/605.1.15 (Applebot/0.1; +http://www.apple.com/go/applebot)"
17.22.237.113 - - [04/Dec/2025:12:59:54 +0000] "GET /wp-includes/js/dist/vendor/wp-polyfill.min.js?ver=3.15.0 HTTP/1.1" 200 115127 "https://ondostate.gov.ng/index.php/category/news/" "Mozilla/5.0 (Macintosh; Intel Mac OS X 10_15_7) AppleWebKit/605.1.15 (KHTML, like Gecko) Version/17.4 Safari/605.1.15 (Applebot/0.1; +http://www.apple.com/go/applebot)"
17.22.253.241 - - [04/Dec/2025:12:59:55 +0000] "GET /wp-includes/js/dist/hooks.min.js?ver=c6aec9a8d4e5a5d543a1 HTTP/1.1" 200 4627 "https://ondostate.gov.ng/index.php/category/news/" "Mozilla/5.0 (Macintosh; Intel Mac OS X 10_15_7) AppleWebKit/605.1.15 (KHTML, like Gecko) Version/17.4 Safari/605.1.15 (Applebot/0.1; +http://www.apple.com/go/applebot)"
17.22.245.112 - - [04/Dec/2025:12:59:55 +0000] "GET /wp-includes/js/dist/i18n.min.js?ver=7701b0c3857f914212ef HTTP/1.1" 200 9445 "https://ondostate.gov.ng/index.php/category/news/" "Mozilla/5.0 (Macintosh; Intel Mac OS X 10_15_7) AppleWebKit/605.1.15 (KHTML, like Gecko) Version/17.4 Safari/605.1.15 (Applebot/0.1; +http://www.apple.com/go/applebot)"
17.22.253.133 - - [04/Dec/2025:12:59:56 +0000] "GET /wp-content/plugins/elementor-pro-old/assets/js/frontend.min.js?ver=3.6.5 HTTP/1.1" 200 20713 "https://ondostate.gov.ng/index.php/category/news/" "Mozilla/5.0 (Macintosh; Intel Mac OS X 10_15_7) AppleWebKit/605.1.15 (KHTML, like Gecko) Version/17.4 Safari/605.1.15 (Applebot/0.1; +http://www.apple.com/go/applebot)"
52.167.144.160 - - [04/Dec/2025:12:59:56 +0000] "GET /index.php/procurement/ondostate.gov.ng HTTP/1.1" 301 5 "-" "Mozilla/5.0 AppleWebKit/537.36 (KHTML, like Gecko; compatible; bingbot/2.0; +http://www.bing.com/bingbot.htm) Chrome/116.0.1938.76 Safari/537.36"
17.22.237.84 - - [04/Dec/2025:12:59:57 +0000] "GET /wp-content/plugins/elementor/assets/js/webpack.runtime.min.js?ver=3.11.1 HTTP/1.1" 200 4958 "https://ondostate.gov.ng/index.php/category/news/" "Mozilla/5.0 (Macintosh; Intel Mac OS X 10_15_7) AppleWebKit/605.1.15 (KHTML, like Gecko) Version/17.4 Safari/605.1.15 (Applebot/0.1; +http://www.apple.com/go/applebot)"
17.22.253.26 - - [04/Dec/2025:12:59:57 +0000] "GET /wp-content/plugins/elementor/assets/lib/waypoints/waypoints.min.js?ver=4.0.2 HTTP/1.1" 200 12198 "https://ondostate.gov.ng/index.php/category/news/" "Mozilla/5.0 (Macintosh; Intel Mac OS X 10_15_7) AppleWebKit/605.1.15 (KHTML, like Gecko) Version/17.4 Safari/605.1.15 (Applebot/0.1; +http://www.apple.com/go/applebot)"
17.22.245.132 - - [04/Dec/2025:12:59:57 +0000] "GET /wp-includes/js/jquery/ui/core.min.js?ver=1.13.2 HTTP/1.1" 200 21438 "https://ondostate.gov.ng/index.php/category/news/" "Mozilla/5.0 (Macintosh; Intel Mac OS X 10_15_7) AppleWebKit/605.1.15 (KHTML, like Gecko) Version/17.4 Safari/605.1.15 (Applebot/0.1; +http://www.apple.com/go/applebot)"
17.22.253.241 - - [04/Dec/2025:12:59:58 +0000] "GET /wp-content/plugins/ht-mega-for-elementor/assets/js/swiper.min.js?ver=1.9.8 HTTP/1.1" 200 124645 "https://ondostate.gov.ng/index.php/category/news/" "Mozilla/5.0 (Macintosh; Intel Mac OS X 10_15_7) AppleWebKit/605.1.15 (KHTML, like Gecko) Version/17.4 Safari/605.1.15 (Applebot/0.1; +http://www.apple.com/go/applebot)"
17.22.253.50 - - [04/Dec/2025:12:59:59 +0000] "GET /wp-content/plugins/elementor/assets/lib/share-link/share-link.min.js?ver=3.11.1 HTTP/1.1" 200 2620 "https://ondostate.gov.ng/index.php/category/news/" "Mozilla/5.0 (Macintosh; Intel Mac OS X 10_15_7) AppleWebKit/605.1.15 (KHTML, like Gecko) Version/17.4 Safari/605.1.15 (Applebot/0.1; +http://www.apple.com/go/applebot)"
17.22.245.54 - - [04/Dec/2025:12:59:59 +0000] "GET /wp-content/plugins/elementor/assets/lib/dialog/dialog.min.js?ver=4.9.0 HTTP/1.1" 200 10749 "https://ondostate.gov.ng/index.php/category/news/" "Mozilla/5.0 (Macintosh; Intel Mac OS X 10_15_7) AppleWebKit/605.1.15 (KHTML, like Gecko) Version/17.4 Safari/605.1.15 (Applebot/0.1; +http://www.apple.com/go/applebot)"
17.22.237.218 - - [04/Dec/2025:13:00:00 +0000] "GET /wp-content/plugins/elementor/assets/js/preloaded-modules.min.js?ver=3.11.1 HTTP/1.1" 200 44785 "https://ondostate.gov.ng/index.php/category/news/" "Mozilla/5.0 (Macintosh; Intel Mac OS X 10_15_7) AppleWebKit/605.1.15 (KHTML, like Gecko) Version/17.4 Safari/605.1.15 (Applebot/0.1; +http://www.apple.com/go/applebot)"
162.120.188.117 - - [04/Dec/2025:13:00:01 +0000] "GET /index.php/2025/09/12/ondo-govt-approves-transfer-of-akure-hospital-to-futa-teaching-hospital-reviews-agriculture-infrastructure-policies/ HTTP/1.1" 200 144250 "https://www.google.com/" "Mozilla/5.0 (Windows NT 10.0; Win64; x64) AppleWebKit/537.36 (KHTML, like Gecko) Chrome/142.0.0.0 Safari/537.36"
17.22.253.143 - - [04/Dec/2025:13:00:01 +0000] "GET /wp-content/plugins/elementor-pro-old/assets/lib/sticky/jquery.sticky.min.js?ver=3.6.5 HTTP/1.1" 200 3236 "https://ondostate.gov.ng/index.php/category/news/" "Mozilla/5.0 (Macintosh; Intel Mac OS X 10_15_7) AppleWebKit/605.1.15 (KHTML, like Gecko) Version/17.4 Safari/605.1.15 (Applebot/0.1; +http://www.apple.com/go/applebot)"
17.22.245.132 - - [04/Dec/2025:13:00:05 +0000] "GET /wp-content/plugins/elementor/assets/js/frontend.min.js?ver=3.11.1 HTTP/1.1" 200 41883 "https://ondostate.gov.ng/index.php/category/news/" "Mozilla/5.0 (Macintosh; Intel Mac OS X 10_15_7) AppleWebKit/605.1.15 (KHTML, like Gecko) Version/17.4 Safari/605.1.15 (Applebot/0.1; +http://www.apple.com/go/applebot)"
17.22.237.113 - - [04/Dec/2025:13:00:05 +0000] "GET /wp-content/plugins/elementor-pro-old/assets/js/preloaded-elements-handlers.min.js?ver=3.6.5 HTTP/1.1" 200 132890 "https://ondostate.gov.ng/index.php/category/news/" "Mozilla/5.0 (Macintosh; Intel Mac OS X 10_15_7) AppleWebKit/605.1.15 (KHTML, like Gecko) Version/17.4 Safari/605.1.15 (Applebot/0.1; +http://www.apple.com/go/applebot)"
64.139.108.137 - - [04/Dec/2025:13:00:37 +0000] "GET / HTTP/1.1" 200 187064 "-" "Mozilla/5.0 (Macintosh; Intel Mac OS X 10_15_7) AppleWebKit/537.36 (KHTML, like Gecko) Chrome/124.0.0 Safari/537.36"
73.19.96.96 - - [04/Dec/2025:13:00:41 +0000] "GET / HTTP/1.1" 200 187075 "-" "Mozilla/5.0 (iPhone; CPU iPhone OS 18_0 like Mac OS X) AppleWebKit/605.1.15 (KHTML, like Gecko) Version/18.0 Mobile/15E148 Safari/604.1"
193.186.4.90 - - [04/Dec/2025:13:00:41 +0000] "GET /index.php/profile/ HTTP/1.1" 200 149137 "https://www.google.com/" "Mozilla/5.0 (Linux; Android 10; K) AppleWebKit/537.36 (KHTML, like Gecko) Chrome/142.0.0.0 Mobile Safari/537.36"
162.120.187.245 - - [04/Dec/2025:13:00:45 +0000] "GET /index.php/2025/06/27/gov-aiyedatiwa-inaugurates-olowo-as-chairman-ondo-state-council-of-obas/ HTTP/1.1" 200 146768 "https://www.google.com/" "Mozilla/5.0 (Windows NT 10.0; Win64; x64) AppleWebKit/537.36 (KHTML, like Gecko) Chrome/142.0.0.0 Safari/537.36"
73.19.96.96 - - [04/Dec/2025:13:00:47 +0000] "GET / HTTP/1.1" 200 187075 "-" "Mozilla/5.0 (iPhone; CPU iPhone OS 18_0 like Mac OS X) AppleWebKit/605.1.15 (KHTML, like Gecko) Version/18.0 Mobile/15E148 Safari/604.1"
129.222.206.69 - - [04/Dec/2025:13:00:47 +0000] "GET /wp-content/themes/astra/assets/css/minified/menu-animation.min.css?ver=2.6.1 HTTP/1.1" 200 3412 "https://ondostate.gov.ng/index.php/2025/06/27/gov-aiyedatiwa-inaugurates-olowo-as-chairman-ondo-state-council-of-obas/" "Mozilla/5.0 (Windows NT 10.0; Win64; x64) AppleWebKit/537.36 (KHTML, like Gecko) Chrome/142.0.0.0 Safari/537.36"
129.222.206.69 - - [04/Dec/2025:13:00:47 +0000] "GET /wp-content/themes/astra/assets/css/minified/style.min.css?ver=2.6.1 HTTP/1.1" 200 87561 "https://ondostate.gov.ng/index.php/2025/06/27/gov-aiyedatiwa-inaugurates-olowo-as-chairman-ondo-state-council-of-obas/" "Mozilla/5.0 (Windows NT 10.0; Win64; x64) AppleWebKit/537.36 (KHTML, like Gecko) Chrome/142.0.0.0 Safari/537.36"
129.222.206.69 - - [04/Dec/2025:13:00:48 +0000] "GET /wp-content/plugins/search-filter/style.css?ver=1 HTTP/1.1" 200 577 "https://ondostate.gov.ng/index.php/2025/06/27/gov-aiyedatiwa-inaugurates-olowo-as-chairman-ondo-state-council-of-obas/" "Mozilla/5.0 (Windows NT 10.0; Win64; x64) AppleWebKit/537.36 (KHTML, like Gecko) Chrome/142.0.0.0 Safari/537.36"
129.222.206.69 - - [04/Dec/2025:13:00:48 +0000] "GET /wp-includes/css/dist/block-library/style.min.css?ver=6.4.7 HTTP/1.1" 200 110147 "https://ondostate.gov.ng/index.php/2025/06/27/gov-aiyedatiwa-inaugurates-olowo-as-chairman-ondo-state-council-of-obas/" "Mozilla/5.0 (Windows NT 10.0; Win64; x64) AppleWebKit/537.36 (KHTML, like Gecko) Chrome/142.0.0.0 Safari/537.36"
129.222.206.69 - - [04/Dec/2025:13:00:48 +0000] "GET /wp-content/plugins/ht-mega-for-elementor/assets/css/htbbootstrap.css?ver=1.9.8 HTTP/1.1" 200 57778 "https://ondostate.gov.ng/index.php/2025/06/27/gov-aiyedatiwa-inaugurates-olowo-as-chairman-ondo-state-council-of-obas/" "Mozilla/5.0 (Windows NT 10.0; Win64; x64) AppleWebKit/537.36 (KHTML, like Gecko) Chrome/142.0.0.0 Safari/537.36"
129.222.206.69 - - [04/Dec/2025:13:00:49 +0000] "GET /wp-content/plugins/elementor/assets/lib/font-awesome/css/font-awesome.min.css?ver=4.7.0 HTTP/1.1" 200 30999 "https://ondostate.gov.ng/index.php/2025/06/27/gov-aiyedatiwa-inaugurates-olowo-as-chairman-ondo-state-council-of-obas/" "Mozilla/5.0 (Windows NT 10.0; Win64; x64) AppleWebKit/537.36 (KHTML, like Gecko) Chrome/142.0.0.0 Safari/537.36"
129.222.206.69 - - [04/Dec/2025:13:00:49 +0000] "GET /wp-content/plugins/ht-mega-for-elementor/assets/css/animation.css?ver=1.9.8 HTTP/1.1" 200 71292 "https://ondostate.gov.ng/index.php/2025/06/27/gov-aiyedatiwa-inaugurates-olowo-as-chairman-ondo-state-council-of-obas/" "Mozilla/5.0 (Windows NT 10.0; Win64; x64) AppleWebKit/537.36 (KHTML, like Gecko) Chrome/142.0.0.0 Safari/537.36"
129.222.206.69 - - [04/Dec/2025:13:00:49 +0000] "GET /wp-content/plugins/elementor/assets/css/frontend-legacy.min.css?ver=3.11.1 HTTP/1.1" 200 9935 "https://ondostate.gov.ng/index.php/2025/06/27/gov-aiyedatiwa-inaugurates-olowo-as-chairman-ondo-state-council-of-obas/" "Mozilla/5.0 (Windows NT 10.0; Win64; x64) AppleWebKit/537.36 (KHTML, like Gecko) Chrome/142.0.0.0 Safari/537.36"
129.222.206.69 - - [04/Dec/2025:13:00:49 +0000] "GET /wp-content/plugins/ht-mega-for-elementor/assets/css/htmega-keyframes.css?ver=1.9.8 HTTP/1.1" 200 4730 "https://ondostate.gov.ng/index.php/2025/06/27/gov-aiyedatiwa-inaugurates-olowo-as-chairman-ondo-state-council-of-obas/" "Mozilla/5.0 (Windows NT 10.0; Win64; x64) AppleWebKit/537.36 (KHTML, like Gecko) Chrome/142.0.0.0 Safari/537.36"
129.222.206.69 - - [04/Dec/2025:13:00:49 +0000] "GET /wp-content/plugins/elementor/assets/lib/eicons/css/elementor-icons.min.css?ver=5.18.0 HTTP/1.1" 200 19363 "https://ondostate.gov.ng/index.php/2025/06/27/gov-aiyedatiwa-inaugurates-olowo-as-chairman-ondo-state-council-of-obas/" "Mozilla/5.0 (Windows NT 10.0; Win64; x64) AppleWebKit/537.36 (KHTML, like Gecko) Chrome/142.0.0.0 Safari/537.36"
129.222.206.69 - - [04/Dec/2025:13:00:49 +0000] "GET /wp-content/plugins/elementor/assets/lib/swiper/css/swiper.min.css?ver=5.3.6 HTTP/1.1" 200 12876 "https://ondostate.gov.ng/index.php/2025/06/27/gov-aiyedatiwa-inaugurates-olowo-as-chairman-ondo-state-council-of-obas/" "Mozilla/5.0 (Windows NT 10.0; Win64; x64) AppleWebKit/537.36 (KHTML, like Gecko) Chrome/142.0.0.0 Safari/537.36"
129.222.206.69 - - [04/Dec/2025:13:00:49 +0000] "GET /wp-content/plugins/elementor/assets/css/frontend.min.css?ver=3.11.1 HTTP/1.1" 200 136765 "https://ondostate.gov.ng/index.php/2025/06/27/gov-aiyedatiwa-inaugurates-olowo-as-chairman-ondo-state-council-of-obas/" "Mozilla/5.0 (Windows NT 10.0; Win64; x64) AppleWebKit/537.36 (KHTML, like Gecko) Chrome/142.0.0.0 Safari/537.36"
129.222.206.69 - - [04/Dec/2025:13:00:49 +0000] "GET /wp-content/uploads/elementor/css/post-1643.css?ver=1723721498 HTTP/1.1" 200 1166 "https://ondostate.gov.ng/index.php/2025/06/27/gov-aiyedatiwa-inaugurates-olowo-as-chairman-ondo-state-council-of-obas/" "Mozilla/5.0 (Windows NT 10.0; Win64; x64) AppleWebKit/537.36 (KHTML, like Gecko) Chrome/142.0.0.0 Safari/537.36"
129.222.206.69 - - [04/Dec/2025:13:00:49 +0000] "GET /wp-content/plugins/elementor/assets/lib/font-awesome/css/all.min.css?ver=5.1.7 HTTP/1.1" 200 59344 "https://ondostate.gov.ng/index.php/2025/06/27/gov-aiyedatiwa-inaugurates-olowo-as-chairman-ondo-state-council-of-obas/" "Mozilla/5.0 (Windows NT 10.0; Win64; x64) AppleWebKit/537.36 (KHTML, like Gecko) Chrome/142.0.0.0 Safari/537.36"
129.222.206.69 - - [04/Dec/2025:13:00:50 +0000] "GET /wp-content/plugins/elementor/assets/lib/font-awesome/css/v4-shims.min.css?ver=5.1.7 HTTP/1.1" 200 26702 "https://ondostate.gov.ng/index.php/2025/06/27/gov-aiyedatiwa-inaugurates-olowo-as-chairman-ondo-state-council-of-obas/" "Mozilla/5.0 (Windows NT 10.0; Win64; x64) AppleWebKit/537.36 (KHTML, like Gecko) Chrome/142.0.0.0 Safari/537.36"
129.222.206.69 - - [04/Dec/2025:13:00:50 +0000] "GET /wp-content/plugins/sticky-header-effects-for-elementor/assets/css/she-header-style.css?ver=1.5.5 HTTP/1.1" 200 4921 "https://ondostate.gov.ng/index.php/2025/06/27/gov-aiyedatiwa-inaugurates-olowo-as-chairman-ondo-state-council-of-obas/" "Mozilla/5.0 (Windows NT 10.0; Win64; x64) AppleWebKit/537.36 (KHTML, like Gecko) Chrome/142.0.0.0 Safari/537.36"
129.222.206.69 - - [04/Dec/2025:13:00:50 +0000] "GET /wp-content/uploads/essential-addons-elementor/734e5f942.min.css?ver=1764853245 HTTP/1.1" 200 695452 "https://ondostate.gov.ng/index.php/2025/06/27/gov-aiyedatiwa-inaugurates-olowo-as-chairman-ondo-state-council-of-obas/" "Mozilla/5.0 (Windows NT 10.0; Win64; x64) AppleWebKit/537.36 (KHTML, like Gecko) Chrome/142.0.0.0 Safari/537.36"
129.222.206.69 - - [04/Dec/2025:13:00:50 +0000] "GET /wp-content/plugins/elementor-pro-old/assets/css/frontend.min.css?ver=3.6.5 HTTP/1.1" 200 465365 "https://ondostate.gov.ng/index.php/2025/06/27/gov-aiyedatiwa-inaugurates-olowo-as-chairman-ondo-state-council-of-obas/" "Mozilla/5.0 (Windows NT 10.0; Win64; x64) AppleWebKit/537.36 (KHTML, like Gecko) Chrome/142.0.0.0 Safari/537.36"
129.222.206.69 - - [04/Dec/2025:13:00:50 +0000] "GET /wp-content/uploads/elementor/css/global.css?ver=1723721499 HTTP/1.1" 200 55560 "https://ondostate.gov.ng/index.php/2025/06/27/gov-aiyedatiwa-inaugurates-olowo-as-chairman-ondo-state-council-of-obas/" "Mozilla/5.0 (Windows NT 10.0; Win64; x64) AppleWebKit/537.36 (KHTML, like Gecko) Chrome/142.0.0.0 Safari/537.36"
129.222.206.69 - - [04/Dec/2025:13:00:50 +0000] "GET /wp-content/uploads/elementor/css/post-543.css?ver=1740643773 HTTP/1.1" 200 8599 "https://ondostate.gov.ng/index.php/2025/06/27/gov-aiyedatiwa-inaugurates-olowo-as-chairman-ondo-state-council-of-obas/" "Mozilla/5.0 (Windows NT 10.0; Win64; x64) AppleWebKit/537.36 (KHTML, like Gecko) Chrome/142.0.0.0 Safari/537.36"
129.222.206.69 - - [04/Dec/2025:13:00:51 +0000] "GET /wp-content/uploads/elementor/css/post-183.css?ver=1746455116 HTTP/1.1" 200 13427 "https://ondostate.gov.ng/index.php/2025/06/27/gov-aiyedatiwa-inaugurates-olowo-as-chairman-ondo-state-council-of-obas/" "Mozilla/5.0 (Windows NT 10.0; Win64; x64) AppleWebKit/537.36 (KHTML, like Gecko) Chrome/142.0.0.0 Safari/537.36"
129.222.206.69 - - [04/Dec/2025:13:00:51 +0000] "GET /wp-content/plugins/elementor/assets/lib/font-awesome/css/fontawesome.min.css?ver=5.15.3 HTTP/1.1" 200 57912 "https://ondostate.gov.ng/index.php/2025/06/27/gov-aiyedatiwa-inaugurates-olowo-as-chairman-ondo-state-council-of-obas/" "Mozilla/5.0 (Windows NT 10.0; Win64; x64) AppleWebKit/537.36 (KHTML, like Gecko) Chrome/142.0.0.0 Safari/537.36"
129.222.206.69 - - [04/Dec/2025:13:00:51 +0000] "GET /wp-content/plugins/elementor/assets/lib/font-awesome/css/solid.min.css?ver=5.15.3 HTTP/1.1" 200 669 "https://ondostate.gov.ng/index.php/2025/06/27/gov-aiyedatiwa-inaugurates-olowo-as-chairman-ondo-state-council-of-obas/" "Mozilla/5.0 (Windows NT 10.0; Win64; x64) AppleWebKit/537.36 (KHTML, like Gecko) Chrome/142.0.0.0 Safari/537.36"
129.222.206.69 - - [04/Dec/2025:13:00:51 +0000] "GET /wp-content/plugins/elementor/assets/lib/font-awesome/css/brands.min.css?ver=5.15.3 HTTP/1.1" 200 675 "https://ondostate.gov.ng/index.php/2025/06/27/gov-aiyedatiwa-inaugurates-olowo-as-chairman-ondo-state-council-of-obas/" "Mozilla/5.0 (Windows NT 10.0; Win64; x64) AppleWebKit/537.36 (KHTML, like Gecko) Chrome/142.0.0.0 Safari/537.36"
195.172.118.210 - - [04/Dec/2025:13:00:51 +0000] "GET / HTTP/1.1" 200 187056 "-" "Mozilla/5.0 (Macintosh; Intel Mac OS X 10_15_7) AppleWebKit/537.36 (KHTML, like Gecko) Chrome/139.0.0.0 Safari/537.36"
129.222.206.69 - - [04/Dec/2025:13:00:51 +0000] "GET /wp-includes/js/jquery/jquery.min.js?ver=3.7.1 HTTP/1.1" 200 87553 "https://ondostate.gov.ng/index.php/2025/06/27/gov-aiyedatiwa-inaugurates-olowo-as-chairman-ondo-state-council-of-obas/" "Mozilla/5.0 (Windows NT 10.0; Win64; x64) AppleWebKit/537.36 (KHTML, like Gecko) Chrome/142.0.0.0 Safari/537.36"
129.222.206.69 - - [04/Dec/2025:13:00:51 +0000] "GET /wp-includes/js/jquery/jquery-migrate.min.js?ver=3.4.1 HTTP/1.1" 200 13577 "https://ondostate.gov.ng/index.php/2025/06/27/gov-aiyedatiwa-inaugurates-olowo-as-chairman-ondo-state-council-of-obas/" "Mozilla/5.0 (Windows NT 10.0; Win64; x64) AppleWebKit/537.36 (KHTML, like Gecko) Chrome/142.0.0.0 Safari/537.36"
129.222.206.69 - - [04/Dec/2025:13:00:51 +0000] "GET /wp-content/plugins/elementor/assets/lib/font-awesome/js/v4-shims.min.js?ver=5.1.7 HTTP/1.1" 200 15055 "https://ondostate.gov.ng/index.php/2025/06/27/gov-aiyedatiwa-inaugurates-olowo-as-chairman-ondo-state-council-of-obas/" "Mozilla/5.0 (Windows NT 10.0; Win64; x64) AppleWebKit/537.36 (KHTML, like Gecko) Chrome/142.0.0.0 Safari/537.36"
129.222.206.69 - - [04/Dec/2025:13:00:51 +0000] "GET /wp-content/plugins/sticky-header-effects-for-elementor/assets/js/she-header.js?ver=1.5.5 HTTP/1.1" 200 5615 "https://ondostate.gov.ng/index.php/2025/06/27/gov-aiyedatiwa-inaugurates-olowo-as-chairman-ondo-state-council-of-obas/" "Mozilla/5.0 (Windows NT 10.0; Win64; x64) AppleWebKit/537.36 (KHTML, like Gecko) Chrome/142.0.0.0 Safari/537.36"
195.172.118.210 - - [04/Dec/2025:13:00:51 +0000] "GET /wp-content/themes/astra/assets/css/minified/style.min.css?ver=2.6.1 HTTP/1.1" 200 87561 "https://ondostate.gov.ng/" "Mozilla/5.0 (Macintosh; Intel Mac OS X 10_15_7) AppleWebKit/537.36 (KHTML, like Gecko) Chrome/139.0.0.0 Safari/537.36"
195.172.118.210 - - [04/Dec/2025:13:00:51 +0000] "GET /wp-content/themes/astra/assets/css/minified/menu-animation.min.css?ver=2.6.1 HTTP/1.1" 200 3412 "https://ondostate.gov.ng/" "Mozilla/5.0 (Macintosh; Intel Mac OS X 10_15_7) AppleWebKit/537.36 (KHTML, like Gecko) Chrome/139.0.0.0 Safari/537.36"
195.172.118.210 - - [04/Dec/2025:13:00:51 +0000] "GET /wp-content/plugins/search-filter/style.css?ver=1 HTTP/1.1" 200 577 "https://ondostate.gov.ng/" "Mozilla/5.0 (Macintosh; Intel Mac OS X 10_15_7) AppleWebKit/537.36 (KHTML, like Gecko) Chrome/139.0.0.0 Safari/537.36"
195.172.118.210 - - [04/Dec/2025:13:00:51 +0000] "GET /wp-content/plugins/ht-mega-for-elementor/assets/css/htbbootstrap.css?ver=1.9.8 HTTP/1.1" 200 57778 "https://ondostate.gov.ng/" "Mozilla/5.0 (Macintosh; Intel Mac OS X 10_15_7) AppleWebKit/537.36 (KHTML, like Gecko) Chrome/139.0.0.0 Safari/537.36"
195.172.118.210 - - [04/Dec/2025:13:00:51 +0000] "GET /wp-content/plugins/elementor/assets/lib/font-awesome/css/font-awesome.min.css?ver=4.7.0 HTTP/1.1" 200 30999 "https://ondostate.gov.ng/" "Mozilla/5.0 (Macintosh; Intel Mac OS X 10_15_7) AppleWebKit/537.36 (KHTML, like Gecko) Chrome/139.0.0.0 Safari/537.36"
195.172.118.210 - - [04/Dec/2025:13:00:51 +0000] "GET /wp-includes/css/dist/block-library/style.min.css?ver=6.4.7 HTTP/1.1" 200 110147 "https://ondostate.gov.ng/" "Mozilla/5.0 (Macintosh; Intel Mac OS X 10_15_7) AppleWebKit/537.36 (KHTML, like Gecko) Chrome/139.0.0.0 Safari/537.36"
195.172.118.210 - - [04/Dec/2025:13:00:52 +0000] "GET /wp-content/plugins/ht-mega-for-elementor/assets/css/htmega-keyframes.css?ver=1.9.8 HTTP/1.1" 200 4730 "https://ondostate.gov.ng/" "Mozilla/5.0 (Macintosh; Intel Mac OS X 10_15_7) AppleWebKit/537.36 (KHTML, like Gecko) Chrome/139.0.0.0 Safari/537.36"
195.172.118.210 - - [04/Dec/2025:13:00:52 +0000] "GET /wp-content/plugins/ht-mega-for-elementor/assets/css/animation.css?ver=1.9.8 HTTP/1.1" 200 71292 "https://ondostate.gov.ng/" "Mozilla/5.0 (Macintosh; Intel Mac OS X 10_15_7) AppleWebKit/537.36 (KHTML, like Gecko) Chrome/139.0.0.0 Safari/537.36"
195.172.118.210 - - [04/Dec/2025:13:00:52 +0000] "GET /wp-content/plugins/elementor/assets/lib/eicons/css/elementor-icons.min.css?ver=5.18.0 HTTP/1.1" 200 19363 "https://ondostate.gov.ng/" "Mozilla/5.0 (Macintosh; Intel Mac OS X 10_15_7) AppleWebKit/537.36 (KHTML, like Gecko) Chrome/139.0.0.0 Safari/537.36"
195.172.118.210 - - [04/Dec/2025:13:00:52 +0000] "GET /wp-content/plugins/elementor/assets/css/frontend-legacy.min.css?ver=3.11.1 HTTP/1.1" 200 9935 "https://ondostate.gov.ng/" "Mozilla/5.0 (Macintosh; Intel Mac OS X 10_15_7) AppleWebKit/537.36 (KHTML, like Gecko) Chrome/139.0.0.0 Safari/537.36"
195.172.118.210 - - [04/Dec/2025:13:00:52 +0000] "GET /wp-content/plugins/elementor/assets/css/frontend.min.css?ver=3.11.1 HTTP/1.1" 200 136765 "https://ondostate.gov.ng/" "Mozilla/5.0 (Macintosh; Intel Mac OS X 10_15_7) AppleWebKit/537.36 (KHTML, like Gecko) Chrome/139.0.0.0 Safari/537.36"
195.172.118.210 - - [04/Dec/2025:13:00:52 +0000] "GET /wp-content/plugins/elementor/assets/lib/swiper/css/swiper.min.css?ver=5.3.6 HTTP/1.1" 200 12876 "https://ondostate.gov.ng/" "Mozilla/5.0 (Macintosh; Intel Mac OS X 10_15_7) AppleWebKit/537.36 (KHTML, like Gecko) Chrome/139.0.0.0 Safari/537.36"
129.222.206.69 - - [04/Dec/2025:13:00:52 +0000] "GET /wp-content/uploads/2025/06/WhatsApp-Image-2025-06-27-at-10.16.35-AM-1-1024x731.jpeg HTTP/1.1" 200 160307 "https://ondostate.gov.ng/index.php/2025/06/27/gov-aiyedatiwa-inaugurates-olowo-as-chairman-ondo-state-council-of-obas/" "Mozilla/5.0 (Windows NT 10.0; Win64; x64) AppleWebKit/537.36 (KHTML, like Gecko) Chrome/142.0.0.0 Safari/537.36"
129.222.206.69 - - [04/Dec/2025:13:00:52 +0000] "GET /wp-content/uploads/2025/06/WhatsApp-Image-2025-06-27-at-10.16.35-AM-1024x731.jpeg HTTP/1.1" 200 215634 "https://ondostate.gov.ng/index.php/2025/06/27/gov-aiyedatiwa-inaugurates-olowo-as-chairman-ondo-state-council-of-obas/" "Mozilla/5.0 (Windows NT 10.0; Win64; x64) AppleWebKit/537.36 (KHTML, like Gecko) Chrome/142.0.0.0 Safari/537.36"
195.172.118.210 - - [04/Dec/2025:13:00:52 +0000] "GET /wp-content/uploads/elementor/css/post-1643.css?ver=1723721498 HTTP/1.1" 200 1166 "https://ondostate.gov.ng/" "Mozilla/5.0 (Macintosh; Intel Mac OS X 10_15_7) AppleWebKit/537.36 (KHTML, like Gecko) Chrome/139.0.0.0 Safari/537.36"
195.172.118.210 - - [04/Dec/2025:13:00:52 +0000] "GET /wp-content/plugins/elementor/assets/lib/font-awesome/css/all.min.css?ver=5.1.7 HTTP/1.1" 200 59344 "https://ondostate.gov.ng/" "Mozilla/5.0 (Macintosh; Intel Mac OS X 10_15_7) AppleWebKit/537.36 (KHTML, like Gecko) Chrome/139.0.0.0 Safari/537.36"
195.172.118.210 - - [04/Dec/2025:13:00:52 +0000] "GET /wp-content/plugins/elementor/assets/lib/font-awesome/css/v4-shims.min.css?ver=5.1.7 HTTP/1.1" 200 26702 "https://ondostate.gov.ng/" "Mozilla/5.0 (Macintosh; Intel Mac OS X 10_15_7) AppleWebKit/537.36 (KHTML, like Gecko) Chrome/139.0.0.0 Safari/537.36"
195.172.118.210 - - [04/Dec/2025:13:00:52 +0000] "GET /wp-content/plugins/sticky-header-effects-for-elementor/assets/css/she-header-style.css?ver=1.5.5 HTTP/1.1" 200 4921 "https://ondostate.gov.ng/" "Mozilla/5.0 (Macintosh; Intel Mac OS X 10_15_7) AppleWebKit/537.36 (KHTML, like Gecko) Chrome/139.0.0.0 Safari/537.36"
195.172.118.210 - - [04/Dec/2025:13:00:52 +0000] "GET /wp-content/uploads/elementor/css/global.css?ver=1723721499 HTTP/1.1" 200 55560 "https://ondostate.gov.ng/" "Mozilla/5.0 (Macintosh; Intel Mac OS X 10_15_7) AppleWebKit/537.36 (KHTML, like Gecko) Chrome/139.0.0.0 Safari/537.36"
195.172.118.210 - - [04/Dec/2025:13:00:52 +0000] "GET /wp-content/uploads/elementor/css/post-15216.css?ver=1760544510 HTTP/1.1" 200 56600 "https://ondostate.gov.ng/" "Mozilla/5.0 (Macintosh; Intel Mac OS X 10_15_7) AppleWebKit/537.36 (KHTML, like Gecko) Chrome/139.0.0.0 Safari/537.36"
195.172.118.210 - - [04/Dec/2025:13:00:52 +0000] "GET /wp-content/uploads/elementor/css/post-543.css?ver=1740643773 HTTP/1.1" 200 8599 "https://ondostate.gov.ng/" "Mozilla/5.0 (Macintosh; Intel Mac OS X 10_15_7) AppleWebKit/537.36 (KHTML, like Gecko) Chrome/139.0.0.0 Safari/537.36"
195.172.118.210 - - [04/Dec/2025:13:00:52 +0000] "GET /wp-content/uploads/elementor/css/post-183.css?ver=1746455116 HTTP/1.1" 200 13427 "https://ondostate.gov.ng/" "Mozilla/5.0 (Macintosh; Intel Mac OS X 10_15_7) AppleWebKit/537.36 (KHTML, like Gecko) Chrome/139.0.0.0 Safari/537.36"
195.172.118.210 - - [04/Dec/2025:13:00:52 +0000] "GET /wp-content/plugins/elementor/assets/lib/font-awesome/css/fontawesome.min.css?ver=5.15.3 HTTP/1.1" 200 57912 "https://ondostate.gov.ng/" "Mozilla/5.0 (Macintosh; Intel Mac OS X 10_15_7) AppleWebKit/537.36 (KHTML, like Gecko) Chrome/139.0.0.0 Safari/537.36"
195.172.118.210 - - [04/Dec/2025:13:00:52 +0000] "GET /wp-content/plugins/elementor/assets/lib/font-awesome/css/solid.min.css?ver=5.15.3 HTTP/1.1" 200 669 "https://ondostate.gov.ng/" "Mozilla/5.0 (Macintosh; Intel Mac OS X 10_15_7) AppleWebKit/537.36 (KHTML, like Gecko) Chrome/139.0.0.0 Safari/537.36"
195.172.118.210 - - [04/Dec/2025:13:00:52 +0000] "GET /wp-content/plugins/elementor-pro-old/assets/css/frontend.min.css?ver=3.6.5 HTTP/1.1" 200 465365 "https://ondostate.gov.ng/" "Mozilla/5.0 (Macintosh; Intel Mac OS X 10_15_7) AppleWebKit/537.36 (KHTML, like Gecko) Chrome/139.0.0.0 Safari/537.36"
195.172.118.210 - - [04/Dec/2025:13:00:52 +0000] "GET /wp-content/plugins/elementor/assets/lib/font-awesome/css/regular.min.css?ver=5.15.3 HTTP/1.1" 200 677 "https://ondostate.gov.ng/" "Mozilla/5.0 (Macintosh; Intel Mac OS X 10_15_7) AppleWebKit/537.36 (KHTML, like Gecko) Chrome/139.0.0.0 Safari/537.36"
195.172.118.210 - - [04/Dec/2025:13:00:52 +0000] "GET /wp-content/plugins/elementor/assets/lib/font-awesome/css/brands.min.css?ver=5.15.3 HTTP/1.1" 200 675 "https://ondostate.gov.ng/" "Mozilla/5.0 (Macintosh; Intel Mac OS X 10_15_7) AppleWebKit/537.36 (KHTML, like Gecko) Chrome/139.0.0.0 Safari/537.36"
195.172.118.210 - - [04/Dec/2025:13:00:52 +0000] "GET /wp-includes/js/jquery/jquery.min.js?ver=3.7.1 HTTP/1.1" 200 87553 "https://ondostate.gov.ng/" "Mozilla/5.0 (Macintosh; Intel Mac OS X 10_15_7) AppleWebKit/537.36 (KHTML, like Gecko) Chrome/139.0.0.0 Safari/537.36"
195.172.118.210 - - [04/Dec/2025:13:00:52 +0000] "GET /wp-includes/js/jquery/jquery-migrate.min.js?ver=3.4.1 HTTP/1.1" 200 13577 "https://ondostate.gov.ng/" "Mozilla/5.0 (Macintosh; Intel Mac OS X 10_15_7) AppleWebKit/537.36 (KHTML, like Gecko) Chrome/139.0.0.0 Safari/537.36"
195.172.118.210 - - [04/Dec/2025:13:00:52 +0000] "GET /wp-content/plugins/elementor/assets/lib/font-awesome/js/v4-shims.min.js?ver=5.1.7 HTTP/1.1" 200 15055 "https://ondostate.gov.ng/" "Mozilla/5.0 (Macintosh; Intel Mac OS X 10_15_7) AppleWebKit/537.36 (KHTML, like Gecko) Chrome/139.0.0.0 Safari/537.36"
195.172.118.210 - - [04/Dec/2025:13:00:52 +0000] "GET /wp-content/plugins/sticky-header-effects-for-elementor/assets/js/she-header.js?ver=1.5.5 HTTP/1.1" 200 5615 "https://ondostate.gov.ng/" "Mozilla/5.0 (Macintosh; Intel Mac OS X 10_15_7) AppleWebKit/537.36 (KHTML, like Gecko) Chrome/139.0.0.0 Safari/537.36"
195.172.118.210 - - [04/Dec/2025:13:00:52 +0000] "GET /wp-content/uploads/2025/12/WhatsApp-Image-2025-12-01-at-11.03.46-AM-300x200.jpeg HTTP/1.1" 200 12388 "https://ondostate.gov.ng/" "Mozilla/5.0 (Macintosh; Intel Mac OS X 10_15_7) AppleWebKit/537.36 (KHTML, like Gecko) Chrome/139.0.0.0 Safari/537.36"
195.172.118.210 - - [04/Dec/2025:13:00:52 +0000] "GET /wp-content/uploads/2025/12/WhatsApp-Image-2025-12-01-at-10.56.00-AM-1-300x214.jpeg HTTP/1.1" 200 19590 "https://ondostate.gov.ng/" "Mozilla/5.0 (Macintosh; Intel Mac OS X 10_15_7) AppleWebKit/537.36 (KHTML, like Gecko) Chrome/139.0.0.0 Safari/537.36"
195.172.118.210 - - [04/Dec/2025:13:00:52 +0000] "GET /wp-content/uploads/2025/10/gov222.jpeg HTTP/1.1" 200 134128 "https://ondostate.gov.ng/" "Mozilla/5.0 (Macintosh; Intel Mac OS X 10_15_7) AppleWebKit/537.36 (KHTML, like Gecko) Chrome/139.0.0.0 Safari/537.36"
129.222.206.69 - - [04/Dec/2025:13:00:52 +0000] "GET /wp-content/uploads/2024/05/soga-300x200.jpg HTTP/1.1" 200 16855 "https://ondostate.gov.ng/index.php/2025/06/27/gov-aiyedatiwa-inaugurates-olowo-as-chairman-ondo-state-council-of-obas/" "Mozilla/5.0 (Windows NT 10.0; Win64; x64) AppleWebKit/537.36 (KHTML, like Gecko) Chrome/142.0.0.0 Safari/537.36"
195.172.118.210 - - [04/Dec/2025:13:00:52 +0000] "GET /wp-content/plugins/elementor/assets/lib/e-gallery/css/e-gallery.min.css?ver=1.2.0 HTTP/1.1" 200 3303 "https://ondostate.gov.ng/" "Mozilla/5.0 (Macintosh; Intel Mac OS X 10_15_7) AppleWebKit/537.36 (KHTML, like Gecko) Chrome/139.0.0.0 Safari/537.36"
195.172.118.210 - - [04/Dec/2025:13:00:52 +0000] "GET /wp-content/themes/astra/assets/js/minified/style.min.js?ver=2.6.1 HTTP/1.1" 200 10594 "https://ondostate.gov.ng/" "Mozilla/5.0 (Macintosh; Intel Mac OS X 10_15_7) AppleWebKit/537.36 (KHTML, like Gecko) Chrome/139.0.0.0 Safari/537.36"
195.172.118.210 - - [04/Dec/2025:13:00:52 +0000] "GET /wp-content/plugins/ht-mega-for-elementor/assets/js/popper.min.js?ver=1.9.8 HTTP/1.1" 200 18994 "https://ondostate.gov.ng/" "Mozilla/5.0 (Macintosh; Intel Mac OS X 10_15_7) AppleWebKit/537.36 (KHTML, like Gecko) Chrome/139.0.0.0 Safari/537.36"
195.172.118.210 - - [04/Dec/2025:13:00:52 +0000] "GET /wp-content/plugins/elementor/assets/lib/animations/animations.min.css?ver=3.11.1 HTTP/1.1" 200 18468 "https://ondostate.gov.ng/" "Mozilla/5.0 (Macintosh; Intel Mac OS X 10_15_7) AppleWebKit/537.36 (KHTML, like Gecko) Chrome/139.0.0.0 Safari/537.36"
195.172.118.210 - - [04/Dec/2025:13:00:52 +0000] "GET /wp-content/plugins/ht-mega-for-elementor/assets/js/htbbootstrap.js?ver=1.9.8 HTTP/1.1" 200 62890 "https://ondostate.gov.ng/" "Mozilla/5.0 (Macintosh; Intel Mac OS X 10_15_7) AppleWebKit/537.36 (KHTML, like Gecko) Chrome/139.0.0.0 Safari/537.36"
195.172.118.210 - - [04/Dec/2025:13:00:52 +0000] "GET /wp-content/plugins/elementor/assets/lib/font-awesome/webfonts/fa-solid-900.woff2 HTTP/1.1" 200 78196 "https://ondostate.gov.ng/wp-content/plugins/elementor/assets/lib/font-awesome/css/all.min.css?ver=5.1.7" "Mozilla/5.0 (Macintosh; Intel Mac OS X 10_15_7) AppleWebKit/537.36 (KHTML, like Gecko) Chrome/139.0.0.0 Safari/537.36"
195.172.118.210 - - [04/Dec/2025:13:00:52 +0000] "GET /wp-content/plugins/elementor/assets/lib/font-awesome/webfonts/fa-regular-400.woff2 HTTP/1.1" 200 13276 "https://ondostate.gov.ng/wp-content/plugins/elementor/assets/lib/font-awesome/css/all.min.css?ver=5.1.7" "Mozilla/5.0 (Macintosh; Intel Mac OS X 10_15_7) AppleWebKit/537.36 (KHTML, like Gecko) Chrome/139.0.0.0 Safari/537.36"
129.222.206.69 - - [04/Dec/2025:13:00:52 +0000] "GET /wp-content/uploads/2024/05/003-300x198.jpg HTTP/1.1" 200 20927 "https://ondostate.gov.ng/index.php/2025/06/27/gov-aiyedatiwa-inaugurates-olowo-as-chairman-ondo-state-council-of-obas/" "Mozilla/5.0 (Windows NT 10.0; Win64; x64) AppleWebKit/537.36 (KHTML, like Gecko) Chrome/142.0.0.0 Safari/537.36"
195.172.118.210 - - [04/Dec/2025:13:00:52 +0000] "GET /wp-content/plugins/elementor/assets/lib/font-awesome/webfonts/fa-brands-400.woff2 HTTP/1.1" 200 76764 "https://ondostate.gov.ng/wp-content/plugins/elementor/assets/lib/font-awesome/css/all.min.css?ver=5.1.7" "Mozilla/5.0 (Macintosh; Intel Mac OS X 10_15_7) AppleWebKit/537.36 (KHTML, like Gecko) Chrome/139.0.0.0 Safari/537.36"
129.222.206.69 - - [04/Dec/2025:13:00:52 +0000] "GET /wp-content/uploads/2024/05/bus-300x225.jpg HTTP/1.1" 200 20442 "https://ondostate.gov.ng/index.php/2025/06/27/gov-aiyedatiwa-inaugurates-olowo-as-chairman-ondo-state-council-of-obas/" "Mozilla/5.0 (Windows NT 10.0; Win64; x64) AppleWebKit/537.36 (KHTML, like Gecko) Chrome/142.0.0.0 Safari/537.36"
129.222.206.69 - - [04/Dec/2025:13:00:52 +0000] "GET /wp-content/plugins/elementor/assets/lib/animations/animations.min.css?ver=3.11.1 HTTP/1.1" 200 18468 "https://ondostate.gov.ng/index.php/2025/06/27/gov-aiyedatiwa-inaugurates-olowo-as-chairman-ondo-state-council-of-obas/" "Mozilla/5.0 (Windows NT 10.0; Win64; x64) AppleWebKit/537.36 (KHTML, like Gecko) Chrome/142.0.0.0 Safari/537.36"
129.222.206.69 - - [04/Dec/2025:13:00:52 +0000] "GET /wp-content/themes/astra/assets/js/minified/style.min.js?ver=2.6.1 HTTP/1.1" 200 10594 "https://ondostate.gov.ng/index.php/2025/06/27/gov-aiyedatiwa-inaugurates-olowo-as-chairman-ondo-state-council-of-obas/" "Mozilla/5.0 (Windows NT 10.0; Win64; x64) AppleWebKit/537.36 (KHTML, like Gecko) Chrome/142.0.0.0 Safari/537.36"
195.172.118.210 - - [04/Dec/2025:13:00:52 +0000] "GET /wp-content/uploads/2025/06/WhatsApp-Image-2025-06-13-at-10.25.04-AM.jpeg HTTP/1.1" 200 378058 "https://ondostate.gov.ng/wp-content/uploads/elementor/css/post-15216.css?ver=1760544510" "Mozilla/5.0 (Macintosh; Intel Mac OS X 10_15_7) AppleWebKit/537.36 (KHTML, like Gecko) Chrome/139.0.0.0 Safari/537.36"
195.172.118.210 - - [04/Dec/2025:13:00:52 +0000] "GET /wp-content/uploads/2020/11/cropped-logo-3.png HTTP/1.1" 200 7875 "https://ondostate.gov.ng/" "Mozilla/5.0 (Macintosh; Intel Mac OS X 10_15_7) AppleWebKit/537.36 (KHTML, like Gecko) Chrome/139.0.0.0 Safari/537.36"
195.172.118.210 - - [04/Dec/2025:13:00:52 +0000] "GET /wp-content/plugins/ht-mega-for-elementor/assets/js/waypoints.js?ver=1.9.8 HTTP/1.1" 200 9029 "https://ondostate.gov.ng/" "Mozilla/5.0 (Macintosh; Intel Mac OS X 10_15_7) AppleWebKit/537.36 (KHTML, like Gecko) Chrome/139.0.0.0 Safari/537.36"
195.172.118.210 - - [04/Dec/2025:13:00:52 +0000] "GET /wp-includes/js/imagesloaded.min.js?ver=5.0.0 HTTP/1.1" 200 5520 "https://ondostate.gov.ng/" "Mozilla/5.0 (Macintosh; Intel Mac OS X 10_15_7) AppleWebKit/537.36 (KHTML, like Gecko) Chrome/139.0.0.0 Safari/537.36"
195.172.118.210 - - [04/Dec/2025:13:00:52 +0000] "GET /wp-content/plugins/elementor-pro-old/assets/lib/smartmenus/jquery.smartmenus.min.js?ver=1.0.1 HTTP/1.1" 200 25202 "https://ondostate.gov.ng/" "Mozilla/5.0 (Macintosh; Intel Mac OS X 10_15_7) AppleWebKit/537.36 (KHTML, like Gecko) Chrome/139.0.0.0 Safari/537.36"
195.172.118.210 - - [04/Dec/2025:13:00:52 +0000] "GET /wp-content/plugins/elementor/assets/lib/jquery-numerator/jquery-numerator.min.js?ver=0.2.1 HTTP/1.1" 200 1801 "https://ondostate.gov.ng/" "Mozilla/5.0 (Macintosh; Intel Mac OS X 10_15_7) AppleWebKit/537.36 (KHTML, like Gecko) Chrome/139.0.0.0 Safari/537.36"
129.222.206.69 - - [04/Dec/2025:13:00:52 +0000] "GET /wp-content/plugins/elementor/assets/lib/font-awesome/webfonts/fa-solid-900.woff2 HTTP/1.1" 200 78196 "https://ondostate.gov.ng/wp-content/plugins/elementor/assets/lib/font-awesome/css/all.min.css?ver=5.1.7" "Mozilla/5.0 (Windows NT 10.0; Win64; x64) AppleWebKit/537.36 (KHTML, like Gecko) Chrome/142.0.0.0 Safari/537.36"
195.172.118.210 - - [04/Dec/2025:13:00:52 +0000] "GET /wp-content/plugins/elementor/assets/lib/e-gallery/js/e-gallery.min.js?ver=1.2.0 HTTP/1.1" 200 15347 "https://ondostate.gov.ng/" "Mozilla/5.0 (Macintosh; Intel Mac OS X 10_15_7) AppleWebKit/537.36 (KHTML, like Gecko) Chrome/139.0.0.0 Safari/537.36"
129.222.206.69 - - [04/Dec/2025:13:00:52 +0000] "GET /wp-content/plugins/elementor/assets/lib/font-awesome/webfonts/fa-brands-400.woff2 HTTP/1.1" 200 76764 "https://ondostate.gov.ng/wp-content/plugins/elementor/assets/lib/font-awesome/css/all.min.css?ver=5.1.7" "Mozilla/5.0 (Windows NT 10.0; Win64; x64) AppleWebKit/537.36 (KHTML, like Gecko) Chrome/142.0.0.0 Safari/537.36"
