143.105.174.244 - - [04/Dec/2025:13:38:27 +0000] "GET /wp-content/plugins/elementor/assets/lib/eicons/css/elementor-icons.min.css?ver=5.18.0 HTTP/1.1" 200 19363 "https://ondostate.gov.ng/" "Mozilla/5.0 (Windows NT 10.0; Win64; x64) AppleWebKit/537.36 (KHTML, like Gecko) Chrome/142.0.0.0 Safari/537.36"
143.105.174.244 - - [04/Dec/2025:13:38:27 +0000] "GET /wp-content/plugins/elementor/assets/css/frontend-legacy.min.css?ver=3.11.1 HTTP/1.1" 200 9935 "https://ondostate.gov.ng/" "Mozilla/5.0 (Windows NT 10.0; Win64; x64) AppleWebKit/537.36 (KHTML, like Gecko) Chrome/142.0.0.0 Safari/537.36"
143.105.174.244 - - [04/Dec/2025:13:38:27 +0000] "GET /wp-content/plugins/elementor/assets/css/frontend.min.css?ver=3.11.1 HTTP/1.1" 200 136765 "https://ondostate.gov.ng/" "Mozilla/5.0 (Windows NT 10.0; Win64; x64) AppleWebKit/537.36 (KHTML, like Gecko) Chrome/142.0.0.0 Safari/537.36"
143.105.174.244 - - [04/Dec/2025:13:38:27 +0000] "GET /wp-content/plugins/elementor/assets/lib/swiper/css/swiper.min.css?ver=5.3.6 HTTP/1.1" 200 12876 "https://ondostate.gov.ng/" "Mozilla/5.0 (Windows NT 10.0; Win64; x64) AppleWebKit/537.36 (KHTML, like Gecko) Chrome/142.0.0.0 Safari/537.36"
143.105.174.244 - - [04/Dec/2025:13:38:27 +0000] "GET /wp-content/uploads/elementor/css/post-1643.css?ver=1723721498 HTTP/1.1" 200 1166 "https://ondostate.gov.ng/" "Mozilla/5.0 (Windows NT 10.0; Win64; x64) AppleWebKit/537.36 (KHTML, like Gecko) Chrome/142.0.0.0 Safari/537.36"
197.211.52.179 - - [04/Dec/2025:13:38:27 +0000] "GET /wp-content/uploads/essential-addons-elementor/734e5f942.min.css?ver=1764855469 HTTP/1.1" 200 695452 "https://ondostate.gov.ng/index.php/2024/08/28/gov-aiyedatiwa-amotekun-has-come-to-stay-in-ondo-nigeria-needs-state-police-to-fight-insecurity/" "Mozilla/5.0 (iPhone; CPU iPhone OS 15_4_1 like Mac OS X) AppleWebKit/605.1.15 (KHTML, like Gecko) Version/15.4 Mobile/15E148 Safari/604.1"
143.105.174.244 - - [04/Dec/2025:13:38:27 +0000] "GET /wp-content/plugins/elementor/assets/lib/font-awesome/css/all.min.css?ver=5.1.7 HTTP/1.1" 200 59344 "https://ondostate.gov.ng/" "Mozilla/5.0 (Windows NT 10.0; Win64; x64) AppleWebKit/537.36 (KHTML, like Gecko) Chrome/142.0.0.0 Safari/537.36"
197.211.52.179 - - [04/Dec/2025:13:38:27 +0000] "GET /wp-content/plugins/elementor/assets/lib/font-awesome/css/brands.min.css?ver=5.15.3 HTTP/1.1" 200 675 "https://ondostate.gov.ng/index.php/2024/08/28/gov-aiyedatiwa-amotekun-has-come-to-stay-in-ondo-nigeria-needs-state-police-to-fight-insecurity/" "Mozilla/5.0 (iPhone; CPU iPhone OS 15_4_1 like Mac OS X) AppleWebKit/605.1.15 (KHTML, like Gecko) Version/15.4 Mobile/15E148 Safari/604.1"
143.105.174.244 - - [04/Dec/2025:13:38:27 +0000] "GET /wp-content/plugins/elementor/assets/lib/font-awesome/css/v4-shims.min.css?ver=5.1.7 HTTP/1.1" 200 26702 "https://ondostate.gov.ng/" "Mozilla/5.0 (Windows NT 10.0; Win64; x64) AppleWebKit/537.36 (KHTML, like Gecko) Chrome/142.0.0.0 Safari/537.36"
143.105.174.244 - - [04/Dec/2025:13:38:27 +0000] "GET /wp-content/plugins/sticky-header-effects-for-elementor/assets/css/she-header-style.css?ver=1.5.5 HTTP/1.1" 200 4921 "https://ondostate.gov.ng/" "Mozilla/5.0 (Windows NT 10.0; Win64; x64) AppleWebKit/537.36 (KHTML, like Gecko) Chrome/142.0.0.0 Safari/537.36"
197.211.52.179 - - [04/Dec/2025:13:38:27 +0000] "GET /wp-includes/js/jquery/jquery.min.js?ver=3.7.1 HTTP/1.1" 200 87553 "https://ondostate.gov.ng/index.php/2024/08/28/gov-aiyedatiwa-amotekun-has-come-to-stay-in-ondo-nigeria-needs-state-police-to-fight-insecurity/" "Mozilla/5.0 (iPhone; CPU iPhone OS 15_4_1 like Mac OS X) AppleWebKit/605.1.15 (KHTML, like Gecko) Version/15.4 Mobile/15E148 Safari/604.1"
143.105.174.244 - - [04/Dec/2025:13:38:27 +0000] "GET /wp-content/uploads/elementor/css/global.css?ver=1723721499 HTTP/1.1" 200 55560 "https://ondostate.gov.ng/" "Mozilla/5.0 (Windows NT 10.0; Win64; x64) AppleWebKit/537.36 (KHTML, like Gecko) Chrome/142.0.0.0 Safari/537.36"
143.105.174.244 - - [04/Dec/2025:13:38:27 +0000] "GET /wp-content/uploads/elementor/css/post-15216.css?ver=1760544510 HTTP/1.1" 200 56600 "https://ondostate.gov.ng/" "Mozilla/5.0 (Windows NT 10.0; Win64; x64) AppleWebKit/537.36 (KHTML, like Gecko) Chrome/142.0.0.0 Safari/537.36"
143.105.174.244 - - [04/Dec/2025:13:38:28 +0000] "GET /wp-content/uploads/elementor/css/post-543.css?ver=1740643773 HTTP/1.1" 200 8599 "https://ondostate.gov.ng/" "Mozilla/5.0 (Windows NT 10.0; Win64; x64) AppleWebKit/537.36 (KHTML, like Gecko) Chrome/142.0.0.0 Safari/537.36"
143.105.174.244 - - [04/Dec/2025:13:38:28 +0000] "GET /wp-content/uploads/elementor/css/post-183.css?ver=1746455116 HTTP/1.1" 200 13427 "https://ondostate.gov.ng/" "Mozilla/5.0 (Windows NT 10.0; Win64; x64) AppleWebKit/537.36 (KHTML, like Gecko) Chrome/142.0.0.0 Safari/537.36"
143.105.174.244 - - [04/Dec/2025:13:38:28 +0000] "GET /wp-content/plugins/elementor/assets/lib/font-awesome/css/fontawesome.min.css?ver=5.15.3 HTTP/1.1" 200 57912 "https://ondostate.gov.ng/" "Mozilla/5.0 (Windows NT 10.0; Win64; x64) AppleWebKit/537.36 (KHTML, like Gecko) Chrome/142.0.0.0 Safari/537.36"
143.105.174.244 - - [04/Dec/2025:13:38:28 +0000] "GET /wp-content/plugins/elementor/assets/lib/font-awesome/css/solid.min.css?ver=5.15.3 HTTP/1.1" 200 669 "https://ondostate.gov.ng/" "Mozilla/5.0 (Windows NT 10.0; Win64; x64) AppleWebKit/537.36 (KHTML, like Gecko) Chrome/142.0.0.0 Safari/537.36"
143.105.174.244 - - [04/Dec/2025:13:38:28 +0000] "GET /wp-content/plugins/elementor/assets/lib/font-awesome/css/regular.min.css?ver=5.15.3 HTTP/1.1" 200 677 "https://ondostate.gov.ng/" "Mozilla/5.0 (Windows NT 10.0; Win64; x64) AppleWebKit/537.36 (KHTML, like Gecko) Chrome/142.0.0.0 Safari/537.36"
143.105.174.244 - - [04/Dec/2025:13:38:28 +0000] "GET /wp-content/plugins/elementor/assets/lib/font-awesome/css/brands.min.css?ver=5.15.3 HTTP/1.1" 200 675 "https://ondostate.gov.ng/" "Mozilla/5.0 (Windows NT 10.0; Win64; x64) AppleWebKit/537.36 (KHTML, like Gecko) Chrome/142.0.0.0 Safari/537.36"
143.105.174.244 - - [04/Dec/2025:13:38:28 +0000] "GET /wp-includes/js/jquery/jquery.min.js?ver=3.7.1 HTTP/1.1" 200 87553 "https://ondostate.gov.ng/" "Mozilla/5.0 (Windows NT 10.0; Win64; x64) AppleWebKit/537.36 (KHTML, like Gecko) Chrome/142.0.0.0 Safari/537.36"
143.105.174.244 - - [04/Dec/2025:13:38:28 +0000] "GET /wp-includes/js/jquery/jquery-migrate.min.js?ver=3.4.1 HTTP/1.1" 200 13577 "https://ondostate.gov.ng/" "Mozilla/5.0 (Windows NT 10.0; Win64; x64) AppleWebKit/537.36 (KHTML, like Gecko) Chrome/142.0.0.0 Safari/537.36"
143.105.174.244 - - [04/Dec/2025:13:38:28 +0000] "GET /wp-content/plugins/sticky-header-effects-for-elementor/assets/js/she-header.js?ver=1.5.5 HTTP/1.1" 200 5615 "https://ondostate.gov.ng/" "Mozilla/5.0 (Windows NT 10.0; Win64; x64) AppleWebKit/537.36 (KHTML, like Gecko) Chrome/142.0.0.0 Safari/537.36"
143.105.174.244 - - [04/Dec/2025:13:38:28 +0000] "GET /wp-content/plugins/elementor/assets/lib/font-awesome/js/v4-shims.min.js?ver=5.1.7 HTTP/1.1" 200 15055 "https://ondostate.gov.ng/" "Mozilla/5.0 (Windows NT 10.0; Win64; x64) AppleWebKit/537.36 (KHTML, like Gecko) Chrome/142.0.0.0 Safari/537.36"
143.105.174.244 - - [04/Dec/2025:13:38:28 +0000] "GET /wp-content/uploads/2025/12/WhatsApp-Image-2025-12-01-at-11.03.46-AM-768x512.jpeg HTTP/1.1" 200 46355 "https://ondostate.gov.ng/" "Mozilla/5.0 (Windows NT 10.0; Win64; x64) AppleWebKit/537.36 (KHTML, like Gecko) Chrome/142.0.0.0 Safari/537.36"
143.105.174.244 - - [04/Dec/2025:13:38:28 +0000] "GET /wp-content/uploads/2025/12/WhatsApp-Image-2025-12-01-at-10.56.00-AM-1-768x548.jpeg HTTP/1.1" 200 86468 "https://ondostate.gov.ng/" "Mozilla/5.0 (Windows NT 10.0; Win64; x64) AppleWebKit/537.36 (KHTML, like Gecko) Chrome/142.0.0.0 Safari/537.36"
143.105.174.244 - - [04/Dec/2025:13:38:28 +0000] "GET /wp-content/uploads/2025/10/gov222.jpeg HTTP/1.1" 200 134128 "https://ondostate.gov.ng/" "Mozilla/5.0 (Windows NT 10.0; Win64; x64) AppleWebKit/537.36 (KHTML, like Gecko) Chrome/142.0.0.0 Safari/537.36"
143.105.174.244 - - [04/Dec/2025:13:38:28 +0000] "GET /wp-content/plugins/elementor-pro-old/assets/css/frontend.min.css?ver=3.6.5 HTTP/1.1" 200 465365 "https://ondostate.gov.ng/" "Mozilla/5.0 (Windows NT 10.0; Win64; x64) AppleWebKit/537.36 (KHTML, like Gecko) Chrome/142.0.0.0 Safari/537.36"
143.105.174.244 - - [04/Dec/2025:13:38:29 +0000] "GET /wp-content/plugins/elementor/assets/lib/e-gallery/css/e-gallery.min.css?ver=1.2.0 HTTP/1.1" 200 3303 "https://ondostate.gov.ng/" "Mozilla/5.0 (Windows NT 10.0; Win64; x64) AppleWebKit/537.36 (KHTML, like Gecko) Chrome/142.0.0.0 Safari/537.36"
143.105.174.244 - - [04/Dec/2025:13:38:29 +0000] "GET /wp-content/plugins/elementor/assets/lib/animations/animations.min.css?ver=3.11.1 HTTP/1.1" 200 18468 "https://ondostate.gov.ng/" "Mozilla/5.0 (Windows NT 10.0; Win64; x64) AppleWebKit/537.36 (KHTML, like Gecko) Chrome/142.0.0.0 Safari/537.36"
143.105.174.244 - - [04/Dec/2025:13:38:29 +0000] "GET /wp-content/themes/astra/assets/js/minified/style.min.js?ver=2.6.1 HTTP/1.1" 200 10594 "https://ondostate.gov.ng/" "Mozilla/5.0 (Windows NT 10.0; Win64; x64) AppleWebKit/537.36 (KHTML, like Gecko) Chrome/142.0.0.0 Safari/537.36"
143.105.174.244 - - [04/Dec/2025:13:38:29 +0000] "GET /wp-content/plugins/ht-mega-for-elementor/assets/js/htbbootstrap.js?ver=1.9.8 HTTP/1.1" 200 62890 "https://ondostate.gov.ng/" "Mozilla/5.0 (Windows NT 10.0; Win64; x64) AppleWebKit/537.36 (KHTML, like Gecko) Chrome/142.0.0.0 Safari/537.36"
143.105.174.244 - - [04/Dec/2025:13:38:29 +0000] "GET /wp-content/plugins/ht-mega-for-elementor/assets/js/popper.min.js?ver=1.9.8 HTTP/1.1" 200 18994 "https://ondostate.gov.ng/" "Mozilla/5.0 (Windows NT 10.0; Win64; x64) AppleWebKit/537.36 (KHTML, like Gecko) Chrome/142.0.0.0 Safari/537.36"
143.105.174.244 - - [04/Dec/2025:13:38:29 +0000] "GET /wp-content/plugins/ht-mega-for-elementor/assets/js/waypoints.js?ver=1.9.8 HTTP/1.1" 200 9029 "https://ondostate.gov.ng/" "Mozilla/5.0 (Windows NT 10.0; Win64; x64) AppleWebKit/537.36 (KHTML, like Gecko) Chrome/142.0.0.0 Safari/537.36"
143.105.174.244 - - [04/Dec/2025:13:38:29 +0000] "GET /wp-content/plugins/elementor-pro-old/assets/lib/smartmenus/jquery.smartmenus.min.js?ver=1.0.1 HTTP/1.1" 200 25202 "https://ondostate.gov.ng/" "Mozilla/5.0 (Windows NT 10.0; Win64; x64) AppleWebKit/537.36 (KHTML, like Gecko) Chrome/142.0.0.0 Safari/537.36"
197.211.52.179 - - [04/Dec/2025:13:38:29 +0000] "GET /wp-includes/js/jquery/jquery-migrate.min.js?ver=3.4.1 HTTP/1.1" 200 13577 "https://ondostate.gov.ng/index.php/2024/08/28/gov-aiyedatiwa-amotekun-has-come-to-stay-in-ondo-nigeria-needs-state-police-to-fight-insecurity/" "Mozilla/5.0 (iPhone; CPU iPhone OS 15_4_1 like Mac OS X) AppleWebKit/605.1.15 (KHTML, like Gecko) Version/15.4 Mobile/15E148 Safari/604.1"
143.105.174.244 - - [04/Dec/2025:13:38:29 +0000] "GET /wp-includes/js/imagesloaded.min.js?ver=5.0.0 HTTP/1.1" 200 5520 "https://ondostate.gov.ng/" "Mozilla/5.0 (Windows NT 10.0; Win64; x64) AppleWebKit/537.36 (KHTML, like Gecko) Chrome/142.0.0.0 Safari/537.36"
143.105.174.244 - - [04/Dec/2025:13:38:30 +0000] "GET /wp-content/plugins/elementor/assets/lib/jquery-numerator/jquery-numerator.min.js?ver=0.2.1 HTTP/1.1" 200 1801 "https://ondostate.gov.ng/" "Mozilla/5.0 (Windows NT 10.0; Win64; x64) AppleWebKit/537.36 (KHTML, like Gecko) Chrome/142.0.0.0 Safari/537.36"
143.105.174.244 - - [04/Dec/2025:13:38:30 +0000] "GET /wp-content/plugins/elementor/assets/lib/e-gallery/js/e-gallery.min.js?ver=1.2.0 HTTP/1.1" 200 15347 "https://ondostate.gov.ng/" "Mozilla/5.0 (Windows NT 10.0; Win64; x64) AppleWebKit/537.36 (KHTML, like Gecko) Chrome/142.0.0.0 Safari/537.36"
143.105.174.244 - - [04/Dec/2025:13:38:30 +0000] "GET /wp-content/plugins/elementor/assets/js/webpack.runtime.min.js?ver=3.11.1 HTTP/1.1" 200 4958 "https://ondostate.gov.ng/" "Mozilla/5.0 (Windows NT 10.0; Win64; x64) AppleWebKit/537.36 (KHTML, like Gecko) Chrome/142.0.0.0 Safari/537.36"
143.105.174.244 - - [04/Dec/2025:13:38:30 +0000] "GET /wp-content/plugins/elementor-pro-old/assets/js/webpack-pro.runtime.min.js?ver=3.6.5 HTTP/1.1" 200 5125 "https://ondostate.gov.ng/" "Mozilla/5.0 (Windows NT 10.0; Win64; x64) AppleWebKit/537.36 (KHTML, like Gecko) Chrome/142.0.0.0 Safari/537.36"
143.105.174.244 - - [04/Dec/2025:13:38:30 +0000] "GET /wp-content/plugins/elementor/assets/js/frontend-modules.min.js?ver=3.11.1 HTTP/1.1" 200 36460 "https://ondostate.gov.ng/" "Mozilla/5.0 (Windows NT 10.0; Win64; x64) AppleWebKit/537.36 (KHTML, like Gecko) Chrome/142.0.0.0 Safari/537.36"
143.105.174.244 - - [04/Dec/2025:13:38:30 +0000] "GET /wp-includes/js/dist/vendor/wp-polyfill-inert.min.js?ver=3.1.2 HTTP/1.1" 200 8171 "https://ondostate.gov.ng/" "Mozilla/5.0 (Windows NT 10.0; Win64; x64) AppleWebKit/537.36 (KHTML, like Gecko) Chrome/142.0.0.0 Safari/537.36"
143.105.174.244 - - [04/Dec/2025:13:38:30 +0000] "GET /wp-includes/js/dist/vendor/regenerator-runtime.min.js?ver=0.14.0 HTTP/1.1" 200 6625 "https://ondostate.gov.ng/" "Mozilla/5.0 (Windows NT 10.0; Win64; x64) AppleWebKit/537.36 (KHTML, like Gecko) Chrome/142.0.0.0 Safari/537.36"
143.105.174.244 - - [04/Dec/2025:13:38:30 +0000] "GET /wp-includes/js/dist/hooks.min.js?ver=c6aec9a8d4e5a5d543a1 HTTP/1.1" 200 4627 "https://ondostate.gov.ng/" "Mozilla/5.0 (Windows NT 10.0; Win64; x64) AppleWebKit/537.36 (KHTML, like Gecko) Chrome/142.0.0.0 Safari/537.36"
143.105.174.244 - - [04/Dec/2025:13:38:30 +0000] "GET /wp-includes/js/dist/vendor/wp-polyfill.min.js?ver=3.15.0 HTTP/1.1" 200 115127 "https://ondostate.gov.ng/" "Mozilla/5.0 (Windows NT 10.0; Win64; x64) AppleWebKit/537.36 (KHTML, like Gecko) Chrome/142.0.0.0 Safari/537.36"
143.105.174.244 - - [04/Dec/2025:13:38:30 +0000] "GET /wp-includes/js/dist/i18n.min.js?ver=7701b0c3857f914212ef HTTP/1.1" 200 9445 "https://ondostate.gov.ng/" "Mozilla/5.0 (Windows NT 10.0; Win64; x64) AppleWebKit/537.36 (KHTML, like Gecko) Chrome/142.0.0.0 Safari/537.36"
143.105.174.244 - - [04/Dec/2025:13:38:30 +0000] "GET /wp-content/plugins/elementor/assets/lib/font-awesome/webfonts/fa-solid-900.woff2 HTTP/1.1" 200 78196 "https://ondostate.gov.ng/wp-content/plugins/elementor/assets/lib/font-awesome/css/all.min.css?ver=5.1.7" "Mozilla/5.0 (Windows NT 10.0; Win64; x64) AppleWebKit/537.36 (KHTML, like Gecko) Chrome/142.0.0.0 Safari/537.36"
143.105.174.244 - - [04/Dec/2025:13:38:30 +0000] "GET /wp-content/plugins/elementor/assets/lib/font-awesome/webfonts/fa-regular-400.woff2 HTTP/1.1" 200 13276 "https://ondostate.gov.ng/wp-content/plugins/elementor/assets/lib/font-awesome/css/all.min.css?ver=5.1.7" "Mozilla/5.0 (Windows NT 10.0; Win64; x64) AppleWebKit/537.36 (KHTML, like Gecko) Chrome/142.0.0.0 Safari/537.36"
143.105.174.244 - - [04/Dec/2025:13:38:30 +0000] "GET /wp-content/plugins/elementor/assets/lib/font-awesome/webfonts/fa-brands-400.woff2 HTTP/1.1" 200 76764 "https://ondostate.gov.ng/wp-content/plugins/elementor/assets/lib/font-awesome/css/all.min.css?ver=5.1.7" "Mozilla/5.0 (Windows NT 10.0; Win64; x64) AppleWebKit/537.36 (KHTML, like Gecko) Chrome/142.0.0.0 Safari/537.36"
143.105.174.244 - - [04/Dec/2025:13:38:30 +0000] "GET /wp-content/uploads/2020/11/cropped-logo-3.png HTTP/1.1" 200 7875 "https://ondostate.gov.ng/" "Mozilla/5.0 (Windows NT 10.0; Win64; x64) AppleWebKit/537.36 (KHTML, like Gecko) Chrome/142.0.0.0 Safari/537.36"
143.105.174.244 - - [04/Dec/2025:13:38:30 +0000] "GET /wp-content/plugins/elementor-pro-old/assets/js/frontend.min.js?ver=3.6.5 HTTP/1.1" 200 20713 "https://ondostate.gov.ng/" "Mozilla/5.0 (Windows NT 10.0; Win64; x64) AppleWebKit/537.36 (KHTML, like Gecko) Chrome/142.0.0.0 Safari/537.36"
143.105.174.244 - - [04/Dec/2025:13:38:30 +0000] "GET /wp-content/plugins/elementor/assets/lib/waypoints/waypoints.min.js?ver=4.0.2 HTTP/1.1" 200 12198 "https://ondostate.gov.ng/" "Mozilla/5.0 (Windows NT 10.0; Win64; x64) AppleWebKit/537.36 (KHTML, like Gecko) Chrome/142.0.0.0 Safari/537.36"
143.105.174.244 - - [04/Dec/2025:13:38:31 +0000] "GET /wp-includes/js/jquery/ui/core.min.js?ver=1.13.2 HTTP/1.1" 200 21438 "https://ondostate.gov.ng/" "Mozilla/5.0 (Windows NT 10.0; Win64; x64) AppleWebKit/537.36 (KHTML, like Gecko) Chrome/142.0.0.0 Safari/537.36"
143.105.174.244 - - [04/Dec/2025:13:38:31 +0000] "GET /wp-content/plugins/ht-mega-for-elementor/assets/js/swiper.min.js?ver=1.9.8 HTTP/1.1" 200 124645 "https://ondostate.gov.ng/" "Mozilla/5.0 (Windows NT 10.0; Win64; x64) AppleWebKit/537.36 (KHTML, like Gecko) Chrome/142.0.0.0 Safari/537.36"
143.105.174.244 - - [04/Dec/2025:13:38:31 +0000] "GET /wp-content/plugins/elementor/assets/lib/share-link/share-link.min.js?ver=3.11.1 HTTP/1.1" 200 2620 "https://ondostate.gov.ng/" "Mozilla/5.0 (Windows NT 10.0; Win64; x64) AppleWebKit/537.36 (KHTML, like Gecko) Chrome/142.0.0.0 Safari/537.36"
143.105.174.244 - - [04/Dec/2025:13:38:31 +0000] "GET /wp-content/plugins/elementor/assets/lib/dialog/dialog.min.js?ver=4.9.0 HTTP/1.1" 200 10749 "https://ondostate.gov.ng/" "Mozilla/5.0 (Windows NT 10.0; Win64; x64) AppleWebKit/537.36 (KHTML, like Gecko) Chrome/142.0.0.0 Safari/537.36"
143.105.174.244 - - [04/Dec/2025:13:38:31 +0000] "GET /wp-content/plugins/elementor/assets/js/frontend.min.js?ver=3.11.1 HTTP/1.1" 200 41883 "https://ondostate.gov.ng/" "Mozilla/5.0 (Windows NT 10.0; Win64; x64) AppleWebKit/537.36 (KHTML, like Gecko) Chrome/142.0.0.0 Safari/537.36"
143.105.174.244 - - [04/Dec/2025:13:38:31 +0000] "GET /wp-content/plugins/elementor-pro-old/assets/js/preloaded-elements-handlers.min.js?ver=3.6.5 HTTP/1.1" 200 132890 "https://ondostate.gov.ng/" "Mozilla/5.0 (Windows NT 10.0; Win64; x64) AppleWebKit/537.36 (KHTML, like Gecko) Chrome/142.0.0.0 Safari/537.36"
143.105.174.244 - - [04/Dec/2025:13:38:31 +0000] "GET /wp-content/plugins/elementor/assets/js/preloaded-modules.min.js?ver=3.11.1 HTTP/1.1" 200 44785 "https://ondostate.gov.ng/" "Mozilla/5.0 (Windows NT 10.0; Win64; x64) AppleWebKit/537.36 (KHTML, like Gecko) Chrome/142.0.0.0 Safari/537.36"
143.105.174.244 - - [04/Dec/2025:13:38:31 +0000] "GET /wp-content/plugins/elementor-pro-old/assets/lib/sticky/jquery.sticky.min.js?ver=3.6.5 HTTP/1.1" 200 3236 "https://ondostate.gov.ng/" "Mozilla/5.0 (Windows NT 10.0; Win64; x64) AppleWebKit/537.36 (KHTML, like Gecko) Chrome/142.0.0.0 Safari/537.36"
102.91.77.196 - - [04/Dec/2025:13:38:31 +0000] "GET /index.php/2024/08/01/gov-aiyedatiwa-approves-payment-of-bursary-scholarships-to-students-of-tertiary-institutions/ HTTP/1.1" 499 0 "-" "Mozilla/5.0 (iPhone; CPU iPhone OS 18_1 like Mac OS X) AppleWebKit/605.1.15 (KHTML, like Gecko) Version/18.1 Mobile/15E148 Safari/604.1"
143.105.174.244 - - [04/Dec/2025:13:38:32 +0000] "GET /wp-content/uploads/2025/10/lo-1.jpg HTTP/1.1" 200 360169 "https://ondostate.gov.ng/wp-content/uploads/elementor/css/post-15216.css?ver=1760544510" "Mozilla/5.0 (Windows NT 10.0; Win64; x64) AppleWebKit/537.36 (KHTML, like Gecko) Chrome/142.0.0.0 Safari/537.36"
143.105.174.244 - - [04/Dec/2025:13:38:32 +0000] "GET /wp-content/uploads/2025/06/WhatsApp-Image-2025-06-13-at-10.25.04-AM.jpeg HTTP/1.1" 200 378058 "https://ondostate.gov.ng/wp-content/uploads/elementor/css/post-15216.css?ver=1760544510" "Mozilla/5.0 (Windows NT 10.0; Win64; x64) AppleWebKit/537.36 (KHTML, like Gecko) Chrome/142.0.0.0 Safari/537.36"
143.105.174.244 - - [04/Dec/2025:13:38:32 +0000] "GET /wp-content/uploads/2024/10/WhatsApp-Image-2024-10-17-at-14.37.50.jpeg HTTP/1.1" 200 135623 "https://ondostate.gov.ng/wp-content/uploads/elementor/css/post-15216.css?ver=1760544510" "Mozilla/5.0 (Windows NT 10.0; Win64; x64) AppleWebKit/537.36 (KHTML, like Gecko) Chrome/142.0.0.0 Safari/537.36"
143.105.174.244 - - [04/Dec/2025:13:38:32 +0000] "GET /wp-content/uploads/2025/10/banner-one.jpg HTTP/1.1" 200 738122 "https://ondostate.gov.ng/wp-content/uploads/elementor/css/post-15216.css?ver=1760544510" "Mozilla/5.0 (Windows NT 10.0; Win64; x64) AppleWebKit/537.36 (KHTML, like Gecko) Chrome/142.0.0.0 Safari/537.36"
143.105.174.244 - - [04/Dec/2025:13:38:32 +0000] "GET /wp-content/uploads/2021/06/linebgoverlay.png HTTP/1.1" 200 12089 "https://ondostate.gov.ng/wp-content/uploads/elementor/css/post-15216.css?ver=1760544510" "Mozilla/5.0 (Windows NT 10.0; Win64; x64) AppleWebKit/537.36 (KHTML, like Gecko) Chrome/142.0.0.0 Safari/537.36"
143.105.174.244 - - [04/Dec/2025:13:38:32 +0000] "GET /wp-includes/js/wp-emoji-release.min.js?ver=6.4.7 HTTP/1.1" 200 18692 "https://ondostate.gov.ng/" "Mozilla/5.0 (Windows NT 10.0; Win64; x64) AppleWebKit/537.36 (KHTML, like Gecko) Chrome/142.0.0.0 Safari/537.36"
197.211.52.179 - - [04/Dec/2025:13:38:33 +0000] "GET /wp-content/plugins/elementor/assets/lib/font-awesome/js/v4-shims.min.js?ver=5.1.7 HTTP/1.1" 200 15055 "https://ondostate.gov.ng/index.php/2024/08/28/gov-aiyedatiwa-amotekun-has-come-to-stay-in-ondo-nigeria-needs-state-police-to-fight-insecurity/" "Mozilla/5.0 (iPhone; CPU iPhone OS 15_4_1 like Mac OS X) AppleWebKit/605.1.15 (KHTML, like Gecko) Version/15.4 Mobile/15E148 Safari/604.1"
143.105.174.244 - - [04/Dec/2025:13:38:34 +0000] "GET /wp-content/plugins/elementor/assets/lib/eicons/fonts/eicons.woff2?5.18.0 HTTP/1.1" 200 93868 "https://ondostate.gov.ng/wp-content/plugins/elementor/assets/lib/eicons/css/elementor-icons.min.css?ver=5.18.0" "Mozilla/5.0 (Windows NT 10.0; Win64; x64) AppleWebKit/537.36 (KHTML, like Gecko) Chrome/142.0.0.0 Safari/537.36"
143.105.174.244 - - [04/Dec/2025:13:38:34 +0000] "GET /wp-content/uploads/2025/02/WhatsApp-Image-2025-02-20-at-5.26.01-AM-2.jpeg HTTP/1.1" 200 420928 "https://ondostate.gov.ng/wp-content/uploads/elementor/css/post-15216.css?ver=1760544510" "Mozilla/5.0 (Windows NT 10.0; Win64; x64) AppleWebKit/537.36 (KHTML, like Gecko) Chrome/142.0.0.0 Safari/537.36"
102.91.77.196 - - [04/Dec/2025:13:38:34 +0000] "GET /index.php/2024/08/01/gov-aiyedatiwa-approves-payment-of-bursary-scholarships-to-students-of-tertiary-institutions/ HTTP/1.1" 200 143027 "-" "Mozilla/5.0 (iPhone; CPU iPhone OS 18_1 like Mac OS X) AppleWebKit/605.1.15 (KHTML, like Gecko) Version/18.1 Mobile/15E148 Safari/604.1"
197.211.52.179 - - [04/Dec/2025:13:38:34 +0000] "GET /wp-content/plugins/sticky-header-effects-for-elementor/assets/js/she-header.js?ver=1.5.5 HTTP/1.1" 200 5615 "https://ondostate.gov.ng/index.php/2024/08/28/gov-aiyedatiwa-amotekun-has-come-to-stay-in-ondo-nigeria-needs-state-police-to-fight-insecurity/" "Mozilla/5.0 (iPhone; CPU iPhone OS 15_4_1 like Mac OS X) AppleWebKit/605.1.15 (KHTML, like Gecko) Version/15.4 Mobile/15E148 Safari/604.1"
143.105.174.244 - - [04/Dec/2025:13:38:34 +0000] "GET /wp-content/uploads/2025/02/WhatsApp-Image-2025-02-20-at-9.31.01-AM.jpeg HTTP/1.1" 200 462365 "https://ondostate.gov.ng/wp-content/uploads/elementor/css/post-15216.css?ver=1760544510" "Mozilla/5.0 (Windows NT 10.0; Win64; x64) AppleWebKit/537.36 (KHTML, like Gecko) Chrome/142.0.0.0 Safari/537.36"
143.105.174.244 - - [04/Dec/2025:13:38:35 +0000] "GET /wp-content/uploads/2020/11/cropped-logo-3-1-32x32.png HTTP/1.1" 200 1751 "https://ondostate.gov.ng/" "Mozilla/5.0 (Windows NT 10.0; Win64; x64) AppleWebKit/537.36 (KHTML, like Gecko) Chrome/142.0.0.0 Safari/537.36"
197.211.52.179 - - [04/Dec/2025:13:38:36 +0000] "GET /wp-content/plugins/elementor/assets/lib/animations/animations.min.css?ver=3.11.1 HTTP/1.1" 200 18468 "https://ondostate.gov.ng/index.php/2024/08/28/gov-aiyedatiwa-amotekun-has-come-to-stay-in-ondo-nigeria-needs-state-police-to-fight-insecurity/" "Mozilla/5.0 (iPhone; CPU iPhone OS 15_4_1 like Mac OS X) AppleWebKit/605.1.15 (KHTML, like Gecko) Version/15.4 Mobile/15E148 Safari/604.1"
143.105.174.244 - - [04/Dec/2025:13:38:37 +0000] "GET /index.php/mda/ HTTP/1.1" 200 175202 "https://ondostate.gov.ng/" "Mozilla/5.0 (Windows NT 10.0; Win64; x64) AppleWebKit/537.36 (KHTML, like Gecko) Chrome/142.0.0.0 Safari/537.36"
143.105.174.244 - - [04/Dec/2025:13:38:37 +0000] "GET /wp-content/uploads/elementor/css/post-769.css?ver=1740996628 HTTP/1.1" 200 4534 "https://ondostate.gov.ng/index.php/mda/" "Mozilla/5.0 (Windows NT 10.0; Win64; x64) AppleWebKit/537.36 (KHTML, like Gecko) Chrome/142.0.0.0 Safari/537.36"
197.211.52.179 - - [04/Dec/2025:13:38:38 +0000] "GET /wp-content/themes/astra/assets/js/minified/style.min.js?ver=2.6.1 HTTP/1.1" 200 10594 "https://ondostate.gov.ng/index.php/2024/08/28/gov-aiyedatiwa-amotekun-has-come-to-stay-in-ondo-nigeria-needs-state-police-to-fight-insecurity/" "Mozilla/5.0 (iPhone; CPU iPhone OS 15_4_1 like Mac OS X) AppleWebKit/605.1.15 (KHTML, like Gecko) Version/15.4 Mobile/15E148 Safari/604.1"
197.211.52.179 - - [04/Dec/2025:13:38:41 +0000] "GET /wp-content/plugins/ht-mega-for-elementor/assets/js/popper.min.js?ver=1.9.8 HTTP/1.1" 200 18994 "https://ondostate.gov.ng/index.php/2024/08/28/gov-aiyedatiwa-amotekun-has-come-to-stay-in-ondo-nigeria-needs-state-police-to-fight-insecurity/" "Mozilla/5.0 (iPhone; CPU iPhone OS 15_4_1 like Mac OS X) AppleWebKit/605.1.15 (KHTML, like Gecko) Version/15.4 Mobile/15E148 Safari/604.1"
197.211.52.179 - - [04/Dec/2025:13:38:41 +0000] "GET /wp-content/plugins/ht-mega-for-elementor/assets/js/htbbootstrap.js?ver=1.9.8 HTTP/1.1" 200 62890 "https://ondostate.gov.ng/index.php/2024/08/28/gov-aiyedatiwa-amotekun-has-come-to-stay-in-ondo-nigeria-needs-state-police-to-fight-insecurity/" "Mozilla/5.0 (iPhone; CPU iPhone OS 15_4_1 like Mac OS X) AppleWebKit/605.1.15 (KHTML, like Gecko) Version/15.4 Mobile/15E148 Safari/604.1"
197.211.52.179 - - [04/Dec/2025:13:38:42 +0000] "GET /wp-content/plugins/ht-mega-for-elementor/assets/js/waypoints.js?ver=1.9.8 HTTP/1.1" 200 9029 "https://ondostate.gov.ng/index.php/2024/08/28/gov-aiyedatiwa-amotekun-has-come-to-stay-in-ondo-nigeria-needs-state-police-to-fight-insecurity/" "Mozilla/5.0 (iPhone; CPU iPhone OS 15_4_1 like Mac OS X) AppleWebKit/605.1.15 (KHTML, like Gecko) Version/15.4 Mobile/15E148 Safari/604.1"
197.211.52.179 - - [04/Dec/2025:13:38:42 +0000] "GET /wp-content/plugins/elementor-pro-old/assets/lib/smartmenus/jquery.smartmenus.min.js?ver=1.0.1 HTTP/1.1" 200 25202 "https://ondostate.gov.ng/index.php/2024/08/28/gov-aiyedatiwa-amotekun-has-come-to-stay-in-ondo-nigeria-needs-state-police-to-fight-insecurity/" "Mozilla/5.0 (iPhone; CPU iPhone OS 15_4_1 like Mac OS X) AppleWebKit/605.1.15 (KHTML, like Gecko) Version/15.4 Mobile/15E148 Safari/604.1"
197.211.52.179 - - [04/Dec/2025:13:38:43 +0000] "GET /wp-content/plugins/elementor-pro-old/assets/js/webpack-pro.runtime.min.js?ver=3.6.5 HTTP/1.1" 200 5125 "https://ondostate.gov.ng/index.php/2024/08/28/gov-aiyedatiwa-amotekun-has-come-to-stay-in-ondo-nigeria-needs-state-police-to-fight-insecurity/" "Mozilla/5.0 (iPhone; CPU iPhone OS 15_4_1 like Mac OS X) AppleWebKit/605.1.15 (KHTML, like Gecko) Version/15.4 Mobile/15E148 Safari/604.1"
197.211.52.179 - - [04/Dec/2025:13:38:43 +0000] "GET /wp-content/plugins/elementor/assets/js/webpack.runtime.min.js?ver=3.11.1 HTTP/1.1" 200 4958 "https://ondostate.gov.ng/index.php/2024/08/28/gov-aiyedatiwa-amotekun-has-come-to-stay-in-ondo-nigeria-needs-state-police-to-fight-insecurity/" "Mozilla/5.0 (iPhone; CPU iPhone OS 15_4_1 like Mac OS X) AppleWebKit/605.1.15 (KHTML, like Gecko) Version/15.4 Mobile/15E148 Safari/604.1"
197.211.52.179 - - [04/Dec/2025:13:38:43 +0000] "GET /wp-content/plugins/elementor/assets/js/frontend-modules.min.js?ver=3.11.1 HTTP/1.1" 200 36460 "https://ondostate.gov.ng/index.php/2024/08/28/gov-aiyedatiwa-amotekun-has-come-to-stay-in-ondo-nigeria-needs-state-police-to-fight-insecurity/" "Mozilla/5.0 (iPhone; CPU iPhone OS 15_4_1 like Mac OS X) AppleWebKit/605.1.15 (KHTML, like Gecko) Version/15.4 Mobile/15E148 Safari/604.1"
197.211.52.179 - - [04/Dec/2025:13:38:44 +0000] "GET /wp-includes/js/dist/vendor/wp-polyfill-inert.min.js?ver=3.1.2 HTTP/1.1" 200 8171 "https://ondostate.gov.ng/index.php/2024/08/28/gov-aiyedatiwa-amotekun-has-come-to-stay-in-ondo-nigeria-needs-state-police-to-fight-insecurity/" "Mozilla/5.0 (iPhone; CPU iPhone OS 15_4_1 like Mac OS X) AppleWebKit/605.1.15 (KHTML, like Gecko) Version/15.4 Mobile/15E148 Safari/604.1"
143.105.174.244 - - [04/Dec/2025:13:38:44 +0000] "GET /wp-content/uploads/2020/11/Iyere-Owo-Road-dualized-by-Arakunrin-brandspurng-2.png HTTP/1.1" 200 1126969 "https://ondostate.gov.ng/wp-content/uploads/elementor/css/post-769.css?ver=1740996628" "Mozilla/5.0 (Windows NT 10.0; Win64; x64) AppleWebKit/537.36 (KHTML, like Gecko) Chrome/142.0.0.0 Safari/537.36"
197.211.52.179 - - [04/Dec/2025:13:38:44 +0000] "GET /wp-includes/js/dist/vendor/regenerator-runtime.min.js?ver=0.14.0 HTTP/1.1" 200 6625 "https://ondostate.gov.ng/index.php/2024/08/28/gov-aiyedatiwa-amotekun-has-come-to-stay-in-ondo-nigeria-needs-state-police-to-fight-insecurity/" "Mozilla/5.0 (iPhone; CPU iPhone OS 15_4_1 like Mac OS X) AppleWebKit/605.1.15 (KHTML, like Gecko) Version/15.4 Mobile/15E148 Safari/604.1"
197.211.52.179 - - [04/Dec/2025:13:38:45 +0000] "GET /wp-includes/js/dist/vendor/wp-polyfill.min.js?ver=3.15.0 HTTP/1.1" 200 115127 "https://ondostate.gov.ng/index.php/2024/08/28/gov-aiyedatiwa-amotekun-has-come-to-stay-in-ondo-nigeria-needs-state-police-to-fight-insecurity/" "Mozilla/5.0 (iPhone; CPU iPhone OS 15_4_1 like Mac OS X) AppleWebKit/605.1.15 (KHTML, like Gecko) Version/15.4 Mobile/15E148 Safari/604.1"
197.211.52.179 - - [04/Dec/2025:13:38:45 +0000] "GET /wp-includes/js/dist/hooks.min.js?ver=c6aec9a8d4e5a5d543a1 HTTP/1.1" 200 4627 "https://ondostate.gov.ng/index.php/2024/08/28/gov-aiyedatiwa-amotekun-has-come-to-stay-in-ondo-nigeria-needs-state-police-to-fight-insecurity/" "Mozilla/5.0 (iPhone; CPU iPhone OS 15_4_1 like Mac OS X) AppleWebKit/605.1.15 (KHTML, like Gecko) Version/15.4 Mobile/15E148 Safari/604.1"
197.211.52.179 - - [04/Dec/2025:13:38:45 +0000] "GET /wp-includes/js/dist/i18n.min.js?ver=7701b0c3857f914212ef HTTP/1.1" 200 9445 "https://ondostate.gov.ng/index.php/2024/08/28/gov-aiyedatiwa-amotekun-has-come-to-stay-in-ondo-nigeria-needs-state-police-to-fight-insecurity/" "Mozilla/5.0 (iPhone; CPU iPhone OS 15_4_1 like Mac OS X) AppleWebKit/605.1.15 (KHTML, like Gecko) Version/15.4 Mobile/15E148 Safari/604.1"
197.211.52.179 - - [04/Dec/2025:13:38:46 +0000] "GET /wp-content/plugins/elementor/assets/lib/waypoints/waypoints.min.js?ver=4.0.2 HTTP/1.1" 200 12198 "https://ondostate.gov.ng/index.php/2024/08/28/gov-aiyedatiwa-amotekun-has-come-to-stay-in-ondo-nigeria-needs-state-police-to-fight-insecurity/" "Mozilla/5.0 (iPhone; CPU iPhone OS 15_4_1 like Mac OS X) AppleWebKit/605.1.15 (KHTML, like Gecko) Version/15.4 Mobile/15E148 Safari/604.1"
197.211.52.179 - - [04/Dec/2025:13:38:46 +0000] "GET /wp-content/plugins/elementor-pro-old/assets/js/frontend.min.js?ver=3.6.5 HTTP/1.1" 200 20713 "https://ondostate.gov.ng/index.php/2024/08/28/gov-aiyedatiwa-amotekun-has-come-to-stay-in-ondo-nigeria-needs-state-police-to-fight-insecurity/" "Mozilla/5.0 (iPhone; CPU iPhone OS 15_4_1 like Mac OS X) AppleWebKit/605.1.15 (KHTML, like Gecko) Version/15.4 Mobile/15E148 Safari/604.1"
197.211.52.179 - - [04/Dec/2025:13:38:48 +0000] "GET /wp-includes/js/jquery/ui/core.min.js?ver=1.13.2 HTTP/1.1" 200 21438 "https://ondostate.gov.ng/index.php/2024/08/28/gov-aiyedatiwa-amotekun-has-come-to-stay-in-ondo-nigeria-needs-state-police-to-fight-insecurity/" "Mozilla/5.0 (iPhone; CPU iPhone OS 15_4_1 like Mac OS X) AppleWebKit/605.1.15 (KHTML, like Gecko) Version/15.4 Mobile/15E148 Safari/604.1"
197.211.52.179 - - [04/Dec/2025:13:38:48 +0000] "GET /wp-content/plugins/ht-mega-for-elementor/assets/js/swiper.min.js?ver=1.9.8 HTTP/1.1" 200 124645 "https://ondostate.gov.ng/index.php/2024/08/28/gov-aiyedatiwa-amotekun-has-come-to-stay-in-ondo-nigeria-needs-state-police-to-fight-insecurity/" "Mozilla/5.0 (iPhone; CPU iPhone OS 15_4_1 like Mac OS X) AppleWebKit/605.1.15 (KHTML, like Gecko) Version/15.4 Mobile/15E148 Safari/604.1"
197.211.52.179 - - [04/Dec/2025:13:38:48 +0000] "GET /wp-content/plugins/elementor/assets/lib/share-link/share-link.min.js?ver=3.11.1 HTTP/1.1" 200 2620 "https://ondostate.gov.ng/index.php/2024/08/28/gov-aiyedatiwa-amotekun-has-come-to-stay-in-ondo-nigeria-needs-state-police-to-fight-insecurity/" "Mozilla/5.0 (iPhone; CPU iPhone OS 15_4_1 like Mac OS X) AppleWebKit/605.1.15 (KHTML, like Gecko) Version/15.4 Mobile/15E148 Safari/604.1"
197.211.52.179 - - [04/Dec/2025:13:38:48 +0000] "GET /wp-content/plugins/elementor/assets/lib/dialog/dialog.min.js?ver=4.9.0 HTTP/1.1" 200 10749 "https://ondostate.gov.ng/index.php/2024/08/28/gov-aiyedatiwa-amotekun-has-come-to-stay-in-ondo-nigeria-needs-state-police-to-fight-insecurity/" "Mozilla/5.0 (iPhone; CPU iPhone OS 15_4_1 like Mac OS X) AppleWebKit/605.1.15 (KHTML, like Gecko) Version/15.4 Mobile/15E148 Safari/604.1"
197.211.52.179 - - [04/Dec/2025:13:38:50 +0000] "GET /wp-content/plugins/elementor/assets/js/frontend.min.js?ver=3.11.1 HTTP/1.1" 200 41883 "https://ondostate.gov.ng/index.php/2024/08/28/gov-aiyedatiwa-amotekun-has-come-to-stay-in-ondo-nigeria-needs-state-police-to-fight-insecurity/" "Mozilla/5.0 (iPhone; CPU iPhone OS 15_4_1 like Mac OS X) AppleWebKit/605.1.15 (KHTML, like Gecko) Version/15.4 Mobile/15E148 Safari/604.1"
197.211.52.179 - - [04/Dec/2025:13:38:56 +0000] "GET /wp-content/plugins/elementor-pro-old/assets/js/preloaded-elements-handlers.min.js?ver=3.6.5 HTTP/1.1" 200 132890 "https://ondostate.gov.ng/index.php/2024/08/28/gov-aiyedatiwa-amotekun-has-come-to-stay-in-ondo-nigeria-needs-state-police-to-fight-insecurity/" "Mozilla/5.0 (iPhone; CPU iPhone OS 15_4_1 like Mac OS X) AppleWebKit/605.1.15 (KHTML, like Gecko) Version/15.4 Mobile/15E148 Safari/604.1"
197.211.52.179 - - [04/Dec/2025:13:38:56 +0000] "GET /wp-content/plugins/elementor/assets/js/preloaded-modules.min.js?ver=3.11.1 HTTP/1.1" 200 44785 "https://ondostate.gov.ng/index.php/2024/08/28/gov-aiyedatiwa-amotekun-has-come-to-stay-in-ondo-nigeria-needs-state-police-to-fight-insecurity/" "Mozilla/5.0 (iPhone; CPU iPhone OS 15_4_1 like Mac OS X) AppleWebKit/605.1.15 (KHTML, like Gecko) Version/15.4 Mobile/15E148 Safari/604.1"
197.211.52.179 - - [04/Dec/2025:13:38:56 +0000] "GET /wp-content/plugins/elementor-pro-old/assets/lib/sticky/jquery.sticky.min.js?ver=3.6.5 HTTP/1.1" 200 3236 "https://ondostate.gov.ng/index.php/2024/08/28/gov-aiyedatiwa-amotekun-has-come-to-stay-in-ondo-nigeria-needs-state-police-to-fight-insecurity/" "Mozilla/5.0 (iPhone; CPU iPhone OS 15_4_1 like Mac OS X) AppleWebKit/605.1.15 (KHTML, like Gecko) Version/15.4 Mobile/15E148 Safari/604.1"
197.211.52.179 - - [04/Dec/2025:13:38:57 +0000] "GET /wp-includes/js/comment-reply.min.js?ver=6.4.7 HTTP/1.1" 200 2981 "https://ondostate.gov.ng/index.php/2024/08/28/gov-aiyedatiwa-amotekun-has-come-to-stay-in-ondo-nigeria-needs-state-police-to-fight-insecurity/" "Mozilla/5.0 (iPhone; CPU iPhone OS 15_4_1 like Mac OS X) AppleWebKit/605.1.15 (KHTML, like Gecko) Version/15.4 Mobile/15E148 Safari/604.1"
138.226.107.248 - - [04/Dec/2025:13:39:01 +0000] "GET /index.php/2024/07/18/gov-aiyedatiwa-promises-more-appointments-empowerment-for-women/ondostate.gov.ng HTTP/1.1" 404 150498 "-" "Mozilla/5.0 (Macintosh; Intel Mac OS X 10_15_7) AppleWebKit/605.1.15 (KHTML, like Gecko) Version/17.10 Safari/605.1.1"
157.90.156.63 - - [04/Dec/2025:13:39:26 +0000] "HEAD / HTTP/1.1" 200 0 "http://ondostate.gov.ng/" "Mozilla/5.0+(compatible; UptimeRobot/2.0; http://www.uptimerobot.com/)"
143.105.174.244 - - [04/Dec/2025:13:39:34 +0000] "GET /?s=education HTTP/1.1" 200 146747 "https://ondostate.gov.ng/index.php/mda/" "Mozilla/5.0 (Windows NT 10.0; Win64; x64) AppleWebKit/537.36 (KHTML, like Gecko) Chrome/142.0.0.0 Safari/537.36"
185.191.171.6 - - [04/Dec/2025:13:39:35 +0000] "GET /index.php/2024/12/28/ondo-attorney-general-raises-alarm-over-state-assets-in-private-hands-one-year-after-transition/ HTTP/1.1" 200 143565 "-" "Mozilla/5.0 (compatible; SemrushBot/7~bl; +http://www.semrush.com/bot.html)"
143.105.174.244 - - [04/Dec/2025:13:39:35 +0000] "GET /wp-content/uploads/elementor/css/post-537.css?ver=1723728809 HTTP/1.1" 200 6455 "https://ondostate.gov.ng/?s=education" "Mozilla/5.0 (Windows NT 10.0; Win64; x64) AppleWebKit/537.36 (KHTML, like Gecko) Chrome/142.0.0.0 Safari/537.36"
143.105.174.244 - - [04/Dec/2025:13:39:40 +0000] "GET /wp-content/uploads/essential-addons-elementor/734e5f942.min.css?ver=1764855574 HTTP/1.1" 200 695452 "https://ondostate.gov.ng/?s=education" "Mozilla/5.0 (Windows NT 10.0; Win64; x64) AppleWebKit/537.36 (KHTML, like Gecko) Chrome/142.0.0.0 Safari/537.36"
143.105.174.244 - - [04/Dec/2025:13:39:41 +0000] "GET /wp-content/uploads/essential-addons-elementor/734e5f942.min.js?ver=1764855574 HTTP/1.1" 200 1058829 "https://ondostate.gov.ng/?s=education" "Mozilla/5.0 (Windows NT 10.0; Win64; x64) AppleWebKit/537.36 (KHTML, like Gecko) Chrome/142.0.0.0 Safari/537.36"
98.83.178.66 - - [04/Dec/2025:13:39:48 +0000] "GET / HTTP/1.1" 200 187056 "-" "Mozilla/5.0 AppleWebKit/537.36 (KHTML, like Gecko; compatible; Amazonbot/0.1; +https://developer.amazon.com/support/amazonbot) Chrome/119.0.6045.214 Safari/537.36"
197.211.52.179 - - [04/Dec/2025:13:39:49 +0000] "GET /wp-content/uploads/essential-addons-elementor/734e5f942.min.js?ver=1764855469 HTTP/1.1" 200 917262 "https://ondostate.gov.ng/index.php/2024/08/28/gov-aiyedatiwa-amotekun-has-come-to-stay-in-ondo-nigeria-needs-state-police-to-fight-insecurity/" "Mozilla/5.0 (iPhone; CPU iPhone OS 15_4_1 like Mac OS X) AppleWebKit/605.1.15 (KHTML, like Gecko) Version/15.4 Mobile/15E148 Safari/604.1"
88.216.110.212 - - [04/Dec/2025:13:39:57 +0000] "GET /index.php/2025/01/22/we-are-attracting-investments-to-drive-our-economy-development-says-gov-aiyedatiwa/ HTTP/1.1" 200 144594 "-" "Mozilla/5.0 (X11; Linux x86_64) AppleWebKit/537.36 (KHTML, like Gecko) Chrome/134.0.0.0 Safari/537.3"
143.105.174.244 - - [04/Dec/2025:13:40:00 +0000] "GET /index.php/contact/ HTTP/1.1" 200 159854 "https://ondostate.gov.ng/?s=education" "Mozilla/5.0 (Windows NT 10.0; Win64; x64) AppleWebKit/537.36 (KHTML, like Gecko) Chrome/142.0.0.0 Safari/537.36"
143.105.174.244 - - [04/Dec/2025:13:40:00 +0000] "GET /wp-content/uploads/elementor/css/post-565.css?ver=1723722936 HTTP/1.1" 200 9361 "https://ondostate.gov.ng/index.php/contact/" "Mozilla/5.0 (Windows NT 10.0; Win64; x64) AppleWebKit/537.36 (KHTML, like Gecko) Chrome/142.0.0.0 Safari/537.36"
143.105.174.244 - - [04/Dec/2025:13:40:01 +0000] "GET /wp-content/uploads/2020/11/icons.png HTTP/1.1" 200 17134 "https://ondostate.gov.ng/index.php/contact/" "Mozilla/5.0 (Windows NT 10.0; Win64; x64) AppleWebKit/537.36 (KHTML, like Gecko) Chrome/142.0.0.0 Safari/537.36"
143.105.174.244 - - [04/Dec/2025:13:40:01 +0000] "GET /wp-content/uploads/elementor/css/post-578.css?ver=1723722937 HTTP/1.1" 200 2595 "https://ondostate.gov.ng/index.php/contact/" "Mozilla/5.0 (Windows NT 10.0; Win64; x64) AppleWebKit/537.36 (KHTML, like Gecko) Chrome/142.0.0.0 Safari/537.36"
31.13.115.9 - - [04/Dec/2025:13:40:15 +0000] "GET /wp-content/uploads/2020/11/cropped-logo-3-1-192x192.png HTTP/1.1" 200 16917 "-" "facebookexternalhit/1.1 (+http://www.facebook.com/externalhit_uatext.php)"
52.203.237.170 - - [04/Dec/2025:13:40:23 +0000] "GET / HTTP/1.1" 301 5 "-" "Mozilla/5.0 AppleWebKit/537.36 (KHTML, like Gecko; compatible; Amazonbot/0.1; +https://developer.amazon.com/support/amazonbot) Chrome/119.0.6045.214 Safari/537.36"
34.233.219.155 - - [04/Dec/2025:13:40:24 +0000] "GET / HTTP/1.1" 200 187056 "-" "Mozilla/5.0 AppleWebKit/537.36 (KHTML, like Gecko; compatible; Amazonbot/0.1; +https://developer.amazon.com/support/amazonbot) Chrome/119.0.6045.214 Safari/537.36"
143.105.174.244 - - [04/Dec/2025:13:40:28 +0000] "GET /index.php/executive-council/ HTTP/1.1" 200 179512 "https://ondostate.gov.ng/index.php/contact/" "Mozilla/5.0 (Windows NT 10.0; Win64; x64) AppleWebKit/537.36 (KHTML, like Gecko) Chrome/142.0.0.0 Safari/537.36"
143.105.174.244 - - [04/Dec/2025:13:40:29 +0000] "GET /wp-content/uploads/elementor/css/post-261.css?ver=1764324223 HTTP/1.1" 200 53113 "https://ondostate.gov.ng/index.php/executive-council/" "Mozilla/5.0 (Windows NT 10.0; Win64; x64) AppleWebKit/537.36 (KHTML, like Gecko) Chrome/142.0.0.0 Safari/537.36"
143.105.174.244 - - [04/Dec/2025:13:40:29 +0000] "GET /wp-content/uploads/2024/01/GDWA_SiXkAAnrB1-1.jpeg HTTP/1.1" 200 80782 "https://ondostate.gov.ng/index.php/executive-council/" "Mozilla/5.0 (Windows NT 10.0; Win64; x64) AppleWebKit/537.36 (KHTML, like Gecko) Chrome/142.0.0.0 Safari/537.36"
143.105.174.244 - - [04/Dec/2025:13:40:29 +0000] "GET /wp-content/uploads/2025/01/WhatsApp-Image-2025-01-13-at-11.52.03_3d0990df.jpg HTTP/1.1" 200 84865 "https://ondostate.gov.ng/index.php/executive-council/" "Mozilla/5.0 (Windows NT 10.0; Win64; x64) AppleWebKit/537.36 (KHTML, like Gecko) Chrome/142.0.0.0 Safari/537.36"
143.105.174.244 - - [04/Dec/2025:13:40:29 +0000] "GET /wp-content/uploads/2024/03/ajulo.webp HTTP/1.1" 200 28320 "https://ondostate.gov.ng/index.php/executive-council/" "Mozilla/5.0 (Windows NT 10.0; Win64; x64) AppleWebKit/537.36 (KHTML, like Gecko) Chrome/142.0.0.0 Safari/537.36"
143.105.174.244 - - [04/Dec/2025:13:40:30 +0000] "GET /wp-content/uploads/elementor/thumbs/WhatsApp-Image-2025-02-25-at-18.03.40-r22b2s28mnsxwl9x9kagqdlseknzwx2wzvnq8xei00.jpeg HTTP/1.1" 200 14271 "https://ondostate.gov.ng/index.php/executive-council/" "Mozilla/5.0 (Windows NT 10.0; Win64; x64) AppleWebKit/537.36 (KHTML, like Gecko) Chrome/142.0.0.0 Safari/537.36"
143.105.174.244 - - [04/Dec/2025:13:40:30 +0000] "GET /wp-content/uploads/elementor/thumbs/IMG-20240621-WA0046-qucot90ck9l41hg8rtx6o0s8dd6c3jpjz90pd6us2o.jpg HTTP/1.1" 200 21252 "https://ondostate.gov.ng/index.php/executive-council/" "Mozilla/5.0 (Windows NT 10.0; Win64; x64) AppleWebKit/537.36 (KHTML, like Gecko) Chrome/142.0.0.0 Safari/537.36"
143.105.174.244 - - [04/Dec/2025:13:40:30 +0000] "GET /wp-content/uploads/elementor/thumbs/hos-qucov9dx6ic6vgj4177gi0iq419lk8ovx793bhvgrk.jpg HTTP/1.1" 200 18668 "https://ondostate.gov.ng/index.php/executive-council/" "Mozilla/5.0 (Windows NT 10.0; Win64; x64) AppleWebKit/537.36 (KHTML, like Gecko) Chrome/142.0.0.0 Safari/537.36"
143.105.174.244 - - [04/Dec/2025:13:40:31 +0000] "GET /wp-content/uploads/2025/01/cof-removebg-preview2.png HTTP/1.1" 200 264086 "https://ondostate.gov.ng/index.php/executive-council/" "Mozilla/5.0 (Windows NT 10.0; Win64; x64) AppleWebKit/537.36 (KHTML, like Gecko) Chrome/142.0.0.0 Safari/537.36"
143.105.174.244 - - [04/Dec/2025:13:40:31 +0000] "GET /wp-content/uploads/2024/10/seun-osamaye.jpg HTTP/1.1" 200 135545 "https://ondostate.gov.ng/index.php/executive-council/" "Mozilla/5.0 (Windows NT 10.0; Win64; x64) AppleWebKit/537.36 (KHTML, like Gecko) Chrome/142.0.0.0 Safari/537.36"
143.105.174.244 - - [04/Dec/2025:13:40:31 +0000] "GET /wp-content/uploads/2025/07/Commissioner_new-2.jpg HTTP/1.1" 200 118008 "https://ondostate.gov.ng/index.php/executive-council/" "Mozilla/5.0 (Windows NT 10.0; Win64; x64) AppleWebKit/537.36 (KHTML, like Gecko) Chrome/142.0.0.0 Safari/537.36"
143.105.174.244 - - [04/Dec/2025:13:40:35 +0000] "GET /wp-content/uploads/2025/01/WhatsApp-Image-2025-01-28-at-20.36.18.jpeg HTTP/1.1" 200 53693 "https://ondostate.gov.ng/index.php/executive-council/" "Mozilla/5.0 (Windows NT 10.0; Win64; x64) AppleWebKit/537.36 (KHTML, like Gecko) Chrome/142.0.0.0 Safari/537.36"
143.105.174.244 - - [04/Dec/2025:13:40:35 +0000] "GET /wp-content/uploads/2024/04/Wale-Akinlosotu.jpg HTTP/1.1" 200 52969 "https://ondostate.gov.ng/index.php/executive-council/" "Mozilla/5.0 (Windows NT 10.0; Win64; x64) AppleWebKit/537.36 (KHTML, like Gecko) Chrome/142.0.0.0 Safari/537.36"
143.105.174.244 - - [04/Dec/2025:13:40:35 +0000] "GET /wp-content/uploads/2025/03/john.jpeg HTTP/1.1" 200 44615 "https://ondostate.gov.ng/index.php/executive-council/" "Mozilla/5.0 (Windows NT 10.0; Win64; x64) AppleWebKit/537.36 (KHTML, like Gecko) Chrome/142.0.0.0 Safari/537.36"
143.105.174.244 - - [04/Dec/2025:13:40:39 +0000] "GET /wp-content/uploads/2025/07/commi.jpg HTTP/1.1" 200 55110 "https://ondostate.gov.ng/index.php/executive-council/" "Mozilla/5.0 (Windows NT 10.0; Win64; x64) AppleWebKit/537.36 (KHTML, like Gecko) Chrome/142.0.0.0 Safari/537.36"
143.105.174.244 - - [04/Dec/2025:13:40:39 +0000] "GET /wp-content/uploads/2025/07/ajibefun.jpg HTTP/1.1" 200 7217 "https://ondostate.gov.ng/index.php/executive-council/" "Mozilla/5.0 (Windows NT 10.0; Win64; x64) AppleWebKit/537.36 (KHTML, like Gecko) Chrome/142.0.0.0 Safari/537.36"
143.105.174.244 - - [04/Dec/2025:13:40:39 +0000] "GET /wp-content/uploads/2025/07/ajanaku.jpeg HTTP/1.1" 200 50060 "https://ondostate.gov.ng/index.php/executive-council/" "Mozilla/5.0 (Windows NT 10.0; Win64; x64) AppleWebKit/537.36 (KHTML, like Gecko) Chrome/142.0.0.0 Safari/537.36"
143.105.174.244 - - [04/Dec/2025:13:40:44 +0000] "GET /wp-content/uploads/2025/07/WhatsApp-Image-2025-07-16-at-10.00.30-AM.jpeg HTTP/1.1" 200 52543 "https://ondostate.gov.ng/index.php/executive-council/" "Mozilla/5.0 (Windows NT 10.0; Win64; x64) AppleWebKit/537.36 (KHTML, like Gecko) Chrome/142.0.0.0 Safari/537.36"
143.105.174.244 - - [04/Dec/2025:13:40:44 +0000] "GET /wp-content/uploads/2025/07/olajide.jpeg HTTP/1.1" 200 68365 "https://ondostate.gov.ng/index.php/executive-council/" "Mozilla/5.0 (Windows NT 10.0; Win64; x64) AppleWebKit/537.36 (KHTML, like Gecko) Chrome/142.0.0.0 Safari/537.36"
143.105.174.244 - - [04/Dec/2025:13:40:44 +0000] "GET /wp-content/uploads/2025/07/Adem.jpeg HTTP/1.1" 200 5712 "https://ondostate.gov.ng/index.php/executive-council/" "Mozilla/5.0 (Windows NT 10.0; Win64; x64) AppleWebKit/537.36 (KHTML, like Gecko) Chrome/142.0.0.0 Safari/537.36"
143.105.174.244 - - [04/Dec/2025:13:40:46 +0000] "GET /wp-content/uploads/2025/07/odimayo.jpeg HTTP/1.1" 200 61575 "https://ondostate.gov.ng/index.php/executive-council/" "Mozilla/5.0 (Windows NT 10.0; Win64; x64) AppleWebKit/537.36 (KHTML, like Gecko) Chrome/142.0.0.0 Safari/537.36"
143.105.174.244 - - [04/Dec/2025:13:40:46 +0000] "GET /wp-content/uploads/2025/07/WhatsApp-Image-2025-07-16-at-10.35.27-AM.jpeg HTTP/1.1" 200 9915 "https://ondostate.gov.ng/index.php/executive-council/" "Mozilla/5.0 (Windows NT 10.0; Win64; x64) AppleWebKit/537.36 (KHTML, like Gecko) Chrome/142.0.0.0 Safari/537.36"
143.105.174.244 - - [04/Dec/2025:13:40:47 +0000] "GET /wp-content/uploads/2025/11/WhatsApp-Image-2025-11-28-at-08.44.07-1.jpeg HTTP/1.1" 200 64262 "https://ondostate.gov.ng/index.php/executive-council/" "Mozilla/5.0 (Windows NT 10.0; Win64; x64) AppleWebKit/537.36 (KHTML, like Gecko) Chrome/142.0.0.0 Safari/537.36"
143.105.174.244 - - [04/Dec/2025:13:40:52 +0000] "GET /wp-content/uploads/2022/03/Razaq-Obe.png.jpg HTTP/1.1" 200 6802 "https://ondostate.gov.ng/index.php/executive-council/" "Mozilla/5.0 (Windows NT 10.0; Win64; x64) AppleWebKit/537.36 (KHTML, like Gecko) Chrome/142.0.0.0 Safari/537.36"
143.105.174.244 - - [04/Dec/2025:13:40:53 +0000] "GET /wp-content/uploads/2025/07/Ajaka3.png HTTP/1.1" 200 2074101 "https://ondostate.gov.ng/index.php/executive-council/" "Mozilla/5.0 (Windows NT 10.0; Win64; x64) AppleWebKit/537.36 (KHTML, like Gecko) Chrome/142.0.0.0 Safari/537.36"
143.105.174.244 - - [04/Dec/2025:13:40:55 +0000] "GET /wp-content/uploads/2025/07/Aminu.png HTTP/1.1" 200 2544079 "https://ondostate.gov.ng/index.php/executive-council/" "Mozilla/5.0 (Windows NT 10.0; Win64; x64) AppleWebKit/537.36 (KHTML, like Gecko) Chrome/142.0.0.0 Safari/537.36"
23.239.177.75 - - [04/Dec/2025:13:40:56 +0000] "GET /index.php/2025/11/10/fg-odsg-push-for-digital-data-driven-education-reforms/ HTTP/1.1" 200 147399 "-" "Mozilla/5.0 (Macintosh; Intel Mac OS X 10_15_7) AppleWebKit/537.36 (KHTML, like Gecko) Chrome/113.0.0.0 Safari/537.3"
43.173.176.5 - - [04/Dec/2025:13:40:56 +0000] "GET /?p=12092 HTTP/1.1" 301 5 "-" "Mozilla/5.0 (Windows NT 6.1; Win64; x64) AppleWebKit/537.36 (KHTML, like Gecko) Chrome/126.0.6478.114 Safari/537.36"
43.173.176.5 - - [04/Dec/2025:13:40:57 +0000] "GET /index.php/berap-2024-minute-of-meeting-and-attendance/ HTTP/1.1" 200 135106 "https://ondostate.gov.ng/?p=12092" "Mozilla/5.0 (Windows NT 6.1; Win64; x64) AppleWebKit/537.36 (KHTML, like Gecko) Chrome/126.0.6478.114 Safari/537.36"
143.105.174.244 - - [04/Dec/2025:13:40:57 +0000] "GET /wp-content/uploads/2025/07/Serious-Gaze-Against-a-Yellow-Wall.png HTTP/1.1" 200 1747740 "https://ondostate.gov.ng/index.php/executive-council/" "Mozilla/5.0 (Windows NT 10.0; Win64; x64) AppleWebKit/537.36 (KHTML, like Gecko) Chrome/142.0.0.0 Safari/537.36"
43.173.172.209 - - [04/Dec/2025:13:40:59 +0000] "GET /wp-content/uploads/essential-addons-elementor/734e5f942.min.js?ver=1764855656 HTTP/1.1" 200 1058829 "https://ondostate.gov.ng/?p=12092" "Mozilla/5.0 (Windows NT 6.1; Win64; x64) AppleWebKit/537.36 (KHTML, like Gecko) Chrome/126.0.6478.114 Safari/537.36"
43.173.173.218 - - [04/Dec/2025:13:41:00 +0000] "GET /wp-content/uploads/essential-addons-elementor/734e5f942.min.css?ver=1764855656 HTTP/1.1" 200 695452 "https://ondostate.gov.ng/?p=12092" "Mozilla/5.0 (Windows NT 6.1; Win64; x64) AppleWebKit/537.36 (KHTML, like Gecko) Chrome/126.0.6478.114 Safari/537.36"
143.105.174.244 - - [04/Dec/2025:13:41:00 +0000] "GET /wp-content/uploads/2025/07/Yoruba-Elegance-in-Traditional-Attire-1.png HTTP/1.1" 200 2748132 "https://ondostate.gov.ng/index.php/executive-council/" "Mozilla/5.0 (Windows NT 10.0; Win64; x64) AppleWebKit/537.36 (KHTML, like Gecko) Chrome/142.0.0.0 Safari/537.36"
92.205.228.122 - - [04/Dec/2025:13:41:06 +0000] "POST /wp-cron.php?doing_wp_cron=1764855666.1414330005645751953125 HTTP/1.1" 200 5 "-" "WordPress/6.4.7; https://ondostate.gov.ng"
137.135.190.252 - - [04/Dec/2025:13:41:06 +0000] "GET /index.php/2025/10/13/south-west-development-commission-will-fast-track-regional-growth-bridge-gaps-says-gov-aiyedatiwa/ HTTP/1.1" 200 147266 "-" "Mozilla/5.0 AppleWebKit/537.36 (KHTML, like Gecko); compatible; ChatGPT-User/1.0; +https://openai.com/bot"
84.37.221.252 - - [04/Dec/2025:13:41:58 +0000] "GET /index.php/2024/10/29/my-administration-not-tampering-with-lg-funds-gov-aiyedatiwa-tells-community-leaders/ HTTP/1.1" 200 145317 "-" "Mozilla/5.0 (X11; Linux x86_64) AppleWebKit/537.36 (KHTML, like Gecko) Chrome/134.0.0.0 Safari/537.3"
