193.75.63.202 - - [04/Dec/2025:13:10:51 +0000] "GET /wp-content/plugins/elementor/assets/lib/font-awesome/js/v4-shims.min.js?ver=5.1.7 HTTP/1.1" 200 15055 "https://ondostate.gov.ng/" "Mozilla/5.0 (Linux; Android 10; K) AppleWebKit/537.36 (KHTML, like Gecko) Chrome/142.0.0.0 Mobile Safari/537.36"
193.75.63.202 - - [04/Dec/2025:13:10:51 +0000] "GET /wp-content/uploads/2025/12/WhatsApp-Image-2025-12-01-at-11.03.46-AM-768x512.jpeg HTTP/1.1" 200 46355 "https://ondostate.gov.ng/" "Mozilla/5.0 (Linux; Android 10; K) AppleWebKit/537.36 (KHTML, like Gecko) Chrome/142.0.0.0 Mobile Safari/537.36"
193.75.63.202 - - [04/Dec/2025:13:10:51 +0000] "GET /wp-content/plugins/sticky-header-effects-for-elementor/assets/js/she-header.js?ver=1.5.5 HTTP/1.1" 200 5615 "https://ondostate.gov.ng/" "Mozilla/5.0 (Linux; Android 10; K) AppleWebKit/537.36 (KHTML, like Gecko) Chrome/142.0.0.0 Mobile Safari/537.36"
193.75.63.202 - - [04/Dec/2025:13:10:51 +0000] "GET /wp-content/uploads/2025/12/WhatsApp-Image-2025-12-01-at-10.56.00-AM-1-768x548.jpeg HTTP/1.1" 200 86468 "https://ondostate.gov.ng/" "Mozilla/5.0 (Linux; Android 10; K) AppleWebKit/537.36 (KHTML, like Gecko) Chrome/142.0.0.0 Mobile Safari/537.36"
193.75.63.202 - - [04/Dec/2025:13:10:51 +0000] "GET /wp-content/uploads/2025/10/gov222-768x960.jpeg HTTP/1.1" 200 76310 "https://ondostate.gov.ng/" "Mozilla/5.0 (Linux; Android 10; K) AppleWebKit/537.36 (KHTML, like Gecko) Chrome/142.0.0.0 Mobile Safari/537.36"
193.75.63.202 - - [04/Dec/2025:13:10:51 +0000] "GET /wp-content/plugins/elementor/assets/lib/e-gallery/css/e-gallery.min.css?ver=1.2.0 HTTP/1.1" 200 3303 "https://ondostate.gov.ng/" "Mozilla/5.0 (Linux; Android 10; K) AppleWebKit/537.36 (KHTML, like Gecko) Chrome/142.0.0.0 Mobile Safari/537.36"
193.75.63.202 - - [04/Dec/2025:13:10:51 +0000] "GET /wp-content/plugins/elementor/assets/lib/animations/animations.min.css?ver=3.11.1 HTTP/1.1" 200 18468 "https://ondostate.gov.ng/" "Mozilla/5.0 (Linux; Android 10; K) AppleWebKit/537.36 (KHTML, like Gecko) Chrome/142.0.0.0 Mobile Safari/537.36"
193.75.63.202 - - [04/Dec/2025:13:10:51 +0000] "GET /wp-content/themes/astra/assets/js/minified/style.min.js?ver=2.6.1 HTTP/1.1" 200 10594 "https://ondostate.gov.ng/" "Mozilla/5.0 (Linux; Android 10; K) AppleWebKit/537.36 (KHTML, like Gecko) Chrome/142.0.0.0 Mobile Safari/537.36"
193.75.63.202 - - [04/Dec/2025:13:10:51 +0000] "GET /wp-content/plugins/ht-mega-for-elementor/assets/js/popper.min.js?ver=1.9.8 HTTP/1.1" 200 18994 "https://ondostate.gov.ng/" "Mozilla/5.0 (Linux; Android 10; K) AppleWebKit/537.36 (KHTML, like Gecko) Chrome/142.0.0.0 Mobile Safari/537.36"
193.75.63.202 - - [04/Dec/2025:13:10:51 +0000] "GET /wp-content/plugins/ht-mega-for-elementor/assets/js/htbbootstrap.js?ver=1.9.8 HTTP/1.1" 200 62890 "https://ondostate.gov.ng/" "Mozilla/5.0 (Linux; Android 10; K) AppleWebKit/537.36 (KHTML, like Gecko) Chrome/142.0.0.0 Mobile Safari/537.36"
193.75.63.202 - - [04/Dec/2025:13:10:51 +0000] "GET /wp-content/plugins/ht-mega-for-elementor/assets/js/waypoints.js?ver=1.9.8 HTTP/1.1" 200 9029 "https://ondostate.gov.ng/" "Mozilla/5.0 (Linux; Android 10; K) AppleWebKit/537.36 (KHTML, like Gecko) Chrome/142.0.0.0 Mobile Safari/537.36"
193.75.63.202 - - [04/Dec/2025:13:10:51 +0000] "GET /wp-content/plugins/elementor-pro-old/assets/lib/smartmenus/jquery.smartmenus.min.js?ver=1.0.1 HTTP/1.1" 200 25202 "https://ondostate.gov.ng/" "Mozilla/5.0 (Linux; Android 10; K) AppleWebKit/537.36 (KHTML, like Gecko) Chrome/142.0.0.0 Mobile Safari/537.36"
193.75.63.202 - - [04/Dec/2025:13:10:51 +0000] "GET /wp-includes/js/imagesloaded.min.js?ver=5.0.0 HTTP/1.1" 200 5520 "https://ondostate.gov.ng/" "Mozilla/5.0 (Linux; Android 10; K) AppleWebKit/537.36 (KHTML, like Gecko) Chrome/142.0.0.0 Mobile Safari/537.36"
193.75.63.202 - - [04/Dec/2025:13:10:51 +0000] "GET /wp-content/plugins/elementor/assets/lib/jquery-numerator/jquery-numerator.min.js?ver=0.2.1 HTTP/1.1" 200 1801 "https://ondostate.gov.ng/" "Mozilla/5.0 (Linux; Android 10; K) AppleWebKit/537.36 (KHTML, like Gecko) Chrome/142.0.0.0 Mobile Safari/537.36"
193.75.63.202 - - [04/Dec/2025:13:10:51 +0000] "GET /wp-content/plugins/elementor/assets/lib/e-gallery/js/e-gallery.min.js?ver=1.2.0 HTTP/1.1" 200 15347 "https://ondostate.gov.ng/" "Mozilla/5.0 (Linux; Android 10; K) AppleWebKit/537.36 (KHTML, like Gecko) Chrome/142.0.0.0 Mobile Safari/537.36"
193.75.63.202 - - [04/Dec/2025:13:10:51 +0000] "GET /wp-content/plugins/elementor-pro-old/assets/js/webpack-pro.runtime.min.js?ver=3.6.5 HTTP/1.1" 200 5125 "https://ondostate.gov.ng/" "Mozilla/5.0 (Linux; Android 10; K) AppleWebKit/537.36 (KHTML, like Gecko) Chrome/142.0.0.0 Mobile Safari/537.36"
193.75.63.202 - - [04/Dec/2025:13:10:51 +0000] "GET /wp-content/plugins/elementor/assets/js/webpack.runtime.min.js?ver=3.11.1 HTTP/1.1" 200 4958 "https://ondostate.gov.ng/" "Mozilla/5.0 (Linux; Android 10; K) AppleWebKit/537.36 (KHTML, like Gecko) Chrome/142.0.0.0 Mobile Safari/537.36"
193.75.63.202 - - [04/Dec/2025:13:10:51 +0000] "GET /wp-content/plugins/elementor/assets/js/frontend-modules.min.js?ver=3.11.1 HTTP/1.1" 200 36460 "https://ondostate.gov.ng/" "Mozilla/5.0 (Linux; Android 10; K) AppleWebKit/537.36 (KHTML, like Gecko) Chrome/142.0.0.0 Mobile Safari/537.36"
193.75.63.202 - - [04/Dec/2025:13:10:51 +0000] "GET /wp-includes/js/dist/vendor/wp-polyfill-inert.min.js?ver=3.1.2 HTTP/1.1" 200 8171 "https://ondostate.gov.ng/" "Mozilla/5.0 (Linux; Android 10; K) AppleWebKit/537.36 (KHTML, like Gecko) Chrome/142.0.0.0 Mobile Safari/537.36"
193.75.63.202 - - [04/Dec/2025:13:10:51 +0000] "GET /wp-includes/js/dist/vendor/regenerator-runtime.min.js?ver=0.14.0 HTTP/1.1" 200 6625 "https://ondostate.gov.ng/" "Mozilla/5.0 (Linux; Android 10; K) AppleWebKit/537.36 (KHTML, like Gecko) Chrome/142.0.0.0 Mobile Safari/537.36"
193.75.63.202 - - [04/Dec/2025:13:10:51 +0000] "GET /wp-includes/js/dist/vendor/wp-polyfill.min.js?ver=3.15.0 HTTP/1.1" 200 115127 "https://ondostate.gov.ng/" "Mozilla/5.0 (Linux; Android 10; K) AppleWebKit/537.36 (KHTML, like Gecko) Chrome/142.0.0.0 Mobile Safari/537.36"
193.75.63.202 - - [04/Dec/2025:13:10:51 +0000] "GET /wp-includes/js/dist/hooks.min.js?ver=c6aec9a8d4e5a5d543a1 HTTP/1.1" 200 4627 "https://ondostate.gov.ng/" "Mozilla/5.0 (Linux; Android 10; K) AppleWebKit/537.36 (KHTML, like Gecko) Chrome/142.0.0.0 Mobile Safari/537.36"
193.75.63.202 - - [04/Dec/2025:13:10:51 +0000] "GET /wp-includes/js/dist/i18n.min.js?ver=7701b0c3857f914212ef HTTP/1.1" 200 9445 "https://ondostate.gov.ng/" "Mozilla/5.0 (Linux; Android 10; K) AppleWebKit/537.36 (KHTML, like Gecko) Chrome/142.0.0.0 Mobile Safari/537.36"
193.75.63.202 - - [04/Dec/2025:13:10:51 +0000] "GET /wp-content/plugins/elementor-pro-old/assets/js/frontend.min.js?ver=3.6.5 HTTP/1.1" 200 20713 "https://ondostate.gov.ng/" "Mozilla/5.0 (Linux; Android 10; K) AppleWebKit/537.36 (KHTML, like Gecko) Chrome/142.0.0.0 Mobile Safari/537.36"
193.75.63.202 - - [04/Dec/2025:13:10:51 +0000] "GET /wp-content/plugins/elementor/assets/lib/eicons/fonts/eicons.woff2?5.18.0 HTTP/1.1" 200 93868 "https://ondostate.gov.ng/wp-content/plugins/elementor/assets/lib/eicons/css/elementor-icons.min.css?ver=5.18.0" "Mozilla/5.0 (Linux; Android 10; K) AppleWebKit/537.36 (KHTML, like Gecko) Chrome/142.0.0.0 Mobile Safari/537.36"
193.75.63.202 - - [04/Dec/2025:13:10:51 +0000] "GET /wp-content/plugins/elementor/assets/lib/font-awesome/webfonts/fa-solid-900.woff2 HTTP/1.1" 200 78196 "https://ondostate.gov.ng/wp-content/plugins/elementor/assets/lib/font-awesome/css/all.min.css?ver=5.1.7" "Mozilla/5.0 (Linux; Android 10; K) AppleWebKit/537.36 (KHTML, like Gecko) Chrome/142.0.0.0 Mobile Safari/537.36"
193.75.63.202 - - [04/Dec/2025:13:10:51 +0000] "GET /wp-content/uploads/2025/10/banner-one.jpg HTTP/1.1" 200 738122 "https://ondostate.gov.ng/wp-content/uploads/elementor/css/post-15216.css?ver=1760544510" "Mozilla/5.0 (Linux; Android 10; K) AppleWebKit/537.36 (KHTML, like Gecko) Chrome/142.0.0.0 Mobile Safari/537.36"
193.75.63.202 - - [04/Dec/2025:13:10:51 +0000] "GET /wp-content/plugins/elementor/assets/lib/waypoints/waypoints.min.js?ver=4.0.2 HTTP/1.1" 200 12198 "https://ondostate.gov.ng/" "Mozilla/5.0 (Linux; Android 10; K) AppleWebKit/537.36 (KHTML, like Gecko) Chrome/142.0.0.0 Mobile Safari/537.36"
193.75.63.202 - - [04/Dec/2025:13:10:51 +0000] "GET /wp-content/uploads/2020/11/cropped-logo-3.png HTTP/1.1" 200 7875 "https://ondostate.gov.ng/" "Mozilla/5.0 (Linux; Android 10; K) AppleWebKit/537.36 (KHTML, like Gecko) Chrome/142.0.0.0 Mobile Safari/537.36"
193.75.63.202 - - [04/Dec/2025:13:10:51 +0000] "GET /wp-includes/js/jquery/ui/core.min.js?ver=1.13.2 HTTP/1.1" 200 21438 "https://ondostate.gov.ng/" "Mozilla/5.0 (Linux; Android 10; K) AppleWebKit/537.36 (KHTML, like Gecko) Chrome/142.0.0.0 Mobile Safari/537.36"
193.75.63.202 - - [04/Dec/2025:13:10:51 +0000] "GET /wp-content/plugins/ht-mega-for-elementor/assets/js/swiper.min.js?ver=1.9.8 HTTP/1.1" 200 124645 "https://ondostate.gov.ng/" "Mozilla/5.0 (Linux; Android 10; K) AppleWebKit/537.36 (KHTML, like Gecko) Chrome/142.0.0.0 Mobile Safari/537.36"
193.75.63.202 - - [04/Dec/2025:13:10:51 +0000] "GET /wp-content/plugins/elementor/assets/lib/share-link/share-link.min.js?ver=3.11.1 HTTP/1.1" 200 2620 "https://ondostate.gov.ng/" "Mozilla/5.0 (Linux; Android 10; K) AppleWebKit/537.36 (KHTML, like Gecko) Chrome/142.0.0.0 Mobile Safari/537.36"
193.75.63.202 - - [04/Dec/2025:13:10:51 +0000] "GET /wp-content/plugins/elementor/assets/lib/dialog/dialog.min.js?ver=4.9.0 HTTP/1.1" 200 10749 "https://ondostate.gov.ng/" "Mozilla/5.0 (Linux; Android 10; K) AppleWebKit/537.36 (KHTML, like Gecko) Chrome/142.0.0.0 Mobile Safari/537.36"
193.75.63.202 - - [04/Dec/2025:13:10:51 +0000] "GET /wp-content/plugins/elementor/assets/lib/font-awesome/webfonts/fa-regular-400.woff2 HTTP/1.1" 200 13276 "https://ondostate.gov.ng/wp-content/plugins/elementor/assets/lib/font-awesome/css/all.min.css?ver=5.1.7" "Mozilla/5.0 (Linux; Android 10; K) AppleWebKit/537.36 (KHTML, like Gecko) Chrome/142.0.0.0 Mobile Safari/537.36"
193.75.63.202 - - [04/Dec/2025:13:10:51 +0000] "GET /wp-content/plugins/elementor/assets/js/frontend.min.js?ver=3.11.1 HTTP/1.1" 200 41883 "https://ondostate.gov.ng/" "Mozilla/5.0 (Linux; Android 10; K) AppleWebKit/537.36 (KHTML, like Gecko) Chrome/142.0.0.0 Mobile Safari/537.36"
193.75.63.202 - - [04/Dec/2025:13:10:51 +0000] "GET /wp-content/plugins/elementor-pro-old/assets/js/preloaded-elements-handlers.min.js?ver=3.6.5 HTTP/1.1" 200 132890 "https://ondostate.gov.ng/" "Mozilla/5.0 (Linux; Android 10; K) AppleWebKit/537.36 (KHTML, like Gecko) Chrome/142.0.0.0 Mobile Safari/537.36"
193.75.63.202 - - [04/Dec/2025:13:10:51 +0000] "GET /wp-content/plugins/elementor/assets/js/preloaded-modules.min.js?ver=3.11.1 HTTP/1.1" 200 44785 "https://ondostate.gov.ng/" "Mozilla/5.0 (Linux; Android 10; K) AppleWebKit/537.36 (KHTML, like Gecko) Chrome/142.0.0.0 Mobile Safari/537.36"
193.75.63.202 - - [04/Dec/2025:13:10:51 +0000] "GET /wp-content/plugins/elementor-pro-old/assets/lib/sticky/jquery.sticky.min.js?ver=3.6.5 HTTP/1.1" 200 3236 "https://ondostate.gov.ng/" "Mozilla/5.0 (Linux; Android 10; K) AppleWebKit/537.36 (KHTML, like Gecko) Chrome/142.0.0.0 Mobile Safari/537.36"
193.75.63.202 - - [04/Dec/2025:13:10:51 +0000] "GET /wp-content/uploads/2025/10/lo-1.jpg HTTP/1.1" 200 360169 "https://ondostate.gov.ng/wp-content/uploads/elementor/css/post-15216.css?ver=1760544510" "Mozilla/5.0 (Linux; Android 10; K) AppleWebKit/537.36 (KHTML, like Gecko) Chrome/142.0.0.0 Mobile Safari/537.36"
193.75.63.202 - - [04/Dec/2025:13:10:51 +0000] "GET /wp-content/uploads/2024/10/WhatsApp-Image-2024-10-17-at-14.37.50.jpeg HTTP/1.1" 200 135623 "https://ondostate.gov.ng/wp-content/uploads/elementor/css/post-15216.css?ver=1760544510" "Mozilla/5.0 (Linux; Android 10; K) AppleWebKit/537.36 (KHTML, like Gecko) Chrome/142.0.0.0 Mobile Safari/537.36"
193.75.63.202 - - [04/Dec/2025:13:10:51 +0000] "GET /wp-content/uploads/2021/06/linebgoverlay.png HTTP/1.1" 200 12089 "https://ondostate.gov.ng/wp-content/uploads/elementor/css/post-15216.css?ver=1760544510" "Mozilla/5.0 (Linux; Android 10; K) AppleWebKit/537.36 (KHTML, like Gecko) Chrome/142.0.0.0 Mobile Safari/537.36"
193.75.63.202 - - [04/Dec/2025:13:10:51 +0000] "GET /wp-content/uploads/2025/06/WhatsApp-Image-2025-06-13-at-10.25.04-AM.jpeg HTTP/1.1" 200 378058 "https://ondostate.gov.ng/wp-content/uploads/elementor/css/post-15216.css?ver=1760544510" "Mozilla/5.0 (Linux; Android 10; K) AppleWebKit/537.36 (KHTML, like Gecko) Chrome/142.0.0.0 Mobile Safari/537.36"
193.75.63.202 - - [04/Dec/2025:13:10:51 +0000] "GET /wp-content/uploads/2025/02/WhatsApp-Image-2025-02-20-at-9.31.01-AM.jpeg HTTP/1.1" 200 462365 "https://ondostate.gov.ng/wp-content/uploads/elementor/css/post-15216.css?ver=1760544510" "Mozilla/5.0 (Linux; Android 10; K) AppleWebKit/537.36 (KHTML, like Gecko) Chrome/142.0.0.0 Mobile Safari/537.36"
193.75.63.202 - - [04/Dec/2025:13:10:51 +0000] "GET /wp-content/uploads/2025/02/WhatsApp-Image-2025-02-20-at-5.26.01-AM-2.jpeg HTTP/1.1" 200 420928 "https://ondostate.gov.ng/wp-content/uploads/elementor/css/post-15216.css?ver=1760544510" "Mozilla/5.0 (Linux; Android 10; K) AppleWebKit/537.36 (KHTML, like Gecko) Chrome/142.0.0.0 Mobile Safari/537.36"
193.75.63.202 - - [04/Dec/2025:13:10:51 +0000] "GET /wp-content/plugins/elementor/assets/lib/font-awesome/webfonts/fa-brands-400.woff2 HTTP/1.1" 200 76764 "https://ondostate.gov.ng/wp-content/plugins/elementor/assets/lib/font-awesome/css/all.min.css?ver=5.1.7" "Mozilla/5.0 (Linux; Android 10; K) AppleWebKit/537.36 (KHTML, like Gecko) Chrome/142.0.0.0 Mobile Safari/537.36"
193.75.63.202 - - [04/Dec/2025:13:10:53 +0000] "GET /wp-content/uploads/2020/11/cropped-logo-3-1-192x192.png HTTP/1.1" 200 16917 "https://ondostate.gov.ng/" "Mozilla/5.0 (Linux; Android 10; K) AppleWebKit/537.36 (KHTML, like Gecko) Chrome/142.0.0.0 Mobile Safari/537.36"
193.75.63.202 - - [04/Dec/2025:13:10:53 +0000] "GET /wp-content/uploads/2020/11/cropped-logo-3-1-180x180.png HTTP/1.1" 200 17265 "https://ondostate.gov.ng/" "Mozilla/5.0 (Linux; Android 10; K) AppleWebKit/537.36 (KHTML, like Gecko) Chrome/142.0.0.0 Mobile Safari/537.36"
66.249.66.200 - - [04/Dec/2025:13:11:02 +0000] "GET /wp-content/plugins/elementor/assets/lib/font-awesome/css/font-awesome.min.css?ver=4.7.0 HTTP/1.1" 200 30999 "https://ondostate.gov.ng/index.php/right-of-way-regulation-2024/" "Mozilla/5.0 AppleWebKit/537.36 (KHTML, like Gecko; compatible; GoogleOther) Chrome/141.0.7390.122 Safari/537.36"
66.249.66.40 - - [04/Dec/2025:13:11:03 +0000] "GET /wp-content/plugins/search-filter/style.css?ver=1 HTTP/1.1" 200 577 "https://ondostate.gov.ng/index.php/right-of-way-regulation-2024/" "Mozilla/5.0 AppleWebKit/537.36 (KHTML, like Gecko; compatible; GoogleOther) Chrome/141.0.7390.122 Safari/537.36"
66.249.66.5 - - [04/Dec/2025:13:11:04 +0000] "GET /wp-includes/js/jquery/jquery-migrate.min.js?ver=3.4.1 HTTP/1.1" 200 13577 "https://ondostate.gov.ng/index.php/right-of-way-regulation-2024/" "Mozilla/5.0 AppleWebKit/537.36 (KHTML, like Gecko; compatible; GoogleOther) Chrome/141.0.7390.122 Safari/537.36"
66.249.66.38 - - [04/Dec/2025:13:11:04 +0000] "GET /wp-content/plugins/sticky-header-effects-for-elementor/assets/css/she-header-style.css?ver=1.5.5 HTTP/1.1" 200 4921 "https://ondostate.gov.ng/index.php/right-of-way-regulation-2024/" "Mozilla/5.0 AppleWebKit/537.36 (KHTML, like Gecko; compatible; GoogleOther) Chrome/141.0.7390.122 Safari/537.36"
66.249.66.5 - - [04/Dec/2025:13:11:05 +0000] "GET /wp-content/plugins/elementor/assets/lib/font-awesome/css/fontawesome.min.css?ver=5.15.3 HTTP/1.1" 200 57912 "https://ondostate.gov.ng/index.php/right-of-way-regulation-2024/" "Mozilla/5.0 AppleWebKit/537.36 (KHTML, like Gecko; compatible; GoogleOther) Chrome/141.0.7390.122 Safari/537.36"
66.249.66.39 - - [04/Dec/2025:13:11:05 +0000] "GET /wp-content/plugins/elementor/assets/lib/animations/animations.min.css?ver=3.11.1 HTTP/1.1" 200 18468 "https://ondostate.gov.ng/index.php/right-of-way-regulation-2024/" "Mozilla/5.0 AppleWebKit/537.36 (KHTML, like Gecko; compatible; GoogleOther) Chrome/141.0.7390.122 Safari/537.36"
66.249.66.200 - - [04/Dec/2025:13:11:05 +0000] "GET /wp-content/themes/astra/assets/css/minified/style.min.css?ver=2.6.1 HTTP/1.1" 200 87561 "https://ondostate.gov.ng/index.php/right-of-way-regulation-2024/" "Mozilla/5.0 AppleWebKit/537.36 (KHTML, like Gecko; compatible; GoogleOther) Chrome/141.0.7390.122 Safari/537.36"
66.249.66.199 - - [04/Dec/2025:13:11:06 +0000] "GET /wp-includes/css/dist/block-library/style.min.css?ver=6.4.6 HTTP/1.1" 200 110147 "https://ondostate.gov.ng/index.php/right-of-way-regulation-2024/" "Mozilla/5.0 AppleWebKit/537.36 (KHTML, like Gecko; compatible; GoogleOther) Chrome/141.0.7390.122 Safari/537.36"
66.249.66.5 - - [04/Dec/2025:13:11:07 +0000] "GET /wp-content/plugins/elementor/assets/lib/font-awesome/css/solid.min.css?ver=5.15.3 HTTP/1.1" 200 669 "https://ondostate.gov.ng/index.php/right-of-way-regulation-2024/" "Mozilla/5.0 AppleWebKit/537.36 (KHTML, like Gecko; compatible; GoogleOther) Chrome/141.0.7390.122 Safari/537.36"
66.249.66.39 - - [04/Dec/2025:13:11:07 +0000] "GET /wp-content/themes/astra/assets/css/minified/menu-animation.min.css?ver=2.6.1 HTTP/1.1" 200 3412 "https://ondostate.gov.ng/index.php/right-of-way-regulation-2024/" "Mozilla/5.0 AppleWebKit/537.36 (KHTML, like Gecko; compatible; GoogleOther) Chrome/141.0.7390.122 Safari/537.36"
66.249.66.38 - - [04/Dec/2025:13:11:07 +0000] "GET /wp-content/plugins/elementor/assets/lib/font-awesome/css/all.min.css?ver=5.1.7 HTTP/1.1" 200 59344 "https://ondostate.gov.ng/index.php/right-of-way-regulation-2024/" "Mozilla/5.0 AppleWebKit/537.36 (KHTML, like Gecko; compatible; GoogleOther) Chrome/141.0.7390.122 Safari/537.36"
66.249.66.38 - - [04/Dec/2025:13:11:08 +0000] "GET /wp-content/uploads/elementor/css/global.css?ver=1723721499 HTTP/1.1" 200 55560 "https://ondostate.gov.ng/index.php/right-of-way-regulation-2024/" "Mozilla/5.0 AppleWebKit/537.36 (KHTML, like Gecko; compatible; GoogleOther) Chrome/141.0.7390.122 Safari/537.36"
66.249.66.38 - - [04/Dec/2025:13:11:08 +0000] "GET /wp-content/uploads/elementor/css/post-543.css?ver=1740643773 HTTP/1.1" 200 8599 "https://ondostate.gov.ng/index.php/right-of-way-regulation-2024/" "Mozilla/5.0 AppleWebKit/537.36 (KHTML, like Gecko; compatible; GoogleOther) Chrome/141.0.7390.122 Safari/537.36"
66.249.66.67 - - [04/Dec/2025:13:11:09 +0000] "GET /wp-content/uploads/elementor/css/post-183.css?ver=1746455116 HTTP/1.1" 200 13427 "https://ondostate.gov.ng/index.php/right-of-way-regulation-2024/" "Mozilla/5.0 AppleWebKit/537.36 (KHTML, like Gecko; compatible; GoogleOther) Chrome/141.0.7390.122 Safari/537.36"
66.249.66.5 - - [04/Dec/2025:13:11:09 +0000] "GET /wp-includes/js/jquery/jquery.min.js?ver=3.7.1 HTTP/1.1" 200 87553 "https://ondostate.gov.ng/index.php/right-of-way-regulation-2024/" "Mozilla/5.0 AppleWebKit/537.36 (KHTML, like Gecko; compatible; GoogleOther) Chrome/141.0.7390.122 Safari/537.36"
66.249.66.5 - - [04/Dec/2025:13:11:10 +0000] "GET /wp-content/plugins/ht-mega-for-elementor/assets/css/animation.css?ver=1.9.8 HTTP/1.1" 200 71292 "https://ondostate.gov.ng/index.php/right-of-way-regulation-2024/" "Mozilla/5.0 AppleWebKit/537.36 (KHTML, like Gecko; compatible; GoogleOther) Chrome/141.0.7390.122 Safari/537.36"
66.249.66.67 - - [04/Dec/2025:13:11:11 +0000] "GET /wp-content/plugins/elementor-pro/assets/css/frontend.min.css?ver=3.6.5 HTTP/1.1" 404 150565 "https://ondostate.gov.ng/index.php/right-of-way-regulation-2024/" "Mozilla/5.0 AppleWebKit/537.36 (KHTML, like Gecko; compatible; GoogleOther) Chrome/141.0.7390.122 Safari/537.36"
66.249.66.168 - - [04/Dec/2025:13:11:12 +0000] "GET /wp-content/themes/astra/assets/js/minified/style.min.js?ver=2.6.1 HTTP/1.1" 200 10594 "https://ondostate.gov.ng/index.php/right-of-way-regulation-2024/" "Mozilla/5.0 AppleWebKit/537.36 (KHTML, like Gecko; compatible; GoogleOther) Chrome/141.0.7390.122 Safari/537.36"
66.249.66.67 - - [04/Dec/2025:13:11:12 +0000] "GET /wp-content/plugins/elementor/assets/css/frontend.min.css?ver=3.11.1 HTTP/1.1" 200 136765 "https://ondostate.gov.ng/index.php/right-of-way-regulation-2024/" "Mozilla/5.0 AppleWebKit/537.36 (KHTML, like Gecko; compatible; GoogleOther) Chrome/141.0.7390.122 Safari/537.36"
66.249.66.4 - - [04/Dec/2025:13:11:13 +0000] "GET /wp-content/uploads/elementor/css/post-11940.css?ver=1732201419 HTTP/1.1" 200 2695 "https://ondostate.gov.ng/index.php/right-of-way-regulation-2024/" "Mozilla/5.0 AppleWebKit/537.36 (KHTML, like Gecko; compatible; GoogleOther) Chrome/141.0.7390.122 Safari/537.36"
66.249.66.168 - - [04/Dec/2025:13:11:13 +0000] "GET /wp-content/plugins/elementor/assets/lib/font-awesome/js/v4-shims.min.js?ver=5.1.7 HTTP/1.1" 200 15055 "https://ondostate.gov.ng/index.php/right-of-way-regulation-2024/" "Mozilla/5.0 AppleWebKit/537.36 (KHTML, like Gecko; compatible; GoogleOther) Chrome/141.0.7390.122 Safari/537.36"
66.249.66.198 - - [04/Dec/2025:13:11:14 +0000] "GET /wp-content/plugins/elementor/assets/css/frontend-legacy.min.css?ver=3.11.1 HTTP/1.1" 200 9935 "https://ondostate.gov.ng/index.php/right-of-way-regulation-2024/" "Mozilla/5.0 AppleWebKit/537.36 (KHTML, like Gecko; compatible; GoogleOther) Chrome/141.0.7390.122 Safari/537.36"
66.249.66.38 - - [04/Dec/2025:13:11:14 +0000] "GET /wp-content/plugins/ht-mega-for-elementor/assets/css/htmega-keyframes.css?ver=1.9.8 HTTP/1.1" 200 4730 "https://ondostate.gov.ng/index.php/right-of-way-regulation-2024/" "Mozilla/5.0 AppleWebKit/537.36 (KHTML, like Gecko; compatible; GoogleOther) Chrome/141.0.7390.122 Safari/537.36"
66.249.66.198 - - [04/Dec/2025:13:11:15 +0000] "GET /wp-content/plugins/elementor/assets/lib/font-awesome/css/brands.min.css?ver=5.15.3 HTTP/1.1" 200 675 "https://ondostate.gov.ng/index.php/right-of-way-regulation-2024/" "Mozilla/5.0 AppleWebKit/537.36 (KHTML, like Gecko; compatible; GoogleOther) Chrome/141.0.7390.122 Safari/537.36"
66.249.66.198 - - [04/Dec/2025:13:11:15 +0000] "GET /wp-content/plugins/elementor/assets/lib/font-awesome/css/v4-shims.min.css?ver=5.1.7 HTTP/1.1" 200 26702 "https://ondostate.gov.ng/index.php/right-of-way-regulation-2024/" "Mozilla/5.0 AppleWebKit/537.36 (KHTML, like Gecko; compatible; GoogleOther) Chrome/141.0.7390.122 Safari/537.36"
66.249.66.38 - - [04/Dec/2025:13:11:16 +0000] "GET /wp-content/uploads/elementor/css/post-1643.css?ver=1723721498 HTTP/1.1" 200 1166 "https://ondostate.gov.ng/index.php/right-of-way-regulation-2024/" "Mozilla/5.0 AppleWebKit/537.36 (KHTML, like Gecko; compatible; GoogleOther) Chrome/141.0.7390.122 Safari/537.36"
3.216.86.144 - - [04/Dec/2025:13:11:16 +0000] "GET / HTTP/1.1" 301 5 "-" "Mozilla/5.0 AppleWebKit/537.36 (KHTML, like Gecko; compatible; Amazonbot/0.1; +https://developer.amazon.com/support/amazonbot) Chrome/119.0.6045.214 Safari/537.36"
66.249.66.168 - - [04/Dec/2025:13:11:16 +0000] "GET /wp-content/plugins/elementor/assets/lib/eicons/css/elementor-icons.min.css?ver=5.18.0 HTTP/1.1" 200 19363 "https://ondostate.gov.ng/index.php/right-of-way-regulation-2024/" "Mozilla/5.0 AppleWebKit/537.36 (KHTML, like Gecko; compatible; GoogleOther) Chrome/141.0.7390.122 Safari/537.36"
66.249.66.4 - - [04/Dec/2025:13:11:17 +0000] "GET /wp-content/plugins/sticky-header-effects-for-elementor/assets/js/she-header.js?ver=1.5.5 HTTP/1.1" 200 5615 "https://ondostate.gov.ng/index.php/right-of-way-regulation-2024/" "Mozilla/5.0 AppleWebKit/537.36 (KHTML, like Gecko; compatible; GoogleOther) Chrome/141.0.7390.122 Safari/537.36"
66.249.66.198 - - [04/Dec/2025:13:11:17 +0000] "GET /wp-content/plugins/ht-mega-for-elementor/assets/css/htbbootstrap.css?ver=1.9.8 HTTP/1.1" 200 57778 "https://ondostate.gov.ng/index.php/right-of-way-regulation-2024/" "Mozilla/5.0 AppleWebKit/537.36 (KHTML, like Gecko; compatible; GoogleOther) Chrome/141.0.7390.122 Safari/537.36"
44.215.235.20 - - [04/Dec/2025:13:11:17 +0000] "GET / HTTP/1.1" 200 187056 "-" "Mozilla/5.0 AppleWebKit/537.36 (KHTML, like Gecko; compatible; Amazonbot/0.1; +https://developer.amazon.com/support/amazonbot) Chrome/119.0.6045.214 Safari/537.36"
66.249.66.67 - - [04/Dec/2025:13:11:18 +0000] "GET /wp-content/plugins/elementor/assets/lib/swiper/css/swiper.min.css?ver=5.3.6 HTTP/1.1" 200 12876 "https://ondostate.gov.ng/index.php/right-of-way-regulation-2024/" "Mozilla/5.0 AppleWebKit/537.36 (KHTML, like Gecko; compatible; GoogleOther) Chrome/141.0.7390.122 Safari/537.36"
66.249.66.4 - - [04/Dec/2025:13:11:18 +0000] "GET /wp-content/plugins/ht-mega-for-elementor/assets/js/popper.min.js?ver=1.9.8 HTTP/1.1" 200 18994 "https://ondostate.gov.ng/index.php/right-of-way-regulation-2024/" "Mozilla/5.0 AppleWebKit/537.36 (KHTML, like Gecko; compatible; GoogleOther) Chrome/141.0.7390.122 Safari/537.36"
66.249.66.67 - - [04/Dec/2025:13:11:19 +0000] "GET /wp-content/plugins/ht-mega-for-elementor/assets/js/htbbootstrap.js?ver=1.9.8 HTTP/1.1" 200 62890 "https://ondostate.gov.ng/index.php/right-of-way-regulation-2024/" "Mozilla/5.0 AppleWebKit/537.36 (KHTML, like Gecko; compatible; GoogleOther) Chrome/141.0.7390.122 Safari/537.36"
45.145.212.38 - - [04/Dec/2025:13:11:19 +0000] "GET /index.php/category/technology/ HTTP/1.1" 200 144359 "-" "Mozilla/5.0 (Macintosh; Intel Mac OS X 10_15_7) AppleWebKit/537.36 (KHTML, like Gecko) Chrome/113.0.0.0 Safari/537.3"
66.249.66.168 - - [04/Dec/2025:13:11:19 +0000] "GET /wp-content/plugins/elementor/assets/js/webpack.runtime.min.js?ver=3.11.1 HTTP/1.1" 200 4958 "https://ondostate.gov.ng/index.php/right-of-way-regulation-2024/" "Mozilla/5.0 AppleWebKit/537.36 (KHTML, like Gecko; compatible; GoogleOther) Chrome/141.0.7390.122 Safari/537.36"
66.249.66.198 - - [04/Dec/2025:13:11:21 +0000] "GET /wp-content/plugins/elementor-pro/assets/lib/smartmenus/jquery.smartmenus.min.js?ver=1.0.1 HTTP/1.1" 404 150565 "https://ondostate.gov.ng/index.php/right-of-way-regulation-2024/" "Mozilla/5.0 AppleWebKit/537.36 (KHTML, like Gecko; compatible; GoogleOther) Chrome/141.0.7390.122 Safari/537.36"
66.249.66.4 - - [04/Dec/2025:13:11:21 +0000] "GET /wp-content/plugins/elementor/assets/js/frontend-modules.min.js?ver=3.11.1 HTTP/1.1" 200 36460 "https://ondostate.gov.ng/index.php/right-of-way-regulation-2024/" "Mozilla/5.0 AppleWebKit/537.36 (KHTML, like Gecko; compatible; GoogleOther) Chrome/141.0.7390.122 Safari/537.36"
66.249.66.38 - - [04/Dec/2025:13:11:23 +0000] "GET /wp-content/plugins/elementor-pro/assets/js/webpack-pro.runtime.min.js?ver=3.6.5 HTTP/1.1" 404 150565 "https://ondostate.gov.ng/index.php/right-of-way-regulation-2024/" "Mozilla/5.0 AppleWebKit/537.36 (KHTML, like Gecko; compatible; GoogleOther) Chrome/141.0.7390.122 Safari/537.36"
66.249.66.38 - - [04/Dec/2025:13:11:23 +0000] "GET /wp-includes/js/dist/vendor/wp-polyfill-inert.min.js?ver=3.1.2 HTTP/1.1" 200 8171 "https://ondostate.gov.ng/index.php/right-of-way-regulation-2024/" "Mozilla/5.0 AppleWebKit/537.36 (KHTML, like Gecko; compatible; GoogleOther) Chrome/141.0.7390.122 Safari/537.36"
66.249.66.168 - - [04/Dec/2025:13:11:23 +0000] "GET /wp-content/plugins/ht-mega-for-elementor/assets/js/waypoints.js?ver=1.9.8 HTTP/1.1" 200 9029 "https://ondostate.gov.ng/index.php/right-of-way-regulation-2024/" "Mozilla/5.0 AppleWebKit/537.36 (KHTML, like Gecko; compatible; GoogleOther) Chrome/141.0.7390.122 Safari/537.36"
66.249.66.38 - - [04/Dec/2025:13:11:24 +0000] "GET /wp-includes/js/dist/vendor/regenerator-runtime.min.js?ver=0.14.0 HTTP/1.1" 200 6625 "https://ondostate.gov.ng/index.php/right-of-way-regulation-2024/" "Mozilla/5.0 AppleWebKit/537.36 (KHTML, like Gecko; compatible; GoogleOther) Chrome/141.0.7390.122 Safari/537.36"
66.249.66.169 - - [04/Dec/2025:13:11:25 +0000] "GET /wp-includes/js/dist/hooks.min.js?ver=c6aec9a8d4e5a5d543a1 HTTP/1.1" 200 4627 "https://ondostate.gov.ng/index.php/right-of-way-regulation-2024/" "Mozilla/5.0 AppleWebKit/537.36 (KHTML, like Gecko; compatible; GoogleOther) Chrome/141.0.7390.122 Safari/537.36"
66.249.66.169 - - [04/Dec/2025:13:11:25 +0000] "GET /wp-includes/js/dist/i18n.min.js?ver=7701b0c3857f914212ef HTTP/1.1" 200 9445 "https://ondostate.gov.ng/index.php/right-of-way-regulation-2024/" "Mozilla/5.0 AppleWebKit/537.36 (KHTML, like Gecko; compatible; GoogleOther) Chrome/141.0.7390.122 Safari/537.36"
66.249.66.67 - - [04/Dec/2025:13:11:25 +0000] "GET /wp-includes/js/dist/vendor/wp-polyfill.min.js?ver=3.15.0 HTTP/1.1" 200 115127 "https://ondostate.gov.ng/index.php/right-of-way-regulation-2024/" "Mozilla/5.0 AppleWebKit/537.36 (KHTML, like Gecko; compatible; GoogleOther) Chrome/141.0.7390.122 Safari/537.36"
66.249.66.199 - - [04/Dec/2025:13:11:27 +0000] "GET /wp-content/plugins/elementor-pro/assets/js/frontend.min.js?ver=3.6.5 HTTP/1.1" 404 150565 "https://ondostate.gov.ng/index.php/right-of-way-regulation-2024/" "Mozilla/5.0 AppleWebKit/537.36 (KHTML, like Gecko; compatible; GoogleOther) Chrome/141.0.7390.122 Safari/537.36"
66.249.66.67 - - [04/Dec/2025:13:11:27 +0000] "GET /wp-content/plugins/elementor/assets/lib/waypoints/waypoints.min.js?ver=4.0.2 HTTP/1.1" 200 12198 "https://ondostate.gov.ng/index.php/right-of-way-regulation-2024/" "Mozilla/5.0 AppleWebKit/537.36 (KHTML, like Gecko; compatible; GoogleOther) Chrome/141.0.7390.122 Safari/537.36"
87.58.88.116 - - [04/Dec/2025:13:11:28 +0000] "GET /wp-content/uploads/2022/12/APPROVED-FEES-FOR-BUSINESS-PREMISES.pdf HTTP/1.1" 200 226413 "https://ondostate.gov.ng/index.php/business-premises-regulation-and-procedure/" "Mozilla/5.0 (Windows NT 10.0; Win64; x64) AppleWebKit/537.36 (KHTML, like Gecko) Chrome/142.0.0.0 Safari/537.36 Edg/142.0.0.0"
66.249.66.68 - - [04/Dec/2025:13:11:28 +0000] "GET /wp-content/plugins/elementor/assets/lib/swiper/swiper.min.js?ver=5.3.6 HTTP/1.1" 200 139153 "https://ondostate.gov.ng/index.php/right-of-way-regulation-2024/" "Mozilla/5.0 AppleWebKit/537.36 (KHTML, like Gecko; compatible; GoogleOther) Chrome/141.0.7390.122 Safari/537.36"
66.249.66.5 - - [04/Dec/2025:13:11:28 +0000] "GET /wp-content/plugins/elementor/assets/lib/share-link/share-link.min.js?ver=3.11.1 HTTP/1.1" 200 2620 "https://ondostate.gov.ng/index.php/right-of-way-regulation-2024/" "Mozilla/5.0 AppleWebKit/537.36 (KHTML, like Gecko; compatible; GoogleOther) Chrome/141.0.7390.122 Safari/537.36"
66.249.66.169 - - [04/Dec/2025:13:11:29 +0000] "GET /wp-content/plugins/elementor/assets/js/preloaded-modules.min.js?ver=3.11.1 HTTP/1.1" 200 44785 "https://ondostate.gov.ng/index.php/right-of-way-regulation-2024/" "Mozilla/5.0 AppleWebKit/537.36 (KHTML, like Gecko; compatible; GoogleOther) Chrome/141.0.7390.122 Safari/537.36"
87.58.88.116 - - [04/Dec/2025:13:11:29 +0000] "GET /favicon.ico HTTP/1.1" 302 5 "https://ondostate.gov.ng/wp-content/uploads/2022/12/APPROVED-FEES-FOR-BUSINESS-PREMISES.pdf" "Mozilla/5.0 (Windows NT 10.0; Win64; x64) AppleWebKit/537.36 (KHTML, like Gecko) Chrome/142.0.0.0 Safari/537.36 Edg/142.0.0.0"
66.249.66.4 - - [04/Dec/2025:13:11:30 +0000] "GET /wp-content/plugins/elementor-pro/assets/js/preloaded-elements-handlers.min.js?ver=3.6.5 HTTP/1.1" 404 150565 "https://ondostate.gov.ng/index.php/right-of-way-regulation-2024/" "Mozilla/5.0 AppleWebKit/537.36 (KHTML, like Gecko; compatible; GoogleOther) Chrome/141.0.7390.122 Safari/537.36"
66.249.66.168 - - [04/Dec/2025:13:11:30 +0000] "GET /wp-content/uploads/2020/11/cropped-logo-3.png HTTP/1.1" 200 7875 "https://ondostate.gov.ng/index.php/right-of-way-regulation-2024/" "Mozilla/5.0 AppleWebKit/537.36 (KHTML, like Gecko; compatible; GoogleOther) Chrome/141.0.7390.122 Safari/537.36"
66.249.66.5 - - [04/Dec/2025:13:11:31 +0000] "GET /wp-content/plugins/elementor/assets/lib/dialog/dialog.min.js?ver=4.9.0 HTTP/1.1" 200 10749 "https://ondostate.gov.ng/index.php/right-of-way-regulation-2024/" "Mozilla/5.0 AppleWebKit/537.36 (KHTML, like Gecko; compatible; GoogleOther) Chrome/141.0.7390.122 Safari/537.36"
66.249.66.169 - - [04/Dec/2025:13:11:32 +0000] "GET /wp-content/plugins/elementor-pro/assets/lib/sticky/jquery.sticky.min.js?ver=3.6.5 HTTP/1.1" 404 150565 "https://ondostate.gov.ng/index.php/right-of-way-regulation-2024/" "Mozilla/5.0 AppleWebKit/537.36 (KHTML, like Gecko; compatible; GoogleOther) Chrome/141.0.7390.122 Safari/537.36"
66.249.66.4 - - [04/Dec/2025:13:11:33 +0000] "GET /wp-content/plugins/elementor/assets/js/frontend.min.js?ver=3.11.1 HTTP/1.1" 200 41883 "https://ondostate.gov.ng/index.php/right-of-way-regulation-2024/" "Mozilla/5.0 AppleWebKit/537.36 (KHTML, like Gecko; compatible; GoogleOther) Chrome/141.0.7390.122 Safari/537.36"
66.249.66.68 - - [04/Dec/2025:13:11:33 +0000] "GET /wp-includes/js/jquery/ui/core.min.js?ver=1.13.2 HTTP/1.1" 200 21438 "https://ondostate.gov.ng/index.php/right-of-way-regulation-2024/" "Mozilla/5.0 AppleWebKit/537.36 (KHTML, like Gecko; compatible; GoogleOther) Chrome/141.0.7390.122 Safari/537.36"
66.249.66.168 - - [04/Dec/2025:13:11:34 +0000] "GET /wp-content/uploads/2020/11/Iyere-Owo-Road-dualized-by-Arakunrin-brandspurng-2.png HTTP/1.1" 200 1126969 "https://ondostate.gov.ng/wp-content/uploads/elementor/css/post-11940.css?ver=1732201419" "Mozilla/5.0 AppleWebKit/537.36 (KHTML, like Gecko; compatible; GoogleOther) Chrome/141.0.7390.122 Safari/537.36"
66.249.66.168 - - [04/Dec/2025:13:11:34 +0000] "GET /wp-content/plugins/elementor/assets/lib/font-awesome/webfonts/fa-solid-900.woff2 HTTP/1.1" 200 78196 "https://ondostate.gov.ng/wp-content/plugins/elementor/assets/lib/font-awesome/css/all.min.css?ver=5.1.7" "Mozilla/5.0 AppleWebKit/537.36 (KHTML, like Gecko; compatible; GoogleOther) Chrome/141.0.7390.122 Safari/537.36"
66.249.66.198 - - [04/Dec/2025:13:11:35 +0000] "GET /wp-content/plugins/elementor/assets/lib/eicons/fonts/eicons.woff2?5.18.0 HTTP/1.1" 200 93868 "https://ondostate.gov.ng/wp-content/plugins/elementor/assets/lib/eicons/css/elementor-icons.min.css?ver=5.18.0" "Mozilla/5.0 AppleWebKit/537.36 (KHTML, like Gecko; compatible; GoogleOther) Chrome/141.0.7390.122 Safari/537.36"
66.249.66.5 - - [04/Dec/2025:13:11:35 +0000] "GET /wp-content/plugins/elementor/assets/lib/font-awesome/webfonts/fa-brands-400.woff2 HTTP/1.1" 200 76764 "https://ondostate.gov.ng/wp-content/plugins/elementor/assets/lib/font-awesome/css/all.min.css?ver=5.1.7" "Mozilla/5.0 AppleWebKit/537.36 (KHTML, like Gecko; compatible; GoogleOther) Chrome/141.0.7390.122 Safari/537.36"
66.249.66.67 - - [04/Dec/2025:13:11:37 +0000] "GET /wp-content/uploads/2020/11/Rectangle-1.png HTTP/1.1" 404 150565 "https://ondostate.gov.ng/index.php/right-of-way-regulation-2024/" "Mozilla/5.0 AppleWebKit/537.36 (KHTML, like Gecko; compatible; GoogleOther) Chrome/141.0.7390.122 Safari/537.36"
92.205.228.122 - - [04/Dec/2025:13:12:21 +0000] "POST /wp-cron.php?doing_wp_cron=1764853940.7092559337615966796875 HTTP/1.1" 200 5 "-" "WordPress/6.4.7; https://ondostate.gov.ng"
85.204.251.101 - - [04/Dec/2025:13:12:21 +0000] "GET /index.php/2025/01/22/we-are-attracting-investments-to-drive-our-economy-development-says-gov-aiyedatiwa/ HTTP/1.1" 200 144594 "-" "Mozilla/5.0 (Macintosh; Intel Mac OS X 10_15_7) AppleWebKit/537.36 (KHTML, like Gecko) Chrome/127.0.0.0 Safari/537.3"
162.120.187.245 - - [04/Dec/2025:13:12:31 +0000] "GET /index.php/2025/08/25/gov-aiyedatiwa-reaffirms-ondos-commitment-to-combating-drug-trafficking-cybercrime-others/ HTTP/1.1" 200 145925 "https://www.google.com/" "Mozilla/5.0 (Windows NT 10.0; Win64; x64) AppleWebKit/537.36 (KHTML, like Gecko) Chrome/142.0.0.0 Safari/537.36"
20.90.7.155 - - [04/Dec/2025:13:12:49 +0000] "GET /index.php/2025/03/06/aiyedatiwa-visits-damaged-akure-airport-flight-operations-resume-next-week/ HTTP/1.1" 200 143402 "-" "Mozilla/5.0 AppleWebKit/537.36 (KHTML, like Gecko); compatible; ChatGPT-User/1.0; +https://openai.com/bot"
31.13.127.15 - - [04/Dec/2025:13:13:23 +0000] "GET / HTTP/1.1" 200 187072 "-" "meta-webindexer/1.1 (+https://developers.facebook.com/docs/sharing/webmasters/crawler)"
31.13.127.31 - - [04/Dec/2025:13:13:23 +0000] "GET / HTTP/1.1" 200 187072 "-" "meta-webindexer/1.1 (+https://developers.facebook.com/docs/sharing/webmasters/crawler)"
166.88.37.243 - - [04/Dec/2025:13:13:24 +0000] "GET /index.php/2024/08/30/technological-drive-sita-inaugurates-state-ict-technical-working-group-twg/ HTTP/1.1" 200 143825 "-" "Mozilla/5.0 (Windows NT 10.0; Win64; x64) AppleWebKit/537.36 (KHTML, like Gecko) Chrome/134.0.0.0 Safari/537.3"
66.249.66.67 - - [04/Dec/2025:13:13:30 +0000] "GET /index.php/procurement/ondostate.gov.ng HTTP/1.1" 404 150516 "-" "Mozilla/5.0 (Linux; Android 6.0.1; Nexus 5X Build/MMB29P) AppleWebKit/537.36 (KHTML, like Gecko) Chrome/141.0.7390.122 Mobile Safari/537.36 (compatible; Googlebot/2.1; +http://www.google.com/bot.html)"
87.58.88.116 - - [04/Dec/2025:13:13:43 +0000] "GET /wp-content/uploads/2024/07/Revenue-Administration-Law.pdf HTTP/1.1" 200 30776323 "https://ondostate.gov.ng/index.php/other-laws-3/" "Mozilla/5.0 (Windows NT 10.0; Win64; x64) AppleWebKit/537.36 (KHTML, like Gecko) Chrome/142.0.0.0 Safari/537.36 Edg/142.0.0.0"
49.13.130.29 - - [04/Dec/2025:13:13:51 +0000] "HEAD / HTTP/1.1" 200 0 "http://ondostate.gov.ng/" "Mozilla/5.0+(compatible; UptimeRobot/2.0; http://www.uptimerobot.com/)"
109.248.13.74 - - [04/Dec/2025:13:13:52 +0000] "GET /robots.txt HTTP/1.1" 200 128 "-" "Mozilla/5.0 (Windows NT 10.0; Win64; x64) AppleWebKit/537.36 (KHTML, like Gecko) Chrome/139.0.0.0 Safari/537.36/Nutch-1.21-SNAPSHOT"
109.248.13.74 - - [04/Dec/2025:13:13:54 +0000] "GET / HTTP/1.1" 499 0 "-" "Mozilla/5.0 (Windows NT 10.0; Win64; x64) AppleWebKit/537.36 (KHTML, like Gecko) Chrome/139.0.0.0 Safari/537.36/Nutch-1.21-SNAPSHOT"
142.147.181.55 - - [04/Dec/2025:13:13:56 +0000] "GET / HTTP/1.1" 200 187056 "-" "Mozilla/5.0 (Macintosh; Intel Mac OS X 10_15_7) AppleWebKit/537.36 (KHTML, like Gecko) Chrome/133.0.0.0 Safari/537.36"
72.14.201.90 - - [04/Dec/2025:13:13:57 +0000] "GET /index.php/2025/04/06/gov-aiyedatiwa-approves-appointment-of-olowo-as-chairman-of-ondo-state-council-of-obas/ HTTP/1.1" 200 147883 "https://www.google.com/" "Mozilla/5.0 (Linux; Android 10; K) AppleWebKit/537.36 (KHTML, like Gecko) Chrome/142.0.0.0 Mobile Safari/537.36"
20.90.7.150 - - [04/Dec/2025:13:13:59 +0000] "GET /index.php/2025/02/18/gov-aiyedatiwa-swears-in-newly-elected-lg-chairmen-vice-chairmen/ HTTP/1.1" 200 147081 "-" "Mozilla/5.0 AppleWebKit/537.36 (KHTML, like Gecko); compatible; ChatGPT-User/1.0; +https://openai.com/bot"
103.73.55.183 - - [04/Dec/2025:13:14:31 +0000] "GET /index.php/2025/01/02/gov-aiyedatiwa-signs-n698b-2025-budget-into-law/ HTTP/1.1" 200 146954 "-" "Mozilla/5.0 (X11; Linux x86_64) AppleWebKit/537.36 (KHTML, like Gecko) Chrome/134.0.0.0 Safari/537.3"
185.191.171.11 - - [04/Dec/2025:13:14:39 +0000] "GET /index.php/2025/02/20/gov-aiyedatiwa-commissions-obas-council-secretariat-reaffirms-support-for-traditional-institution/ HTTP/1.1" 200 148122 "-" "Mozilla/5.0 (compatible; SemrushBot/7~bl; +http://www.semrush.com/bot.html)"
139.99.25.135 - - [04/Dec/2025:13:14:57 +0000] "GET / HTTP/1.1" 200 187067 "-" "Mozilla/5.0 (Linux; Android 11; CPH2185) AppleWebKit/537.36 (KHTML, like Gecko) Chrome/91.0.4472.101 Mobile Safari/537.36"
69.63.189.31 - - [04/Dec/2025:13:15:06 +0000] "GET /wp-content/uploads/2023/12/trade-related-fees-and-levies-1-1.pdf HTTP/1.1" 404 150558 "-" "meta-externalagent/1.1 (+https://developers.facebook.com/docs/sharing/webmasters/crawler)"
57.141.0.30 - - [04/Dec/2025:13:15:40 +0000] "GET /index.php/category/news/ HTTP/1.1" 200 167994 "-" "meta-externalagent/1.1 (+https://developers.facebook.com/docs/sharing/webmasters/crawler)"
85.254.125.158 - - [04/Dec/2025:13:15:41 +0000] "GET /index.php/profile/ HTTP/1.1" 200 149119 "-" "Mozilla/5.0 (Macintosh; Intel Mac OS X 10_15_7) AppleWebKit/537.36 (KHTML, like Gecko) Chrome/113.0.0.0 Safari/537.3"
197.210.71.119 - - [04/Dec/2025:13:16:02 +0000] "GET /index.php/2025/01/28/ondo-state-government-reassures-residents-of-its-commitment-to-justice-security-and-peace-in-the-state/ HTTP/1.1" 200 144231 "-" "Mozilla/5.0 (Linux; Android 10; K) AppleWebKit/537.36 (KHTML, like Gecko) Chrome/142.0.0.0 Mobile Safari/537.36"
197.210.71.119 - - [04/Dec/2025:13:16:05 +0000] "GET /wp-content/themes/astra/assets/css/minified/menu-animation.min.css?ver=2.6.1 HTTP/1.1" 200 3412 "https://ondostate.gov.ng/index.php/2025/01/28/ondo-state-government-reassures-residents-of-its-commitment-to-justice-security-and-peace-in-the-state/" "Mozilla/5.0 (Linux; Android 10; K) AppleWebKit/537.36 (KHTML, like Gecko) Chrome/142.0.0.0 Mobile Safari/537.36"
197.210.71.119 - - [04/Dec/2025:13:16:05 +0000] "GET /wp-content/themes/astra/assets/css/minified/style.min.css?ver=2.6.1 HTTP/1.1" 200 87561 "https://ondostate.gov.ng/index.php/2025/01/28/ondo-state-government-reassures-residents-of-its-commitment-to-justice-security-and-peace-in-the-state/" "Mozilla/5.0 (Linux; Android 10; K) AppleWebKit/537.36 (KHTML, like Gecko) Chrome/142.0.0.0 Mobile Safari/537.36"
197.210.71.119 - - [04/Dec/2025:13:16:05 +0000] "GET /wp-includes/css/dist/block-library/style.min.css?ver=6.4.7 HTTP/1.1" 200 110147 "https://ondostate.gov.ng/index.php/2025/01/28/ondo-state-government-reassures-residents-of-its-commitment-to-justice-security-and-peace-in-the-state/" "Mozilla/5.0 (Linux; Android 10; K) AppleWebKit/537.36 (KHTML, like Gecko) Chrome/142.0.0.0 Mobile Safari/537.36"
197.210.71.119 - - [04/Dec/2025:13:16:05 +0000] "GET /wp-content/plugins/search-filter/style.css?ver=1 HTTP/1.1" 200 577 "https://ondostate.gov.ng/index.php/2025/01/28/ondo-state-government-reassures-residents-of-its-commitment-to-justice-security-and-peace-in-the-state/" "Mozilla/5.0 (Linux; Android 10; K) AppleWebKit/537.36 (KHTML, like Gecko) Chrome/142.0.0.0 Mobile Safari/537.36"
197.210.71.119 - - [04/Dec/2025:13:16:06 +0000] "GET /wp-content/uploads/essential-addons-elementor/734e5f942.min.css?ver=1764854162 HTTP/1.1" 200 695452 "https://ondostate.gov.ng/index.php/2025/01/28/ondo-state-government-reassures-residents-of-its-commitment-to-justice-security-and-peace-in-the-state/" "Mozilla/5.0 (Linux; Android 10; K) AppleWebKit/537.36 (KHTML, like Gecko) Chrome/142.0.0.0 Mobile Safari/537.36"
197.210.71.119 - - [04/Dec/2025:13:16:06 +0000] "GET /index.php/2025/01/28/ondo-state-government-reassures-residents-of-its-commitment-to-justice-security-and-peace-in-the-state/ HTTP/1.1" 200 144231 "-" "Mozilla/5.0 (Linux; Android 10; K) AppleWebKit/537.36 (KHTML, like Gecko) Chrome/142.0.0.0 Mobile Safari/537.36"
197.210.71.119 - - [04/Dec/2025:13:16:07 +0000] "GET /wp-content/uploads/essential-addons-elementor/734e5f942.min.css?ver=1763643025 HTTP/1.1" 200 695452 "-" "Mozilla/5.0 (Linux; Android 10; K) AppleWebKit/537.36 (KHTML, like Gecko) Chrome/142.0.0.0 Mobile Safari/537.36"
197.210.71.119 - - [04/Dec/2025:13:16:18 +0000] "GET /wp-content/plugins/search-filter/style.css?ver=1 HTTP/1.1" 200 577 "-" "Mozilla/5.0 (Linux; Android 10; K) AppleWebKit/537.36 (KHTML, like Gecko) Chrome/142.0.0.0 Mobile Safari/537.36"
69.91.188.209 - - [04/Dec/2025:13:16:54 +0000] "GET /index.php/category/uncategorized/page/2/ HTTP/1.1" 200 166369 "-" "Mozilla/5.0 (Windows NT 10.0; Win64; x64) AppleWebKit/537.36 (KHTML, like Gecko) Chrome/134.0.0.0 Safari/537.3"
162.120.187.245 - - [04/Dec/2025:13:17:25 +0000] "GET /index.php/2025/04/06/gov-aiyedatiwa-approves-appointment-of-olowo-as-chairman-of-ondo-state-council-of-obas/ HTTP/1.1" 200 147883 "https://www.google.com/" "Mozilla/5.0 (Linux; Android 10; K) AppleWebKit/537.36 (KHTML, like Gecko) Chrome/142.0.0.0 Mobile Safari/537.36"
43.173.172.196 - - [04/Dec/2025:13:17:49 +0000] "GET /index.php/2024/04/17/appointment-of-acting-cmd-for-unimed-teaching-hospital HTTP/1.1" 301 5 "-" "Mozilla/5.0 (Windows NT 6.1; Win64; x64) AppleWebKit/537.36 (KHTML, like Gecko) Chrome/126.0.6478.114 Safari/537.36"
43.173.180.198 - - [04/Dec/2025:13:17:49 +0000] "GET /index.php/2025/03/30/eid-el-fitri-gov-aiyedatiwa-greets-muslims-calls-for-love-unity-among-residents HTTP/1.1" 301 5 "-" "Mozilla/5.0 (Windows NT 6.1; Win64; x64) AppleWebKit/537.36 (KHTML, like Gecko) Chrome/126.0.6478.114 Safari/537.36"
43.173.172.196 - - [04/Dec/2025:13:17:50 +0000] "GET /index.php/2024/04/17/appointment-of-acting-cmd-for-unimed-teaching-hospital/ HTTP/1.1" 200 140257 "https://ondostate.gov.ng/index.php/2024/04/17/appointment-of-acting-cmd-for-unimed-teaching-hospital" "Mozilla/5.0 (Windows NT 6.1; Win64; x64) AppleWebKit/537.36 (KHTML, like Gecko) Chrome/126.0.6478.114 Safari/537.36"
43.173.180.198 - - [04/Dec/2025:13:17:50 +0000] "GET /index.php/2025/03/30/eid-el-fitri-gov-aiyedatiwa-greets-muslims-calls-for-love-unity-among-residents/ HTTP/1.1" 200 141744 "https://ondostate.gov.ng/index.php/2025/03/30/eid-el-fitri-gov-aiyedatiwa-greets-muslims-calls-for-love-unity-among-residents" "Mozilla/5.0 (Windows NT 6.1; Win64; x64) AppleWebKit/537.36 (KHTML, like Gecko) Chrome/126.0.6478.114 Safari/537.36"
43.173.177.241 - - [04/Dec/2025:13:17:51 +0000] "GET /wp-content/uploads/essential-addons-elementor/734e5f942.min.css?ver=1764854269 HTTP/1.1" 200 695452 "https://ondostate.gov.ng/index.php/2025/03/30/eid-el-fitri-gov-aiyedatiwa-greets-muslims-calls-for-love-unity-among-residents" "Mozilla/5.0 (Windows NT 6.1; Win64; x64) AppleWebKit/537.36 (KHTML, like Gecko) Chrome/126.0.6478.114 Safari/537.36"
43.173.180.112 - - [04/Dec/2025:13:17:51 +0000] "GET /wp-content/uploads/essential-addons-elementor/734e5f942.min.js?ver=1764854269 HTTP/1.1" 200 1058829 "https://ondostate.gov.ng/index.php/2024/04/17/appointment-of-acting-cmd-for-unimed-teaching-hospital" "Mozilla/5.0 (Windows NT 6.1; Win64; x64) AppleWebKit/537.36 (KHTML, like Gecko) Chrome/126.0.6478.114 Safari/537.36"
43.173.178.124 - - [04/Dec/2025:13:17:51 +0000] "GET /wp-content/uploads/essential-addons-elementor/734e5f942.min.css?ver=1764854269 HTTP/1.1" 200 695452 "https://ondostate.gov.ng/index.php/2024/04/17/appointment-of-acting-cmd-for-unimed-teaching-hospital" "Mozilla/5.0 (Windows NT 6.1; Win64; x64) AppleWebKit/537.36 (KHTML, like Gecko) Chrome/126.0.6478.114 Safari/537.36"
43.173.178.172 - - [04/Dec/2025:13:17:52 +0000] "GET /wp-content/uploads/essential-addons-elementor/734e5f942.min.js?ver=1764854269 HTTP/1.1" 200 1058829 "https://ondostate.gov.ng/index.php/2025/03/30/eid-el-fitri-gov-aiyedatiwa-greets-muslims-calls-for-love-unity-among-residents" "Mozilla/5.0 (Windows NT 6.1; Win64; x64) AppleWebKit/537.36 (KHTML, like Gecko) Chrome/126.0.6478.114 Safari/537.36"
172.213.21.114 - - [04/Dec/2025:13:18:02 +0000] "GET /index.php/2024/08/16/appointment-of-new-permanent-secretaries-tutors-general/ HTTP/1.1" 200 140314 "-" "Mozilla/5.0 AppleWebKit/537.36 (KHTML, like Gecko); compatible; ChatGPT-User/1.0; +https://openai.com/bot"
170.23.20.208 - - [04/Dec/2025:13:18:09 +0000] "GET /index.php/category/security/page/2/ HTTP/1.1" 200 158221 "-" "Mozilla/5.0 (X11; Linux x86_64) AppleWebKit/537.36 (KHTML, like Gecko) Chrome/134.0.0.0 Safari/537.3"
66.249.66.68 - - [04/Dec/2025:13:18:31 +0000] "GET /index.php/2024/11/20/guber-campaign-gov-aiyedatiwa-visits-accident-victims-at-unimedth/ HTTP/1.1" 200 143397 "-" "Mozilla/5.0 (Linux; Android 6.0.1; Nexus 5X Build/MMB29P) AppleWebKit/537.36 (KHTML, like Gecko) Chrome/141.0.7390.122 Mobile Safari/537.36 (compatible; Googlebot/2.1; +http://www.google.com/bot.html)"
66.249.66.67 - - [04/Dec/2025:13:18:32 +0000] "GET /index.php/2024/10/29/odsg-aiyedatiwa-seeks-more-charities-collaborations/ HTTP/1.1" 200 144598 "-" "Mozilla/5.0 (Linux; Android 6.0.1; Nexus 5X Build/MMB29P) AppleWebKit/537.36 (KHTML, like Gecko) Chrome/141.0.7390.122 Mobile Safari/537.36 (compatible; Googlebot/2.1; +http://www.google.com/bot.html)"
66.249.66.67 - - [04/Dec/2025:13:18:34 +0000] "GET /index.php/2024/07/27/aiyedatiwa-hails-police-community-relations-committee-harps-on-inter-agency-collaboration/ HTTP/1.1" 200 142439 "-" "Mozilla/5.0 (Linux; Android 6.0.1; Nexus 5X Build/MMB29P) AppleWebKit/537.36 (KHTML, like Gecko) Chrome/141.0.7390.122 Mobile Safari/537.36 (compatible; Googlebot/2.1; +http://www.google.com/bot.html)"
191.102.143.228 - - [04/Dec/2025:13:18:53 +0000] "GET /index.php/contact/ HTTP/1.1" 200 159846 "-" "Mozilla/5.0 (Macintosh; Intel Mac OS X 12_5) AppleWebKit/605.1.15 (KHTML, like Gecko) Version/15.4 Safari/605.1.15"
43.173.181.43 - - [04/Dec/2025:13:18:54 +0000] "GET /index.php/author/ojoaugustus/ HTTP/1.1" 200 168501 "-" "Mozilla/5.0 (Windows NT 6.1; Win64; x64) AppleWebKit/537.36 (KHTML, like Gecko) Chrome/126.0.6478.114 Safari/537.36"
191.102.143.228 - - [04/Dec/2025:13:18:54 +0000] "POST /wp-admin/admin-ajax.php HTTP/1.1" 200 172 "https://ondostate.gov.ng/index.php/contact/" "Mozilla/5.0 (Macintosh; Intel Mac OS X 12_5) AppleWebKit/605.1.15 (KHTML, like Gecko) Version/15.4 Safari/605.1.15"
43.173.175.94 - - [04/Dec/2025:13:18:55 +0000] "GET /wp-content/uploads/essential-addons-elementor/734e5f942.min.css?ver=1764854333 HTTP/1.1" 200 695452 "https://ondostate.gov.ng/index.php/author/ojoaugustus/" "Mozilla/5.0 (Windows NT 6.1; Win64; x64) AppleWebKit/537.36 (KHTML, like Gecko) Chrome/126.0.6478.114 Safari/537.36"
43.173.178.45 - - [04/Dec/2025:13:18:56 +0000] "GET /wp-content/uploads/essential-addons-elementor/734e5f942.min.js?ver=1764854333 HTTP/1.1" 200 1058829 "https://ondostate.gov.ng/index.php/author/ojoaugustus/" "Mozilla/5.0 (Windows NT 6.1; Win64; x64) AppleWebKit/537.36 (KHTML, like Gecko) Chrome/126.0.6478.114 Safari/537.36"
3.79.134.69 - - [04/Dec/2025:13:18:57 +0000] "HEAD / HTTP/1.1" 200 0 "http://ondostate.gov.ng/" "Mozilla/5.0+(compatible; UptimeRobot/2.0; http://www.uptimerobot.com/)"
142.147.169.52 - - [04/Dec/2025:13:19:28 +0000] "GET /index.php/category/news/politics/page/3/ HTTP/1.1" 200 170709 "-" "Mozilla/5.0 (Windows NT 10.0; Win64; x64) AppleWebKit/537.36 (KHTML, like Gecko) Chrome/107.0.0.0 Safari/537.3"
92.205.228.122 - - [04/Dec/2025:13:19:52 +0000] "POST /wp-cron.php?doing_wp_cron=1764854391.8367350101470947265625 HTTP/1.1" 200 5 "-" "WordPress/6.4.7; https://ondostate.gov.ng"
31.13.103.4 - - [04/Dec/2025:13:19:52 +0000] "GET /index.php/ondo-state-berap-2025/ HTTP/1.1" 200 134898 "-" "meta-webindexer/1.1 (+https://developers.facebook.com/docs/sharing/webmasters/crawler)"
