195.172.118.210 - - [04/Dec/2025:13:00:52 +0000] "GET /wp-content/uploads/2025/10/banner-one.jpg HTTP/1.1" 200 738122 "https://ondostate.gov.ng/wp-content/uploads/elementor/css/post-15216.css?ver=1760544510" "Mozilla/5.0 (Macintosh; Intel Mac OS X 10_15_7) AppleWebKit/537.36 (KHTML, like Gecko) Chrome/139.0.0.0 Safari/537.36"
129.222.206.69 - - [04/Dec/2025:13:00:52 +0000] "GET /wp-content/uploads/2020/11/cropped-logo-3.png HTTP/1.1" 200 7875 "https://ondostate.gov.ng/index.php/2025/06/27/gov-aiyedatiwa-inaugurates-olowo-as-chairman-ondo-state-council-of-obas/" "Mozilla/5.0 (Windows NT 10.0; Win64; x64) AppleWebKit/537.36 (KHTML, like Gecko) Chrome/142.0.0.0 Safari/537.36"
195.172.118.210 - - [04/Dec/2025:13:00:52 +0000] "GET /wp-content/plugins/elementor/assets/js/webpack.runtime.min.js?ver=3.11.1 HTTP/1.1" 200 4958 "https://ondostate.gov.ng/" "Mozilla/5.0 (Macintosh; Intel Mac OS X 10_15_7) AppleWebKit/537.36 (KHTML, like Gecko) Chrome/139.0.0.0 Safari/537.36"
195.172.118.210 - - [04/Dec/2025:13:00:52 +0000] "GET /wp-content/plugins/elementor-pro-old/assets/js/webpack-pro.runtime.min.js?ver=3.6.5 HTTP/1.1" 200 5125 "https://ondostate.gov.ng/" "Mozilla/5.0 (Macintosh; Intel Mac OS X 10_15_7) AppleWebKit/537.36 (KHTML, like Gecko) Chrome/139.0.0.0 Safari/537.36"
195.172.118.210 - - [04/Dec/2025:13:00:53 +0000] "GET /wp-content/plugins/elementor/assets/js/frontend-modules.min.js?ver=3.11.1 HTTP/1.1" 200 36460 "https://ondostate.gov.ng/" "Mozilla/5.0 (Macintosh; Intel Mac OS X 10_15_7) AppleWebKit/537.36 (KHTML, like Gecko) Chrome/139.0.0.0 Safari/537.36"
195.172.118.210 - - [04/Dec/2025:13:00:53 +0000] "GET /wp-includes/js/dist/vendor/wp-polyfill-inert.min.js?ver=3.1.2 HTTP/1.1" 200 8171 "https://ondostate.gov.ng/" "Mozilla/5.0 (Macintosh; Intel Mac OS X 10_15_7) AppleWebKit/537.36 (KHTML, like Gecko) Chrome/139.0.0.0 Safari/537.36"
195.172.118.210 - - [04/Dec/2025:13:00:53 +0000] "GET /wp-includes/js/dist/vendor/regenerator-runtime.min.js?ver=0.14.0 HTTP/1.1" 200 6625 "https://ondostate.gov.ng/" "Mozilla/5.0 (Macintosh; Intel Mac OS X 10_15_7) AppleWebKit/537.36 (KHTML, like Gecko) Chrome/139.0.0.0 Safari/537.36"
195.172.118.210 - - [04/Dec/2025:13:00:53 +0000] "GET /wp-includes/js/dist/hooks.min.js?ver=c6aec9a8d4e5a5d543a1 HTTP/1.1" 200 4627 "https://ondostate.gov.ng/" "Mozilla/5.0 (Macintosh; Intel Mac OS X 10_15_7) AppleWebKit/537.36 (KHTML, like Gecko) Chrome/139.0.0.0 Safari/537.36"
195.172.118.210 - - [04/Dec/2025:13:00:53 +0000] "GET /wp-includes/js/dist/vendor/wp-polyfill.min.js?ver=3.15.0 HTTP/1.1" 200 115127 "https://ondostate.gov.ng/" "Mozilla/5.0 (Macintosh; Intel Mac OS X 10_15_7) AppleWebKit/537.36 (KHTML, like Gecko) Chrome/139.0.0.0 Safari/537.36"
195.172.118.210 - - [04/Dec/2025:13:00:53 +0000] "GET /wp-includes/js/dist/i18n.min.js?ver=7701b0c3857f914212ef HTTP/1.1" 200 9445 "https://ondostate.gov.ng/" "Mozilla/5.0 (Macintosh; Intel Mac OS X 10_15_7) AppleWebKit/537.36 (KHTML, like Gecko) Chrome/139.0.0.0 Safari/537.36"
195.172.118.210 - - [04/Dec/2025:13:00:53 +0000] "GET /wp-content/plugins/elementor-pro-old/assets/js/frontend.min.js?ver=3.6.5 HTTP/1.1" 200 20713 "https://ondostate.gov.ng/" "Mozilla/5.0 (Macintosh; Intel Mac OS X 10_15_7) AppleWebKit/537.36 (KHTML, like Gecko) Chrome/139.0.0.0 Safari/537.36"
195.172.118.210 - - [04/Dec/2025:13:00:53 +0000] "GET /wp-content/plugins/elementor/assets/lib/waypoints/waypoints.min.js?ver=4.0.2 HTTP/1.1" 200 12198 "https://ondostate.gov.ng/" "Mozilla/5.0 (Macintosh; Intel Mac OS X 10_15_7) AppleWebKit/537.36 (KHTML, like Gecko) Chrome/139.0.0.0 Safari/537.36"
129.222.206.69 - - [04/Dec/2025:13:00:53 +0000] "GET /wp-content/plugins/ht-mega-for-elementor/assets/js/popper.min.js?ver=1.9.8 HTTP/1.1" 200 18994 "https://ondostate.gov.ng/index.php/2025/06/27/gov-aiyedatiwa-inaugurates-olowo-as-chairman-ondo-state-council-of-obas/" "Mozilla/5.0 (Windows NT 10.0; Win64; x64) AppleWebKit/537.36 (KHTML, like Gecko) Chrome/142.0.0.0 Safari/537.36"
195.172.118.210 - - [04/Dec/2025:13:00:53 +0000] "GET /wp-includes/js/jquery/ui/core.min.js?ver=1.13.2 HTTP/1.1" 200 21438 "https://ondostate.gov.ng/" "Mozilla/5.0 (Macintosh; Intel Mac OS X 10_15_7) AppleWebKit/537.36 (KHTML, like Gecko) Chrome/139.0.0.0 Safari/537.36"
195.172.118.210 - - [04/Dec/2025:13:00:53 +0000] "GET /wp-content/plugins/ht-mega-for-elementor/assets/js/swiper.min.js?ver=1.9.8 HTTP/1.1" 200 124645 "https://ondostate.gov.ng/" "Mozilla/5.0 (Macintosh; Intel Mac OS X 10_15_7) AppleWebKit/537.36 (KHTML, like Gecko) Chrome/139.0.0.0 Safari/537.36"
195.172.118.210 - - [04/Dec/2025:13:00:53 +0000] "GET /wp-content/plugins/elementor/assets/lib/dialog/dialog.min.js?ver=4.9.0 HTTP/1.1" 200 10749 "https://ondostate.gov.ng/" "Mozilla/5.0 (Macintosh; Intel Mac OS X 10_15_7) AppleWebKit/537.36 (KHTML, like Gecko) Chrome/139.0.0.0 Safari/537.36"
195.172.118.210 - - [04/Dec/2025:13:00:53 +0000] "GET /wp-content/plugins/elementor/assets/lib/share-link/share-link.min.js?ver=3.11.1 HTTP/1.1" 200 2620 "https://ondostate.gov.ng/" "Mozilla/5.0 (Macintosh; Intel Mac OS X 10_15_7) AppleWebKit/537.36 (KHTML, like Gecko) Chrome/139.0.0.0 Safari/537.36"
195.172.118.210 - - [04/Dec/2025:13:00:53 +0000] "GET /wp-content/plugins/elementor/assets/js/frontend.min.js?ver=3.11.1 HTTP/1.1" 200 41883 "https://ondostate.gov.ng/" "Mozilla/5.0 (Macintosh; Intel Mac OS X 10_15_7) AppleWebKit/537.36 (KHTML, like Gecko) Chrome/139.0.0.0 Safari/537.36"
195.172.118.210 - - [04/Dec/2025:13:00:53 +0000] "GET /wp-content/plugins/elementor-pro-old/assets/js/preloaded-elements-handlers.min.js?ver=3.6.5 HTTP/1.1" 200 132890 "https://ondostate.gov.ng/" "Mozilla/5.0 (Macintosh; Intel Mac OS X 10_15_7) AppleWebKit/537.36 (KHTML, like Gecko) Chrome/139.0.0.0 Safari/537.36"
129.222.206.69 - - [04/Dec/2025:13:00:53 +0000] "GET /wp-content/plugins/ht-mega-for-elementor/assets/js/waypoints.js?ver=1.9.8 HTTP/1.1" 200 9029 "https://ondostate.gov.ng/index.php/2025/06/27/gov-aiyedatiwa-inaugurates-olowo-as-chairman-ondo-state-council-of-obas/" "Mozilla/5.0 (Windows NT 10.0; Win64; x64) AppleWebKit/537.36 (KHTML, like Gecko) Chrome/142.0.0.0 Safari/537.36"
129.222.206.69 - - [04/Dec/2025:13:00:53 +0000] "GET /wp-content/plugins/elementor-pro-old/assets/lib/smartmenus/jquery.smartmenus.min.js?ver=1.0.1 HTTP/1.1" 200 25202 "https://ondostate.gov.ng/index.php/2025/06/27/gov-aiyedatiwa-inaugurates-olowo-as-chairman-ondo-state-council-of-obas/" "Mozilla/5.0 (Windows NT 10.0; Win64; x64) AppleWebKit/537.36 (KHTML, like Gecko) Chrome/142.0.0.0 Safari/537.36"
129.222.206.69 - - [04/Dec/2025:13:00:53 +0000] "GET /wp-content/plugins/ht-mega-for-elementor/assets/js/htbbootstrap.js?ver=1.9.8 HTTP/1.1" 200 62890 "https://ondostate.gov.ng/index.php/2025/06/27/gov-aiyedatiwa-inaugurates-olowo-as-chairman-ondo-state-council-of-obas/" "Mozilla/5.0 (Windows NT 10.0; Win64; x64) AppleWebKit/537.36 (KHTML, like Gecko) Chrome/142.0.0.0 Safari/537.36"
195.172.118.210 - - [04/Dec/2025:13:00:53 +0000] "GET /wp-content/plugins/elementor/assets/js/preloaded-modules.min.js?ver=3.11.1 HTTP/1.1" 200 44785 "https://ondostate.gov.ng/" "Mozilla/5.0 (Macintosh; Intel Mac OS X 10_15_7) AppleWebKit/537.36 (KHTML, like Gecko) Chrome/139.0.0.0 Safari/537.36"
195.172.118.210 - - [04/Dec/2025:13:00:53 +0000] "GET /wp-content/plugins/elementor-pro-old/assets/lib/sticky/jquery.sticky.min.js?ver=3.6.5 HTTP/1.1" 200 3236 "https://ondostate.gov.ng/" "Mozilla/5.0 (Macintosh; Intel Mac OS X 10_15_7) AppleWebKit/537.36 (KHTML, like Gecko) Chrome/139.0.0.0 Safari/537.36"
195.172.118.210 - - [04/Dec/2025:13:00:53 +0000] "GET /wp-content/uploads/2025/10/lo-1.jpg HTTP/1.1" 200 360169 "https://ondostate.gov.ng/wp-content/uploads/elementor/css/post-15216.css?ver=1760544510" "Mozilla/5.0 (Macintosh; Intel Mac OS X 10_15_7) AppleWebKit/537.36 (KHTML, like Gecko) Chrome/139.0.0.0 Safari/537.36"
195.172.118.210 - - [04/Dec/2025:13:00:53 +0000] "GET /wp-content/uploads/2025/02/WhatsApp-Image-2025-02-20-at-5.26.01-AM-2.jpeg HTTP/1.1" 200 420928 "https://ondostate.gov.ng/wp-content/uploads/elementor/css/post-15216.css?ver=1760544510" "Mozilla/5.0 (Macintosh; Intel Mac OS X 10_15_7) AppleWebKit/537.36 (KHTML, like Gecko) Chrome/139.0.0.0 Safari/537.36"
195.172.118.210 - - [04/Dec/2025:13:00:53 +0000] "GET /wp-content/uploads/2025/02/WhatsApp-Image-2025-02-20-at-9.31.01-AM.jpeg HTTP/1.1" 200 462365 "https://ondostate.gov.ng/wp-content/uploads/elementor/css/post-15216.css?ver=1760544510" "Mozilla/5.0 (Macintosh; Intel Mac OS X 10_15_7) AppleWebKit/537.36 (KHTML, like Gecko) Chrome/139.0.0.0 Safari/537.36"
195.172.118.210 - - [04/Dec/2025:13:00:53 +0000] "GET /wp-content/uploads/2024/10/WhatsApp-Image-2024-10-17-at-14.37.50.jpeg HTTP/1.1" 200 135623 "https://ondostate.gov.ng/wp-content/uploads/elementor/css/post-15216.css?ver=1760544510" "Mozilla/5.0 (Macintosh; Intel Mac OS X 10_15_7) AppleWebKit/537.36 (KHTML, like Gecko) Chrome/139.0.0.0 Safari/537.36"
129.222.206.69 - - [04/Dec/2025:13:00:53 +0000] "GET /wp-content/plugins/elementor-pro-old/assets/js/webpack-pro.runtime.min.js?ver=3.6.5 HTTP/1.1" 200 5125 "https://ondostate.gov.ng/index.php/2025/06/27/gov-aiyedatiwa-inaugurates-olowo-as-chairman-ondo-state-council-of-obas/" "Mozilla/5.0 (Windows NT 10.0; Win64; x64) AppleWebKit/537.36 (KHTML, like Gecko) Chrome/142.0.0.0 Safari/537.36"
195.172.118.210 - - [04/Dec/2025:13:00:53 +0000] "GET /wp-content/uploads/2021/06/linebgoverlay.png HTTP/1.1" 200 12089 "https://ondostate.gov.ng/wp-content/uploads/elementor/css/post-15216.css?ver=1760544510" "Mozilla/5.0 (Macintosh; Intel Mac OS X 10_15_7) AppleWebKit/537.36 (KHTML, like Gecko) Chrome/139.0.0.0 Safari/537.36"
129.222.206.69 - - [04/Dec/2025:13:00:53 +0000] "GET /wp-content/uploads/essential-addons-elementor/734e5f942.min.js?ver=1764853245 HTTP/1.1" 200 1058829 "https://ondostate.gov.ng/index.php/2025/06/27/gov-aiyedatiwa-inaugurates-olowo-as-chairman-ondo-state-council-of-obas/" "Mozilla/5.0 (Windows NT 10.0; Win64; x64) AppleWebKit/537.36 (KHTML, like Gecko) Chrome/142.0.0.0 Safari/537.36"
129.222.206.69 - - [04/Dec/2025:13:00:53 +0000] "GET /wp-content/plugins/elementor/assets/js/webpack.runtime.min.js?ver=3.11.1 HTTP/1.1" 200 4958 "https://ondostate.gov.ng/index.php/2025/06/27/gov-aiyedatiwa-inaugurates-olowo-as-chairman-ondo-state-council-of-obas/" "Mozilla/5.0 (Windows NT 10.0; Win64; x64) AppleWebKit/537.36 (KHTML, like Gecko) Chrome/142.0.0.0 Safari/537.36"
195.172.118.210 - - [04/Dec/2025:13:00:53 +0000] "GET /wp-content/plugins/elementor/assets/lib/eicons/fonts/eicons.woff2?5.18.0 HTTP/1.1" 200 93868 "https://ondostate.gov.ng/wp-content/plugins/elementor/assets/lib/eicons/css/elementor-icons.min.css?ver=5.18.0" "Mozilla/5.0 (Macintosh; Intel Mac OS X 10_15_7) AppleWebKit/537.36 (KHTML, like Gecko) Chrome/139.0.0.0 Safari/537.36"
129.222.206.69 - - [04/Dec/2025:13:00:53 +0000] "GET /wp-content/plugins/elementor/assets/js/frontend-modules.min.js?ver=3.11.1 HTTP/1.1" 200 36460 "https://ondostate.gov.ng/index.php/2025/06/27/gov-aiyedatiwa-inaugurates-olowo-as-chairman-ondo-state-council-of-obas/" "Mozilla/5.0 (Windows NT 10.0; Win64; x64) AppleWebKit/537.36 (KHTML, like Gecko) Chrome/142.0.0.0 Safari/537.36"
129.222.206.69 - - [04/Dec/2025:13:00:53 +0000] "GET /wp-includes/js/dist/vendor/wp-polyfill-inert.min.js?ver=3.1.2 HTTP/1.1" 200 8171 "https://ondostate.gov.ng/index.php/2025/06/27/gov-aiyedatiwa-inaugurates-olowo-as-chairman-ondo-state-council-of-obas/" "Mozilla/5.0 (Windows NT 10.0; Win64; x64) AppleWebKit/537.36 (KHTML, like Gecko) Chrome/142.0.0.0 Safari/537.36"
195.172.118.210 - - [04/Dec/2025:13:00:53 +0000] "GET /wp-content/uploads/2020/11/cropped-logo-3-1-32x32.png HTTP/1.1" 200 1751 "https://ondostate.gov.ng/" "Mozilla/5.0 (Macintosh; Intel Mac OS X 10_15_7) AppleWebKit/537.36 (KHTML, like Gecko) Chrome/139.0.0.0 Safari/537.36"
129.222.206.69 - - [04/Dec/2025:13:00:53 +0000] "GET /wp-includes/js/dist/vendor/regenerator-runtime.min.js?ver=0.14.0 HTTP/1.1" 200 6625 "https://ondostate.gov.ng/index.php/2025/06/27/gov-aiyedatiwa-inaugurates-olowo-as-chairman-ondo-state-council-of-obas/" "Mozilla/5.0 (Windows NT 10.0; Win64; x64) AppleWebKit/537.36 (KHTML, like Gecko) Chrome/142.0.0.0 Safari/537.36"
129.222.206.69 - - [04/Dec/2025:13:00:53 +0000] "GET /wp-includes/js/dist/vendor/wp-polyfill.min.js?ver=3.15.0 HTTP/1.1" 200 115127 "https://ondostate.gov.ng/index.php/2025/06/27/gov-aiyedatiwa-inaugurates-olowo-as-chairman-ondo-state-council-of-obas/" "Mozilla/5.0 (Windows NT 10.0; Win64; x64) AppleWebKit/537.36 (KHTML, like Gecko) Chrome/142.0.0.0 Safari/537.36"
129.222.206.69 - - [04/Dec/2025:13:00:53 +0000] "GET /wp-includes/js/dist/hooks.min.js?ver=c6aec9a8d4e5a5d543a1 HTTP/1.1" 200 4627 "https://ondostate.gov.ng/index.php/2025/06/27/gov-aiyedatiwa-inaugurates-olowo-as-chairman-ondo-state-council-of-obas/" "Mozilla/5.0 (Windows NT 10.0; Win64; x64) AppleWebKit/537.36 (KHTML, like Gecko) Chrome/142.0.0.0 Safari/537.36"
129.222.206.69 - - [04/Dec/2025:13:00:53 +0000] "GET /wp-includes/js/dist/i18n.min.js?ver=7701b0c3857f914212ef HTTP/1.1" 200 9445 "https://ondostate.gov.ng/index.php/2025/06/27/gov-aiyedatiwa-inaugurates-olowo-as-chairman-ondo-state-council-of-obas/" "Mozilla/5.0 (Windows NT 10.0; Win64; x64) AppleWebKit/537.36 (KHTML, like Gecko) Chrome/142.0.0.0 Safari/537.36"
129.222.206.69 - - [04/Dec/2025:13:00:53 +0000] "GET /wp-content/plugins/elementor-pro-old/assets/js/frontend.min.js?ver=3.6.5 HTTP/1.1" 200 20713 "https://ondostate.gov.ng/index.php/2025/06/27/gov-aiyedatiwa-inaugurates-olowo-as-chairman-ondo-state-council-of-obas/" "Mozilla/5.0 (Windows NT 10.0; Win64; x64) AppleWebKit/537.36 (KHTML, like Gecko) Chrome/142.0.0.0 Safari/537.36"
129.222.206.69 - - [04/Dec/2025:13:00:54 +0000] "GET /wp-content/plugins/elementor/assets/lib/waypoints/waypoints.min.js?ver=4.0.2 HTTP/1.1" 200 12198 "https://ondostate.gov.ng/index.php/2025/06/27/gov-aiyedatiwa-inaugurates-olowo-as-chairman-ondo-state-council-of-obas/" "Mozilla/5.0 (Windows NT 10.0; Win64; x64) AppleWebKit/537.36 (KHTML, like Gecko) Chrome/142.0.0.0 Safari/537.36"
129.222.206.69 - - [04/Dec/2025:13:00:54 +0000] "GET /wp-includes/js/jquery/ui/core.min.js?ver=1.13.2 HTTP/1.1" 200 21438 "https://ondostate.gov.ng/index.php/2025/06/27/gov-aiyedatiwa-inaugurates-olowo-as-chairman-ondo-state-council-of-obas/" "Mozilla/5.0 (Windows NT 10.0; Win64; x64) AppleWebKit/537.36 (KHTML, like Gecko) Chrome/142.0.0.0 Safari/537.36"
129.222.206.69 - - [04/Dec/2025:13:00:54 +0000] "GET /wp-content/plugins/ht-mega-for-elementor/assets/js/swiper.min.js?ver=1.9.8 HTTP/1.1" 200 124645 "https://ondostate.gov.ng/index.php/2025/06/27/gov-aiyedatiwa-inaugurates-olowo-as-chairman-ondo-state-council-of-obas/" "Mozilla/5.0 (Windows NT 10.0; Win64; x64) AppleWebKit/537.36 (KHTML, like Gecko) Chrome/142.0.0.0 Safari/537.36"
129.222.206.69 - - [04/Dec/2025:13:00:54 +0000] "GET /wp-content/plugins/elementor/assets/lib/share-link/share-link.min.js?ver=3.11.1 HTTP/1.1" 200 2620 "https://ondostate.gov.ng/index.php/2025/06/27/gov-aiyedatiwa-inaugurates-olowo-as-chairman-ondo-state-council-of-obas/" "Mozilla/5.0 (Windows NT 10.0; Win64; x64) AppleWebKit/537.36 (KHTML, like Gecko) Chrome/142.0.0.0 Safari/537.36"
129.222.206.69 - - [04/Dec/2025:13:00:54 +0000] "GET /wp-content/plugins/elementor/assets/lib/dialog/dialog.min.js?ver=4.9.0 HTTP/1.1" 200 10749 "https://ondostate.gov.ng/index.php/2025/06/27/gov-aiyedatiwa-inaugurates-olowo-as-chairman-ondo-state-council-of-obas/" "Mozilla/5.0 (Windows NT 10.0; Win64; x64) AppleWebKit/537.36 (KHTML, like Gecko) Chrome/142.0.0.0 Safari/537.36"
129.222.206.69 - - [04/Dec/2025:13:00:54 +0000] "GET /wp-content/plugins/elementor/assets/js/frontend.min.js?ver=3.11.1 HTTP/1.1" 200 41883 "https://ondostate.gov.ng/index.php/2025/06/27/gov-aiyedatiwa-inaugurates-olowo-as-chairman-ondo-state-council-of-obas/" "Mozilla/5.0 (Windows NT 10.0; Win64; x64) AppleWebKit/537.36 (KHTML, like Gecko) Chrome/142.0.0.0 Safari/537.36"
129.222.206.69 - - [04/Dec/2025:13:00:54 +0000] "GET /wp-content/plugins/elementor-pro-old/assets/js/preloaded-elements-handlers.min.js?ver=3.6.5 HTTP/1.1" 200 132890 "https://ondostate.gov.ng/index.php/2025/06/27/gov-aiyedatiwa-inaugurates-olowo-as-chairman-ondo-state-council-of-obas/" "Mozilla/5.0 (Windows NT 10.0; Win64; x64) AppleWebKit/537.36 (KHTML, like Gecko) Chrome/142.0.0.0 Safari/537.36"
129.222.206.69 - - [04/Dec/2025:13:00:54 +0000] "GET /wp-content/plugins/elementor/assets/js/preloaded-modules.min.js?ver=3.11.1 HTTP/1.1" 200 44785 "https://ondostate.gov.ng/index.php/2025/06/27/gov-aiyedatiwa-inaugurates-olowo-as-chairman-ondo-state-council-of-obas/" "Mozilla/5.0 (Windows NT 10.0; Win64; x64) AppleWebKit/537.36 (KHTML, like Gecko) Chrome/142.0.0.0 Safari/537.36"
129.222.206.69 - - [04/Dec/2025:13:00:54 +0000] "GET /wp-content/plugins/elementor-pro-old/assets/lib/sticky/jquery.sticky.min.js?ver=3.6.5 HTTP/1.1" 200 3236 "https://ondostate.gov.ng/index.php/2025/06/27/gov-aiyedatiwa-inaugurates-olowo-as-chairman-ondo-state-council-of-obas/" "Mozilla/5.0 (Windows NT 10.0; Win64; x64) AppleWebKit/537.36 (KHTML, like Gecko) Chrome/142.0.0.0 Safari/537.36"
129.222.206.69 - - [04/Dec/2025:13:00:55 +0000] "GET /wp-includes/js/comment-reply.min.js?ver=6.4.7 HTTP/1.1" 200 2981 "https://ondostate.gov.ng/index.php/2025/06/27/gov-aiyedatiwa-inaugurates-olowo-as-chairman-ondo-state-council-of-obas/" "Mozilla/5.0 (Windows NT 10.0; Win64; x64) AppleWebKit/537.36 (KHTML, like Gecko) Chrome/142.0.0.0 Safari/537.36"
129.222.206.69 - - [04/Dec/2025:13:00:55 +0000] "GET /wp-includes/js/wp-emoji-release.min.js?ver=6.4.7 HTTP/1.1" 200 18692 "https://ondostate.gov.ng/index.php/2025/06/27/gov-aiyedatiwa-inaugurates-olowo-as-chairman-ondo-state-council-of-obas/" "Mozilla/5.0 (Windows NT 10.0; Win64; x64) AppleWebKit/537.36 (KHTML, like Gecko) Chrome/142.0.0.0 Safari/537.36"
129.222.206.69 - - [04/Dec/2025:13:00:55 +0000] "GET /wp-content/plugins/elementor/assets/lib/eicons/fonts/eicons.woff2?5.18.0 HTTP/1.1" 200 93868 "https://ondostate.gov.ng/wp-content/plugins/elementor/assets/lib/eicons/css/elementor-icons.min.css?ver=5.18.0" "Mozilla/5.0 (Windows NT 10.0; Win64; x64) AppleWebKit/537.36 (KHTML, like Gecko) Chrome/142.0.0.0 Safari/537.36"
197.210.28.41 - - [04/Dec/2025:13:00:55 +0000] "GET /wp-content/plugins/ht-mega-for-elementor/assets/js/htbbootstrap.js?ver=1.9.8 HTTP/1.1" 200 62890 "https://ondostate.gov.ng/index.php/2024/07/11/gov-aiyedatiwa-constitutes-transition-committees-for-lgs-and-lcdas/" "Mozilla/5.0 (Windows NT 10.0; Win64; x64) AppleWebKit/537.36 (KHTML, like Gecko) Chrome/142.0.0.0 Safari/537.36"
129.222.206.69 - - [04/Dec/2025:13:00:55 +0000] "GET /wp-content/uploads/2020/11/cropped-logo-3-1-32x32.png HTTP/1.1" 200 1751 "https://ondostate.gov.ng/index.php/2025/06/27/gov-aiyedatiwa-inaugurates-olowo-as-chairman-ondo-state-council-of-obas/" "Mozilla/5.0 (Windows NT 10.0; Win64; x64) AppleWebKit/537.36 (KHTML, like Gecko) Chrome/142.0.0.0 Safari/537.36"
174.95.197.210 - - [04/Dec/2025:13:00:58 +0000] "GET /wp-content/uploads/2024/10/WhatsApp-Image-2024-10-17-at-18.30.58-1024x1006.jpeg HTTP/1.1" 200 98124 "https://www.google.com/" "Mozilla/5.0 (iPhone; CPU iPhone OS 18_7 like Mac OS X) AppleWebKit/605.1.15 (KHTML, like Gecko) Version/26.1 Mobile/15E148 Safari/604.1"
197.210.28.41 - - [04/Dec/2025:13:01:31 +0000] "GET /wp-content/plugins/ht-mega-for-elementor/assets/js/waypoints.js?ver=1.9.8 HTTP/1.1" 200 9029 "https://ondostate.gov.ng/index.php/2024/07/11/gov-aiyedatiwa-constitutes-transition-committees-for-lgs-and-lcdas/" "Mozilla/5.0 (Windows NT 10.0; Win64; x64) AppleWebKit/537.36 (KHTML, like Gecko) Chrome/142.0.0.0 Safari/537.36"
193.186.4.90 - - [04/Dec/2025:13:01:33 +0000] "GET /index.php/2024/04/17/appointment-of-acting-cmd-for-unimed-teaching-hospital/ HTTP/1.1" 200 140257 "https://www.google.com/" "Mozilla/5.0 (Windows NT 10.0; Win64; x64) AppleWebKit/537.36 (KHTML, like Gecko) Chrome/142.0.0.0 Safari/537.36"
162.120.187.117 - - [04/Dec/2025:13:01:35 +0000] "GET /index.php/2025/06/27/gov-aiyedatiwa-inaugurates-olowo-as-chairman-ondo-state-council-of-obas/ HTTP/1.1" 200 146768 "https://www.google.com/" "Mozilla/5.0 (Windows NT 10.0; Win64; x64) AppleWebKit/537.36 (KHTML, like Gecko) Chrome/142.0.0.0 Safari/537.36"
197.210.28.41 - - [04/Dec/2025:13:01:38 +0000] "GET /wp-content/plugins/elementor-pro-old/assets/lib/smartmenus/jquery.smartmenus.min.js?ver=1.0.1 HTTP/1.1" 200 25202 "https://ondostate.gov.ng/index.php/2024/07/11/gov-aiyedatiwa-constitutes-transition-committees-for-lgs-and-lcdas/" "Mozilla/5.0 (Windows NT 10.0; Win64; x64) AppleWebKit/537.36 (KHTML, like Gecko) Chrome/142.0.0.0 Safari/537.36"
197.210.28.41 - - [04/Dec/2025:13:01:51 +0000] "GET /wp-content/plugins/elementor-pro-old/assets/js/webpack-pro.runtime.min.js?ver=3.6.5 HTTP/1.1" 200 5125 "https://ondostate.gov.ng/index.php/2024/07/11/gov-aiyedatiwa-constitutes-transition-committees-for-lgs-and-lcdas/" "Mozilla/5.0 (Windows NT 10.0; Win64; x64) AppleWebKit/537.36 (KHTML, like Gecko) Chrome/142.0.0.0 Safari/537.36"
197.210.28.41 - - [04/Dec/2025:13:01:55 +0000] "GET /wp-content/plugins/elementor/assets/js/webpack.runtime.min.js?ver=3.11.1 HTTP/1.1" 200 4958 "https://ondostate.gov.ng/index.php/2024/07/11/gov-aiyedatiwa-constitutes-transition-committees-for-lgs-and-lcdas/" "Mozilla/5.0 (Windows NT 10.0; Win64; x64) AppleWebKit/537.36 (KHTML, like Gecko) Chrome/142.0.0.0 Safari/537.36"
197.210.28.41 - - [04/Dec/2025:13:02:00 +0000] "GET /wp-content/plugins/elementor/assets/js/frontend-modules.min.js?ver=3.11.1 HTTP/1.1" 200 36460 "https://ondostate.gov.ng/index.php/2024/07/11/gov-aiyedatiwa-constitutes-transition-committees-for-lgs-and-lcdas/" "Mozilla/5.0 (Windows NT 10.0; Win64; x64) AppleWebKit/537.36 (KHTML, like Gecko) Chrome/142.0.0.0 Safari/537.36"
172.213.11.144 - - [04/Dec/2025:13:02:01 +0000] "GET /index.php/2025/04/06/gov-aiyedatiwa-approves-appointment-of-olowo-as-chairman-of-ondo-state-council-of-obas/ HTTP/1.1" 200 147872 "-" "Mozilla/5.0 AppleWebKit/537.36 (KHTML, like Gecko); compatible; ChatGPT-User/1.0; +https://openai.com/bot"
172.213.11.151 - - [04/Dec/2025:13:02:01 +0000] "GET /index.php/2024/12/11/gov-aiyedatiwa-approves-appointment-of-four-traditional-rulers-recognition-of-two-new-stools/ HTTP/1.1" 200 144488 "-" "Mozilla/5.0 AppleWebKit/537.36 (KHTML, like Gecko); compatible; ChatGPT-User/1.0; +https://openai.com/bot"
172.213.11.145 - - [04/Dec/2025:13:02:01 +0000] "GET /index.php/2025/02/20/gov-aiyedatiwa-commissions-obas-council-secretariat-reaffirms-support-for-traditional-institution/ HTTP/1.1" 200 148129 "-" "Mozilla/5.0 AppleWebKit/537.36 (KHTML, like Gecko); compatible; ChatGPT-User/1.0; +https://openai.com/bot"
197.210.28.41 - - [04/Dec/2025:13:02:15 +0000] "GET /wp-includes/js/dist/vendor/wp-polyfill-inert.min.js?ver=3.1.2 HTTP/1.1" 200 8171 "https://ondostate.gov.ng/index.php/2024/07/11/gov-aiyedatiwa-constitutes-transition-committees-for-lgs-and-lcdas/" "Mozilla/5.0 (Windows NT 10.0; Win64; x64) AppleWebKit/537.36 (KHTML, like Gecko) Chrome/142.0.0.0 Safari/537.36"
197.210.28.41 - - [04/Dec/2025:13:02:17 +0000] "GET /wp-includes/js/dist/vendor/regenerator-runtime.min.js?ver=0.14.0 HTTP/1.1" 200 6625 "https://ondostate.gov.ng/index.php/2024/07/11/gov-aiyedatiwa-constitutes-transition-committees-for-lgs-and-lcdas/" "Mozilla/5.0 (Windows NT 10.0; Win64; x64) AppleWebKit/537.36 (KHTML, like Gecko) Chrome/142.0.0.0 Safari/537.36"
193.186.4.90 - - [04/Dec/2025:13:02:23 +0000] "GET /index.php/profile/ HTTP/1.1" 200 149137 "https://www.google.com/" "Mozilla/5.0 (Linux; Android 10; K) AppleWebKit/537.36 (KHTML, like Gecko) Chrome/142.0.0.0 Mobile Safari/537.36"
154.113.158.227 - - [04/Dec/2025:13:02:24 +0000] "GET / HTTP/1.1" 200 187067 "https://www.google.com/" "Mozilla/5.0 (iPhone; CPU iPhone OS 26_1_0 like Mac OS X) AppleWebKit/605.1.15 (KHTML, like Gecko) CriOS/142.0.7444.148 Mobile/15E148 Safari/604.1"
154.113.158.227 - - [04/Dec/2025:13:02:24 +0000] "GET /wp-content/uploads/elementor/css/post-15216.css?ver=1760544510 HTTP/1.1" 200 56600 "https://ondostate.gov.ng/" "Mozilla/5.0 (iPhone; CPU iPhone OS 26_1_0 like Mac OS X) AppleWebKit/605.1.15 (KHTML, like Gecko) CriOS/142.0.7444.148 Mobile/15E148 Safari/604.1"
154.113.158.227 - - [04/Dec/2025:13:02:24 +0000] "GET /wp-content/plugins/elementor/assets/lib/e-gallery/css/e-gallery.min.css?ver=1.2.0 HTTP/1.1" 200 3303 "https://ondostate.gov.ng/" "Mozilla/5.0 (iPhone; CPU iPhone OS 26_1_0 like Mac OS X) AppleWebKit/605.1.15 (KHTML, like Gecko) CriOS/142.0.7444.148 Mobile/15E148 Safari/604.1"
154.113.158.227 - - [04/Dec/2025:13:02:24 +0000] "GET /wp-content/plugins/elementor/assets/lib/font-awesome/css/regular.min.css?ver=5.15.3 HTTP/1.1" 200 677 "https://ondostate.gov.ng/" "Mozilla/5.0 (iPhone; CPU iPhone OS 26_1_0 like Mac OS X) AppleWebKit/605.1.15 (KHTML, like Gecko) CriOS/142.0.7444.148 Mobile/15E148 Safari/604.1"
154.113.158.227 - - [04/Dec/2025:13:02:24 +0000] "GET /wp-content/plugins/elementor/assets/lib/e-gallery/js/e-gallery.min.js?ver=1.2.0 HTTP/1.1" 200 15347 "https://ondostate.gov.ng/" "Mozilla/5.0 (iPhone; CPU iPhone OS 26_1_0 like Mac OS X) AppleWebKit/605.1.15 (KHTML, like Gecko) CriOS/142.0.7444.148 Mobile/15E148 Safari/604.1"
154.113.158.227 - - [04/Dec/2025:13:02:24 +0000] "GET /wp-content/plugins/elementor/assets/lib/jquery-numerator/jquery-numerator.min.js?ver=0.2.1 HTTP/1.1" 200 1801 "https://ondostate.gov.ng/" "Mozilla/5.0 (iPhone; CPU iPhone OS 26_1_0 like Mac OS X) AppleWebKit/605.1.15 (KHTML, like Gecko) CriOS/142.0.7444.148 Mobile/15E148 Safari/604.1"
154.113.158.227 - - [04/Dec/2025:13:02:24 +0000] "GET /wp-includes/js/imagesloaded.min.js?ver=5.0.0 HTTP/1.1" 200 5520 "https://ondostate.gov.ng/" "Mozilla/5.0 (iPhone; CPU iPhone OS 26_1_0 like Mac OS X) AppleWebKit/605.1.15 (KHTML, like Gecko) CriOS/142.0.7444.148 Mobile/15E148 Safari/604.1"
154.113.158.227 - - [04/Dec/2025:13:02:24 +0000] "GET /wp-content/uploads/2025/12/WhatsApp-Image-2025-12-01-at-11.03.46-AM-1024x683.jpeg HTTP/1.1" 200 68926 "https://ondostate.gov.ng/" "Mozilla/5.0 (iPhone; CPU iPhone OS 26_1_0 like Mac OS X) AppleWebKit/605.1.15 (KHTML, like Gecko) CriOS/142.0.7444.148 Mobile/15E148 Safari/604.1"
154.113.158.227 - - [04/Dec/2025:13:02:25 +0000] "GET /wp-content/uploads/2025/10/banner-one.jpg HTTP/1.1" 200 738122 "https://ondostate.gov.ng/" "Mozilla/5.0 (iPhone; CPU iPhone OS 26_1_0 like Mac OS X) AppleWebKit/605.1.15 (KHTML, like Gecko) CriOS/142.0.7444.148 Mobile/15E148 Safari/604.1"
154.113.158.227 - - [04/Dec/2025:13:02:25 +0000] "GET /wp-content/uploads/2025/12/WhatsApp-Image-2025-12-01-at-10.56.00-AM-1-1024x731.jpeg HTTP/1.1" 200 132340 "https://ondostate.gov.ng/" "Mozilla/5.0 (iPhone; CPU iPhone OS 26_1_0 like Mac OS X) AppleWebKit/605.1.15 (KHTML, like Gecko) CriOS/142.0.7444.148 Mobile/15E148 Safari/604.1"
154.113.158.227 - - [04/Dec/2025:13:02:25 +0000] "GET /wp-content/uploads/2025/10/gov222.jpeg HTTP/1.1" 200 134128 "https://ondostate.gov.ng/" "Mozilla/5.0 (iPhone; CPU iPhone OS 26_1_0 like Mac OS X) AppleWebKit/605.1.15 (KHTML, like Gecko) CriOS/142.0.7444.148 Mobile/15E148 Safari/604.1"
154.113.158.227 - - [04/Dec/2025:13:02:25 +0000] "GET /wp-content/uploads/2024/10/WhatsApp-Image-2024-10-17-at-14.37.50.jpeg HTTP/1.1" 200 135623 "https://ondostate.gov.ng/" "Mozilla/5.0 (iPhone; CPU iPhone OS 26_1_0 like Mac OS X) AppleWebKit/605.1.15 (KHTML, like Gecko) CriOS/142.0.7444.148 Mobile/15E148 Safari/604.1"
154.113.158.227 - - [04/Dec/2025:13:02:26 +0000] "GET /wp-content/uploads/2025/02/WhatsApp-Image-2025-02-20-at-5.26.01-AM-2.jpeg HTTP/1.1" 200 420928 "https://ondostate.gov.ng/" "Mozilla/5.0 (iPhone; CPU iPhone OS 26_1_0 like Mac OS X) AppleWebKit/605.1.15 (KHTML, like Gecko) CriOS/142.0.7444.148 Mobile/15E148 Safari/604.1"
154.113.158.227 - - [04/Dec/2025:13:02:26 +0000] "GET /wp-content/uploads/2025/06/WhatsApp-Image-2025-06-13-at-10.25.04-AM.jpeg HTTP/1.1" 200 378058 "https://ondostate.gov.ng/" "Mozilla/5.0 (iPhone; CPU iPhone OS 26_1_0 like Mac OS X) AppleWebKit/605.1.15 (KHTML, like Gecko) CriOS/142.0.7444.148 Mobile/15E148 Safari/604.1"
154.113.158.227 - - [04/Dec/2025:13:02:26 +0000] "GET /wp-content/uploads/2021/06/linebgoverlay.png HTTP/1.1" 200 12089 "https://ondostate.gov.ng/" "Mozilla/5.0 (iPhone; CPU iPhone OS 26_1_0 like Mac OS X) AppleWebKit/605.1.15 (KHTML, like Gecko) CriOS/142.0.7444.148 Mobile/15E148 Safari/604.1"
154.113.158.227 - - [04/Dec/2025:13:02:29 +0000] "GET /wp-content/uploads/2025/02/WhatsApp-Image-2025-02-20-at-9.31.01-AM.jpeg HTTP/1.1" 200 462365 "https://ondostate.gov.ng/" "Mozilla/5.0 (iPhone; CPU iPhone OS 26_1_0 like Mac OS X) AppleWebKit/605.1.15 (KHTML, like Gecko) CriOS/142.0.7444.148 Mobile/15E148 Safari/604.1"
154.113.158.227 - - [04/Dec/2025:13:02:29 +0000] "GET /wp-content/uploads/2025/10/lo-1.jpg HTTP/1.1" 200 360169 "https://ondostate.gov.ng/" "Mozilla/5.0 (iPhone; CPU iPhone OS 26_1_0 like Mac OS X) AppleWebKit/605.1.15 (KHTML, like Gecko) CriOS/142.0.7444.148 Mobile/15E148 Safari/604.1"
197.210.28.41 - - [04/Dec/2025:13:02:32 +0000] "GET /wp-includes/js/dist/vendor/wp-polyfill.min.js?ver=3.15.0 HTTP/1.1" 200 115127 "https://ondostate.gov.ng/index.php/2024/07/11/gov-aiyedatiwa-constitutes-transition-committees-for-lgs-and-lcdas/" "Mozilla/5.0 (Windows NT 10.0; Win64; x64) AppleWebKit/537.36 (KHTML, like Gecko) Chrome/142.0.0.0 Safari/537.36"
154.113.158.227 - - [04/Dec/2025:13:02:33 +0000] "GET /wp-content/uploads/2025/02/WhatsApp-Image-2025-02-27-at-15.29.30-1536x1097.jpeg HTTP/1.1" 200 222410 "https://ondostate.gov.ng/" "Mozilla/5.0 (iPhone; CPU iPhone OS 26_1_0 like Mac OS X) AppleWebKit/605.1.15 (KHTML, like Gecko) CriOS/142.0.7444.148 Mobile/15E148 Safari/604.1"
154.113.158.227 - - [04/Dec/2025:13:02:33 +0000] "GET /wp-content/uploads/2025/02/WhatsApp-Image-2025-02-27-at-15.29.27-2.jpeg HTTP/1.1" 200 74500 "https://ondostate.gov.ng/" "Mozilla/5.0 (iPhone; CPU iPhone OS 26_1_0 like Mac OS X) AppleWebKit/605.1.15 (KHTML, like Gecko) CriOS/142.0.7444.148 Mobile/15E148 Safari/604.1"
154.113.158.227 - - [04/Dec/2025:13:02:34 +0000] "GET /wp-content/uploads/2025/02/WhatsApp-Image-2025-02-27-at-15.29.29-1.jpeg HTTP/1.1" 200 117797 "https://ondostate.gov.ng/" "Mozilla/5.0 (iPhone; CPU iPhone OS 26_1_0 like Mac OS X) AppleWebKit/605.1.15 (KHTML, like Gecko) CriOS/142.0.7444.148 Mobile/15E148 Safari/604.1"
154.113.158.227 - - [04/Dec/2025:13:02:34 +0000] "GET /wp-content/uploads/2025/02/WhatsApp-Image-2025-02-27-at-15.29.31.jpeg HTTP/1.1" 200 88340 "https://ondostate.gov.ng/" "Mozilla/5.0 (iPhone; CPU iPhone OS 26_1_0 like Mac OS X) AppleWebKit/605.1.15 (KHTML, like Gecko) CriOS/142.0.7444.148 Mobile/15E148 Safari/604.1"
154.113.158.227 - - [04/Dec/2025:13:02:34 +0000] "GET /wp-content/uploads/2025/02/WhatsApp-Image-2025-02-16-at-6.22.43-AM-1536x1097.jpeg HTTP/1.1" 200 325106 "https://ondostate.gov.ng/" "Mozilla/5.0 (iPhone; CPU iPhone OS 26_1_0 like Mac OS X) AppleWebKit/605.1.15 (KHTML, like Gecko) CriOS/142.0.7444.148 Mobile/15E148 Safari/604.1"
154.113.158.227 - - [04/Dec/2025:13:02:34 +0000] "GET /wp-content/uploads/2025/02/WhatsApp-Image-2025-02-18-at-1.28.07-AM-1536x1024.jpeg HTTP/1.1" 200 331958 "https://ondostate.gov.ng/" "Mozilla/5.0 (iPhone; CPU iPhone OS 26_1_0 like Mac OS X) AppleWebKit/605.1.15 (KHTML, like Gecko) CriOS/142.0.7444.148 Mobile/15E148 Safari/604.1"
154.113.158.227 - - [04/Dec/2025:13:02:34 +0000] "GET /wp-content/uploads/2025/02/WhatsApp-Image-2025-02-20-at-5.26.01-AM-2-1536x1097.jpeg HTTP/1.1" 200 246346 "https://ondostate.gov.ng/" "Mozilla/5.0 (iPhone; CPU iPhone OS 26_1_0 like Mac OS X) AppleWebKit/605.1.15 (KHTML, like Gecko) CriOS/142.0.7444.148 Mobile/15E148 Safari/604.1"
154.113.158.227 - - [04/Dec/2025:13:02:34 +0000] "GET /wp-content/uploads/2025/02/WhatsApp-Image-2025-02-20-at-9.31.01-AM-1536x1097.jpeg HTTP/1.1" 200 258175 "https://ondostate.gov.ng/" "Mozilla/5.0 (iPhone; CPU iPhone OS 26_1_0 like Mac OS X) AppleWebKit/605.1.15 (KHTML, like Gecko) CriOS/142.0.7444.148 Mobile/15E148 Safari/604.1"
52.167.144.185 - - [04/Dec/2025:13:02:34 +0000] "GET /index.php/right-of-way/ HTTP/1.1" 200 155846 "-" "Mozilla/5.0 AppleWebKit/537.36 (KHTML, like Gecko; compatible; bingbot/2.0; +http://www.bing.com/bingbot.htm) Chrome/116.0.1938.76 Safari/537.36"
154.113.158.227 - - [04/Dec/2025:13:02:35 +0000] "GET /wp-content/uploads/2025/02/WhatsApp-Image-2025-02-22-at-4.34.06-AM-2-1536x1024.jpeg HTTP/1.1" 200 276176 "https://ondostate.gov.ng/" "Mozilla/5.0 (iPhone; CPU iPhone OS 26_1_0 like Mac OS X) AppleWebKit/605.1.15 (KHTML, like Gecko) CriOS/142.0.7444.148 Mobile/15E148 Safari/604.1"
49.12.134.190 - - [04/Dec/2025:13:02:35 +0000] "GET /index.php/feed/ HTTP/1.1" 200 67836 "https://ondostate.gov.ng" "Mozilla/5.0 (Windows NT 10.0; Win64; x64) AppleWebKit/537.36 (KHTML, like Gecko) Chrome/121.0.0.0 Safari/537.36 Edg/121.0.0.0"
154.113.158.227 - - [04/Dec/2025:13:02:35 +0000] "GET /wp-content/uploads/2025/02/WhatsApp-Image-2025-02-20-at-5.26.00-AM-1-1536x965.jpeg HTTP/1.1" 200 254476 "https://ondostate.gov.ng/" "Mozilla/5.0 (iPhone; CPU iPhone OS 26_1_0 like Mac OS X) AppleWebKit/605.1.15 (KHTML, like Gecko) CriOS/142.0.7444.148 Mobile/15E148 Safari/604.1"
154.113.158.227 - - [04/Dec/2025:13:02:35 +0000] "GET /wp-content/uploads/2025/02/WhatsApp-Image-2025-02-20-at-9.30.54-AM-1536x1097.jpeg HTTP/1.1" 200 272927 "https://ondostate.gov.ng/" "Mozilla/5.0 (iPhone; CPU iPhone OS 26_1_0 like Mac OS X) AppleWebKit/605.1.15 (KHTML, like Gecko) CriOS/142.0.7444.148 Mobile/15E148 Safari/604.1"
154.113.158.227 - - [04/Dec/2025:13:02:35 +0000] "GET /wp-content/uploads/2025/02/WhatsApp-Image-2025-02-23-at-3.09.39-PM-1536x1097.jpeg HTTP/1.1" 200 349492 "https://ondostate.gov.ng/" "Mozilla/5.0 (iPhone; CPU iPhone OS 26_1_0 like Mac OS X) AppleWebKit/605.1.15 (KHTML, like Gecko) CriOS/142.0.7444.148 Mobile/15E148 Safari/604.1"
154.113.158.227 - - [04/Dec/2025:13:02:35 +0000] "GET /wp-content/uploads/2025/02/WhatsApp-Image-2025-02-20-at-9.30.58-AM-1536x1097.jpeg HTTP/1.1" 200 196395 "https://ondostate.gov.ng/" "Mozilla/5.0 (iPhone; CPU iPhone OS 26_1_0 like Mac OS X) AppleWebKit/605.1.15 (KHTML, like Gecko) CriOS/142.0.7444.148 Mobile/15E148 Safari/604.1"
193.186.4.90 - - [04/Dec/2025:13:02:41 +0000] "GET /index.php/2025/09/12/ondo-govt-approves-transfer-of-akure-hospital-to-futa-teaching-hospital-reviews-agriculture-infrastructure-policies/ HTTP/1.1" 200 144250 "https://www.google.com/" "Mozilla/5.0 (Windows NT 10.0; Win64; x64) AppleWebKit/537.36 (KHTML, like Gecko) Chrome/142.0.0.0 Safari/537.36"
197.210.28.41 - - [04/Dec/2025:13:02:51 +0000] "GET /wp-content/uploads/essential-addons-elementor/734e5f942.min.js?ver=1764853030 HTTP/1.1" 200 638734 "https://ondostate.gov.ng/index.php/2024/07/11/gov-aiyedatiwa-constitutes-transition-committees-for-lgs-and-lcdas/" "Mozilla/5.0 (Windows NT 10.0; Win64; x64) AppleWebKit/537.36 (KHTML, like Gecko) Chrome/142.0.0.0 Safari/537.36"
197.210.28.41 - - [04/Dec/2025:13:02:51 +0000] "GET /wp-content/uploads/essential-addons-elementor/734e5f942.min.css?ver=1764853030 HTTP/1.1" 200 671510 "https://ondostate.gov.ng/index.php/2024/07/11/gov-aiyedatiwa-constitutes-transition-committees-for-lgs-and-lcdas/" "Mozilla/5.0 (Windows NT 10.0; Win64; x64) AppleWebKit/537.36 (KHTML, like Gecko) Chrome/142.0.0.0 Safari/537.36"
45.86.30.106 - - [04/Dec/2025:13:03:02 +0000] "GET /wp-content/uploads/2022/11/List-and-Address-of-all-Area-offices.pdf HTTP/1.1" 200 13393 "-" "Mozilla/5.0 (Macintosh; Intel Mac OS X 10_15_7) AppleWebKit/537.36 (KHTML, like Gecko) Chrome/133.0.0.0 Safari/537.36"
69.63.189.2 - - [04/Dec/2025:13:03:20 +0000] "GET /index.php/2025/06/13/press-statement-8/ HTTP/1.1" 200 140974 "-" "meta-externalagent/1.1 (+https://developers.facebook.com/docs/sharing/webmasters/crawler)"
69.63.189.2 - - [04/Dec/2025:13:03:20 +0000] "GET /index.php/2024/04/16/ondos-new-commissioners-and-their-portfolios/ HTTP/1.1" 200 141087 "-" "meta-externalagent/1.1 (+https://developers.facebook.com/docs/sharing/webmasters/crawler)"
69.63.189.14 - - [04/Dec/2025:13:03:20 +0000] "GET /index.php/2025/07/15/new-commissioners-and-their-portfolios/ HTTP/1.1" 200 141266 "-" "meta-externalagent/1.1 (+https://developers.facebook.com/docs/sharing/webmasters/crawler)"
69.63.189.46 - - [04/Dec/2025:13:03:20 +0000] "GET /index.php/executive-council/ HTTP/1.1" 200 179504 "-" "meta-externalagent/1.1 (+https://developers.facebook.com/docs/sharing/webmasters/crawler)"
78.47.173.76 - - [04/Dec/2025:13:03:40 +0000] "HEAD / HTTP/1.1" 200 0 "http://ondostate.gov.ng/" "Mozilla/5.0+(compatible; UptimeRobot/2.0; http://www.uptimerobot.com/)"
20.169.73.183 - - [04/Dec/2025:13:04:05 +0000] "GET /wp-content/uploads/2022/11/List-and-Address-of-all-Area-offices.pdf HTTP/1.1" 200 13393 "-" "Mozilla/5.0 AppleWebKit/537.36 (KHTML, like Gecko); compatible; ChatGPT-User/1.0; +https://openai.com/bot"
162.120.187.245 - - [04/Dec/2025:13:04:19 +0000] "GET /index.php/2025/09/12/ondo-govt-approves-transfer-of-akure-hospital-to-futa-teaching-hospital-reviews-agriculture-infrastructure-policies/ HTTP/1.1" 200 144250 "https://www.google.com/" "Mozilla/5.0 (Windows NT 10.0; Win64; x64) AppleWebKit/537.36 (KHTML, like Gecko) Chrome/142.0.0.0 Safari/537.36"
138.246.253.24 - - [04/Dec/2025:13:04:24 +0000] "GET /robots.txt HTTP/1.1" 200 128 "-" "Mozilla/5.0 (Windows NT 10.0; Win64; x64) AppleWebKit/537.36 (KHTML, like Gecko) Chrome/103.0.5060.134 Safari/537.36"
162.120.188.117 - - [04/Dec/2025:13:04:30 +0000] "GET / HTTP/1.1" 499 0 "-" "Mozilla/5.0 (Linux; Android 10; K) AppleWebKit/537.36 (KHTML, like Gecko) Chrome/142.0.0.0 Mobile Safari/537.36"
105.113.128.35 - - [04/Dec/2025:13:05:01 +0000] "GET /wp-content/uploads/2024/10/WhatsApp-Image-2024-10-17-at-18.30.58-1024x1006.jpeg HTTP/1.1" 200 98124 "https://www.google.com/" "Mozilla/5.0 (Linux; Android 10; K) AppleWebKit/537.36 (KHTML, like Gecko) Chrome/131.0.0.0 Mobile Safari/537.36"
87.58.88.116 - - [04/Dec/2025:13:05:22 +0000] "GET /index.php/schedule-of-trade-related-fees-and-levies/ HTTP/1.1" 200 159038 "https://www.bing.com/" "Mozilla/5.0 (Windows NT 10.0; Win64; x64) AppleWebKit/537.36 (KHTML, like Gecko) Chrome/142.0.0.0 Safari/537.36 Edg/142.0.0.0"
87.58.88.116 - - [04/Dec/2025:13:05:22 +0000] "GET /wp-content/themes/astra/assets/css/minified/style.min.css?ver=2.6.1 HTTP/1.1" 200 87561 "https://ondostate.gov.ng/index.php/schedule-of-trade-related-fees-and-levies/" "Mozilla/5.0 (Windows NT 10.0; Win64; x64) AppleWebKit/537.36 (KHTML, like Gecko) Chrome/142.0.0.0 Safari/537.36 Edg/142.0.0.0"
87.58.88.116 - - [04/Dec/2025:13:05:23 +0000] "GET /wp-content/themes/astra/assets/css/minified/menu-animation.min.css?ver=2.6.1 HTTP/1.1" 200 3412 "https://ondostate.gov.ng/index.php/schedule-of-trade-related-fees-and-levies/" "Mozilla/5.0 (Windows NT 10.0; Win64; x64) AppleWebKit/537.36 (KHTML, like Gecko) Chrome/142.0.0.0 Safari/537.36 Edg/142.0.0.0"
87.58.88.116 - - [04/Dec/2025:13:05:23 +0000] "GET /wp-content/plugins/search-filter/style.css?ver=1 HTTP/1.1" 200 577 "https://ondostate.gov.ng/index.php/schedule-of-trade-related-fees-and-levies/" "Mozilla/5.0 (Windows NT 10.0; Win64; x64) AppleWebKit/537.36 (KHTML, like Gecko) Chrome/142.0.0.0 Safari/537.36 Edg/142.0.0.0"
87.58.88.116 - - [04/Dec/2025:13:05:23 +0000] "GET /wp-includes/css/dist/block-library/style.min.css?ver=6.4.7 HTTP/1.1" 200 110147 "https://ondostate.gov.ng/index.php/schedule-of-trade-related-fees-and-levies/" "Mozilla/5.0 (Windows NT 10.0; Win64; x64) AppleWebKit/537.36 (KHTML, like Gecko) Chrome/142.0.0.0 Safari/537.36 Edg/142.0.0.0"
87.58.88.116 - - [04/Dec/2025:13:05:23 +0000] "GET /wp-content/plugins/ht-mega-for-elementor/assets/css/htbbootstrap.css?ver=1.9.8 HTTP/1.1" 200 57778 "https://ondostate.gov.ng/index.php/schedule-of-trade-related-fees-and-levies/" "Mozilla/5.0 (Windows NT 10.0; Win64; x64) AppleWebKit/537.36 (KHTML, like Gecko) Chrome/142.0.0.0 Safari/537.36 Edg/142.0.0.0"
87.58.88.116 - - [04/Dec/2025:13:05:23 +0000] "GET /wp-content/plugins/elementor/assets/lib/font-awesome/css/font-awesome.min.css?ver=4.7.0 HTTP/1.1" 200 30999 "https://ondostate.gov.ng/index.php/schedule-of-trade-related-fees-and-levies/" "Mozilla/5.0 (Windows NT 10.0; Win64; x64) AppleWebKit/537.36 (KHTML, like Gecko) Chrome/142.0.0.0 Safari/537.36 Edg/142.0.0.0"
87.58.88.116 - - [04/Dec/2025:13:05:23 +0000] "GET /wp-content/plugins/ht-mega-for-elementor/assets/css/animation.css?ver=1.9.8 HTTP/1.1" 200 71292 "https://ondostate.gov.ng/index.php/schedule-of-trade-related-fees-and-levies/" "Mozilla/5.0 (Windows NT 10.0; Win64; x64) AppleWebKit/537.36 (KHTML, like Gecko) Chrome/142.0.0.0 Safari/537.36 Edg/142.0.0.0"
87.58.88.116 - - [04/Dec/2025:13:05:24 +0000] "GET /wp-content/plugins/ht-mega-for-elementor/assets/css/htmega-keyframes.css?ver=1.9.8 HTTP/1.1" 200 4730 "https://ondostate.gov.ng/index.php/schedule-of-trade-related-fees-and-levies/" "Mozilla/5.0 (Windows NT 10.0; Win64; x64) AppleWebKit/537.36 (KHTML, like Gecko) Chrome/142.0.0.0 Safari/537.36 Edg/142.0.0.0"
87.58.88.116 - - [04/Dec/2025:13:05:24 +0000] "GET /wp-content/plugins/elementor/assets/lib/eicons/css/elementor-icons.min.css?ver=5.18.0 HTTP/1.1" 200 19363 "https://ondostate.gov.ng/index.php/schedule-of-trade-related-fees-and-levies/" "Mozilla/5.0 (Windows NT 10.0; Win64; x64) AppleWebKit/537.36 (KHTML, like Gecko) Chrome/142.0.0.0 Safari/537.36 Edg/142.0.0.0"
87.58.88.116 - - [04/Dec/2025:13:05:24 +0000] "GET /wp-content/plugins/elementor/assets/css/frontend-legacy.min.css?ver=3.11.1 HTTP/1.1" 200 9935 "https://ondostate.gov.ng/index.php/schedule-of-trade-related-fees-and-levies/" "Mozilla/5.0 (Windows NT 10.0; Win64; x64) AppleWebKit/537.36 (KHTML, like Gecko) Chrome/142.0.0.0 Safari/537.36 Edg/142.0.0.0"
87.58.88.116 - - [04/Dec/2025:13:05:24 +0000] "GET /wp-content/plugins/elementor/assets/css/frontend.min.css?ver=3.11.1 HTTP/1.1" 200 136765 "https://ondostate.gov.ng/index.php/schedule-of-trade-related-fees-and-levies/" "Mozilla/5.0 (Windows NT 10.0; Win64; x64) AppleWebKit/537.36 (KHTML, like Gecko) Chrome/142.0.0.0 Safari/537.36 Edg/142.0.0.0"
87.58.88.116 - - [04/Dec/2025:13:05:24 +0000] "GET /wp-content/plugins/elementor/assets/lib/swiper/css/swiper.min.css?ver=5.3.6 HTTP/1.1" 200 12876 "https://ondostate.gov.ng/index.php/schedule-of-trade-related-fees-and-levies/" "Mozilla/5.0 (Windows NT 10.0; Win64; x64) AppleWebKit/537.36 (KHTML, like Gecko) Chrome/142.0.0.0 Safari/537.36 Edg/142.0.0.0"
87.58.88.116 - - [04/Dec/2025:13:05:24 +0000] "GET /wp-content/uploads/elementor/css/post-1643.css?ver=1723721498 HTTP/1.1" 200 1166 "https://ondostate.gov.ng/index.php/schedule-of-trade-related-fees-and-levies/" "Mozilla/5.0 (Windows NT 10.0; Win64; x64) AppleWebKit/537.36 (KHTML, like Gecko) Chrome/142.0.0.0 Safari/537.36 Edg/142.0.0.0"
87.58.88.116 - - [04/Dec/2025:13:05:25 +0000] "GET /wp-content/plugins/elementor-pro-old/assets/css/frontend.min.css?ver=3.6.5 HTTP/1.1" 200 465365 "https://ondostate.gov.ng/index.php/schedule-of-trade-related-fees-and-levies/" "Mozilla/5.0 (Windows NT 10.0; Win64; x64) AppleWebKit/537.36 (KHTML, like Gecko) Chrome/142.0.0.0 Safari/537.36 Edg/142.0.0.0"
87.58.88.116 - - [04/Dec/2025:13:05:25 +0000] "GET /wp-content/plugins/elementor/assets/lib/font-awesome/css/all.min.css?ver=5.1.7 HTTP/1.1" 200 59344 "https://ondostate.gov.ng/index.php/schedule-of-trade-related-fees-and-levies/" "Mozilla/5.0 (Windows NT 10.0; Win64; x64) AppleWebKit/537.36 (KHTML, like Gecko) Chrome/142.0.0.0 Safari/537.36 Edg/142.0.0.0"
87.58.88.116 - - [04/Dec/2025:13:05:25 +0000] "GET /wp-content/plugins/elementor/assets/lib/font-awesome/css/v4-shims.min.css?ver=5.1.7 HTTP/1.1" 200 26702 "https://ondostate.gov.ng/index.php/schedule-of-trade-related-fees-and-levies/" "Mozilla/5.0 (Windows NT 10.0; Win64; x64) AppleWebKit/537.36 (KHTML, like Gecko) Chrome/142.0.0.0 Safari/537.36 Edg/142.0.0.0"
87.58.88.116 - - [04/Dec/2025:13:05:25 +0000] "GET /wp-content/plugins/sticky-header-effects-for-elementor/assets/css/she-header-style.css?ver=1.5.5 HTTP/1.1" 200 4921 "https://ondostate.gov.ng/index.php/schedule-of-trade-related-fees-and-levies/" "Mozilla/5.0 (Windows NT 10.0; Win64; x64) AppleWebKit/537.36 (KHTML, like Gecko) Chrome/142.0.0.0 Safari/537.36 Edg/142.0.0.0"
87.58.88.116 - - [04/Dec/2025:13:05:25 +0000] "GET /wp-content/uploads/elementor/css/global.css?ver=1723721499 HTTP/1.1" 200 55560 "https://ondostate.gov.ng/index.php/schedule-of-trade-related-fees-and-levies/" "Mozilla/5.0 (Windows NT 10.0; Win64; x64) AppleWebKit/537.36 (KHTML, like Gecko) Chrome/142.0.0.0 Safari/537.36 Edg/142.0.0.0"
87.58.88.116 - - [04/Dec/2025:13:05:26 +0000] "GET /wp-content/uploads/elementor/css/post-6680.css?ver=1723733723 HTTP/1.1" 200 3833 "https://ondostate.gov.ng/index.php/schedule-of-trade-related-fees-and-levies/" "Mozilla/5.0 (Windows NT 10.0; Win64; x64) AppleWebKit/537.36 (KHTML, like Gecko) Chrome/142.0.0.0 Safari/537.36 Edg/142.0.0.0"
87.58.88.116 - - [04/Dec/2025:13:05:26 +0000] "GET /wp-content/uploads/elementor/css/post-543.css?ver=1740643773 HTTP/1.1" 200 8599 "https://ondostate.gov.ng/index.php/schedule-of-trade-related-fees-and-levies/" "Mozilla/5.0 (Windows NT 10.0; Win64; x64) AppleWebKit/537.36 (KHTML, like Gecko) Chrome/142.0.0.0 Safari/537.36 Edg/142.0.0.0"
87.58.88.116 - - [04/Dec/2025:13:05:26 +0000] "GET /wp-content/uploads/elementor/css/post-183.css?ver=1746455116 HTTP/1.1" 200 13427 "https://ondostate.gov.ng/index.php/schedule-of-trade-related-fees-and-levies/" "Mozilla/5.0 (Windows NT 10.0; Win64; x64) AppleWebKit/537.36 (KHTML, like Gecko) Chrome/142.0.0.0 Safari/537.36 Edg/142.0.0.0"
87.58.88.116 - - [04/Dec/2025:13:05:26 +0000] "GET /wp-content/plugins/elementor/assets/lib/font-awesome/css/fontawesome.min.css?ver=5.15.3 HTTP/1.1" 200 57912 "https://ondostate.gov.ng/index.php/schedule-of-trade-related-fees-and-levies/" "Mozilla/5.0 (Windows NT 10.0; Win64; x64) AppleWebKit/537.36 (KHTML, like Gecko) Chrome/142.0.0.0 Safari/537.36 Edg/142.0.0.0"
87.58.88.116 - - [04/Dec/2025:13:05:26 +0000] "GET /wp-content/plugins/elementor/assets/lib/font-awesome/css/solid.min.css?ver=5.15.3 HTTP/1.1" 200 669 "https://ondostate.gov.ng/index.php/schedule-of-trade-related-fees-and-levies/" "Mozilla/5.0 (Windows NT 10.0; Win64; x64) AppleWebKit/537.36 (KHTML, like Gecko) Chrome/142.0.0.0 Safari/537.36 Edg/142.0.0.0"
87.58.88.116 - - [04/Dec/2025:13:05:26 +0000] "GET /wp-content/plugins/elementor/assets/lib/font-awesome/css/brands.min.css?ver=5.15.3 HTTP/1.1" 200 675 "https://ondostate.gov.ng/index.php/schedule-of-trade-related-fees-and-levies/" "Mozilla/5.0 (Windows NT 10.0; Win64; x64) AppleWebKit/537.36 (KHTML, like Gecko) Chrome/142.0.0.0 Safari/537.36 Edg/142.0.0.0"
87.58.88.116 - - [04/Dec/2025:13:05:26 +0000] "GET /wp-includes/js/jquery/jquery.min.js?ver=3.7.1 HTTP/1.1" 200 87553 "https://ondostate.gov.ng/index.php/schedule-of-trade-related-fees-and-levies/" "Mozilla/5.0 (Windows NT 10.0; Win64; x64) AppleWebKit/537.36 (KHTML, like Gecko) Chrome/142.0.0.0 Safari/537.36 Edg/142.0.0.0"
87.58.88.116 - - [04/Dec/2025:13:05:27 +0000] "GET /wp-includes/js/jquery/jquery-migrate.min.js?ver=3.4.1 HTTP/1.1" 200 13577 "https://ondostate.gov.ng/index.php/schedule-of-trade-related-fees-and-levies/" "Mozilla/5.0 (Windows NT 10.0; Win64; x64) AppleWebKit/537.36 (KHTML, like Gecko) Chrome/142.0.0.0 Safari/537.36 Edg/142.0.0.0"
87.58.88.116 - - [04/Dec/2025:13:05:27 +0000] "GET /wp-content/plugins/elementor/assets/lib/font-awesome/js/v4-shims.min.js?ver=5.1.7 HTTP/1.1" 200 15055 "https://ondostate.gov.ng/index.php/schedule-of-trade-related-fees-and-levies/" "Mozilla/5.0 (Windows NT 10.0; Win64; x64) AppleWebKit/537.36 (KHTML, like Gecko) Chrome/142.0.0.0 Safari/537.36 Edg/142.0.0.0"
87.58.88.116 - - [04/Dec/2025:13:05:27 +0000] "GET /wp-content/plugins/sticky-header-effects-for-elementor/assets/js/she-header.js?ver=1.5.5 HTTP/1.1" 200 5615 "https://ondostate.gov.ng/index.php/schedule-of-trade-related-fees-and-levies/" "Mozilla/5.0 (Windows NT 10.0; Win64; x64) AppleWebKit/537.36 (KHTML, like Gecko) Chrome/142.0.0.0 Safari/537.36 Edg/142.0.0.0"
87.58.88.116 - - [04/Dec/2025:13:05:28 +0000] "GET /wp-content/plugins/elementor/assets/lib/animations/animations.min.css?ver=3.11.1 HTTP/1.1" 200 18468 "https://ondostate.gov.ng/index.php/schedule-of-trade-related-fees-and-levies/" "Mozilla/5.0 (Windows NT 10.0; Win64; x64) AppleWebKit/537.36 (KHTML, like Gecko) Chrome/142.0.0.0 Safari/537.36 Edg/142.0.0.0"
87.58.88.116 - - [04/Dec/2025:13:05:28 +0000] "GET /wp-content/themes/astra/assets/js/minified/style.min.js?ver=2.6.1 HTTP/1.1" 200 10594 "https://ondostate.gov.ng/index.php/schedule-of-trade-related-fees-and-levies/" "Mozilla/5.0 (Windows NT 10.0; Win64; x64) AppleWebKit/537.36 (KHTML, like Gecko) Chrome/142.0.0.0 Safari/537.36 Edg/142.0.0.0"
87.58.88.116 - - [04/Dec/2025:13:05:28 +0000] "GET /wp-content/plugins/ht-mega-for-elementor/assets/js/popper.min.js?ver=1.9.8 HTTP/1.1" 200 18994 "https://ondostate.gov.ng/index.php/schedule-of-trade-related-fees-and-levies/" "Mozilla/5.0 (Windows NT 10.0; Win64; x64) AppleWebKit/537.36 (KHTML, like Gecko) Chrome/142.0.0.0 Safari/537.36 Edg/142.0.0.0"
87.58.88.116 - - [04/Dec/2025:13:05:28 +0000] "GET /wp-content/plugins/ht-mega-for-elementor/assets/js/htbbootstrap.js?ver=1.9.8 HTTP/1.1" 200 62890 "https://ondostate.gov.ng/index.php/schedule-of-trade-related-fees-and-levies/" "Mozilla/5.0 (Windows NT 10.0; Win64; x64) AppleWebKit/537.36 (KHTML, like Gecko) Chrome/142.0.0.0 Safari/537.36 Edg/142.0.0.0"
87.58.88.116 - - [04/Dec/2025:13:05:28 +0000] "GET /wp-content/plugins/ht-mega-for-elementor/assets/js/waypoints.js?ver=1.9.8 HTTP/1.1" 200 9029 "https://ondostate.gov.ng/index.php/schedule-of-trade-related-fees-and-levies/" "Mozilla/5.0 (Windows NT 10.0; Win64; x64) AppleWebKit/537.36 (KHTML, like Gecko) Chrome/142.0.0.0 Safari/537.36 Edg/142.0.0.0"
