40.77.167.16 - - [04/Dec/2025:17:00:30 +0000] "GET /index.php/2024/12/28/akeredolus-remembrance-service-aiyedatiwa-describes-late-governor-as-unrepentant-advocate-of-good-governance/ HTTP/1.1" 200 146482 "-" "Mozilla/5.0 AppleWebKit/537.36 (KHTML, like Gecko; compatible; bingbot/2.0; +http://www.bing.com/bingbot.htm) Chrome/116.0.1938.76 Safari/537.36"
66.249.93.98 - - [04/Dec/2025:17:00:30 +0000] "GET /.well-known/traffic-advice HTTP/1.1" 404 150565 "-" "Chrome Privacy Preserving Prefetch Proxy"
193.186.4.90 - - [04/Dec/2025:17:00:31 +0000] "GET / HTTP/1.1" 200 187075 "https://www.google.com/" "Mozilla/5.0 (Linux; Android 10; K) AppleWebKit/537.36 (KHTML, like Gecko) Chrome/142.0.0.0 Mobile Safari/537.36"
92.50.28.170 - - [04/Dec/2025:17:00:44 +0000] "GET /index.php/2025/07/15/anambra-choir-wins-2025-asiwaju-of-remo-christians-choir-festival/ HTTP/1.1" 200 142217 "-" "Mozilla/5.0 (Windows NT 10.0; Win64; x64) AppleWebKit/537.36 (KHTML, like Gecko) Chrome/107.0.0.0 Safari/537.3"
159.223.51.105 - - [04/Dec/2025:17:01:01 +0000] "GET /wp-admin/ HTTP/1.1" 302 5 "-" "Mozilla/5.0 (iPad; CPU OS 16_4 like Mac OS X) AppleWebKit/605.1.15 (KHTML, like Gecko) Version/16.4 Mobile/15E148 Safari/604.1"
159.223.51.105 - - [04/Dec/2025:17:01:02 +0000] "GET /wp-login.php?redirect_to=https%3A%2F%2Fondostate.gov.ng%2Fwp-admin%2F&reauth=1 HTTP/1.1" 200 6093 "-" "Mozilla/5.0 (iPad; CPU OS 16_4 like Mac OS X) AppleWebKit/605.1.15 (KHTML, like Gecko) Version/16.4 Mobile/15E148 Safari/604.1"
54.210.152.179 - - [04/Dec/2025:17:01:07 +0000] "GET / HTTP/1.1" 200 187056 "-" "Mozilla/5.0 AppleWebKit/537.36 (KHTML, like Gecko; compatible; Amazonbot/0.1; +https://developer.amazon.com/support/amazonbot) Chrome/119.0.6045.214 Safari/537.36"
45.82.51.139 - - [04/Dec/2025:17:01:44 +0000] "GET /index.php/2024/05/05/ondo-govt-revisits-owena-dam-promises-improved-water-supply/ HTTP/1.1" 200 142018 "-" "Mozilla/5.0 (X11; Linux x86_64) AppleWebKit/537.36 (KHTML, like Gecko) Chrome/134.0.0.0 Safari/537.3"
51.195.244.98 - - [04/Dec/2025:17:01:47 +0000] "GET /wp-content/uploads/essential-addons-elementor/734e5f942.min.css?ver=1764867517 HTTP/1.1" 200 695452 "-" "Mozilla/5.0 (compatible; AhrefsBot/7.0; +http://ahrefs.com/robot/)"
198.244.226.230 - - [04/Dec/2025:17:01:48 +0000] "GET /wp-content/uploads/essential-addons-elementor/734e5f942.min.js?ver=1764867517 HTTP/1.1" 200 1058829 "-" "Mozilla/5.0 (compatible; AhrefsBot/7.0; +http://ahrefs.com/robot/)"
172.183.222.142 - - [04/Dec/2025:17:01:58 +0000] "GET /index.php/2025/10/30/infrastructure-odsg-approves-101km-road-projects-ministry-building-upgrades/ HTTP/1.1" 200 146691 "-" "Mozilla/5.0 AppleWebKit/537.36 (KHTML, like Gecko); compatible; ChatGPT-User/1.0; +https://openai.com/bot"
172.183.222.132 - - [04/Dec/2025:17:01:58 +0000] "GET /index.php/2025/11/14/gov-aiyedatiwa-flags-off-akure-imafon-road-project-reaffirms-commitment-to-infrastructure-renewal/ HTTP/1.1" 200 145897 "-" "Mozilla/5.0 AppleWebKit/537.36 (KHTML, like Gecko); compatible; ChatGPT-User/1.0; +https://openai.com/bot"
198.244.168.48 - - [04/Dec/2025:17:02:02 +0000] "GET /index.php/category/events/page/10/ HTTP/1.1" 200 170342 "-" "Mozilla/5.0 (compatible; AhrefsBot/7.0; +http://ahrefs.com/robot/)"
172.183.222.132 - - [04/Dec/2025:17:02:08 +0000] "GET / HTTP/1.1" 200 187056 "-" "Mozilla/5.0 AppleWebKit/537.36 (KHTML, like Gecko); compatible; ChatGPT-User/1.0; +https://openai.com/bot"
142.147.165.51 - - [04/Dec/2025:17:02:42 +0000] "GET /index.php/2025/07/31/gov-aiyedatiwa-joins-president-tinubu-other-leaders-to-mourn-late-awujale-of-ijebu/ HTTP/1.1" 200 145183 "-" "Mozilla/5.0 (X11; Linux x86_64) AppleWebKit/537.36 (KHTML, like Gecko) Chrome/134.0.0.0 Safari/537.3"
102.89.82.106 - - [04/Dec/2025:17:03:05 +0000] "GET / HTTP/1.1" 200 187067 "https://ondostate.gov.ng/" "Mozilla/5.0 (Linux; Android 10; K) AppleWebKit/537.36 (KHTML, like Gecko) Chrome/142.0.0.0 Mobile Safari/537.36"
102.89.82.106 - - [04/Dec/2025:17:03:05 +0000] "GET /wp-content/themes/astra/assets/css/minified/style.min.css?ver=2.6.1 HTTP/1.1" 200 87561 "https://ondostate.gov.ng/" "Mozilla/5.0 (Linux; Android 10; K) AppleWebKit/537.36 (KHTML, like Gecko) Chrome/142.0.0.0 Mobile Safari/537.36"
102.89.82.106 - - [04/Dec/2025:17:03:11 +0000] "GET /wp-content/themes/astra/assets/css/minified/menu-animation.min.css?ver=2.6.1 HTTP/1.1" 200 3412 "https://ondostate.gov.ng/" "Mozilla/5.0 (Linux; Android 10; K) AppleWebKit/537.36 (KHTML, like Gecko) Chrome/142.0.0.0 Mobile Safari/537.36"
102.89.82.106 - - [04/Dec/2025:17:03:12 +0000] "GET /wp-includes/css/dist/block-library/style.min.css?ver=6.4.7 HTTP/1.1" 200 110147 "https://ondostate.gov.ng/" "Mozilla/5.0 (Linux; Android 10; K) AppleWebKit/537.36 (KHTML, like Gecko) Chrome/142.0.0.0 Mobile Safari/537.36"
102.89.82.106 - - [04/Dec/2025:17:03:12 +0000] "GET /wp-content/plugins/search-filter/style.css?ver=1 HTTP/1.1" 200 577 "https://ondostate.gov.ng/" "Mozilla/5.0 (Linux; Android 10; K) AppleWebKit/537.36 (KHTML, like Gecko) Chrome/142.0.0.0 Mobile Safari/537.36"
102.89.82.106 - - [04/Dec/2025:17:03:12 +0000] "GET /wp-content/plugins/ht-mega-for-elementor/assets/css/htbbootstrap.css?ver=1.9.8 HTTP/1.1" 200 57778 "https://ondostate.gov.ng/" "Mozilla/5.0 (Linux; Android 10; K) AppleWebKit/537.36 (KHTML, like Gecko) Chrome/142.0.0.0 Mobile Safari/537.36"
102.89.82.106 - - [04/Dec/2025:17:03:12 +0000] "GET /wp-content/plugins/elementor/assets/lib/font-awesome/css/font-awesome.min.css?ver=4.7.0 HTTP/1.1" 200 30999 "https://ondostate.gov.ng/" "Mozilla/5.0 (Linux; Android 10; K) AppleWebKit/537.36 (KHTML, like Gecko) Chrome/142.0.0.0 Mobile Safari/537.36"
102.89.82.106 - - [04/Dec/2025:17:03:16 +0000] "GET /wp-content/plugins/ht-mega-for-elementor/assets/css/htmega-keyframes.css?ver=1.9.8 HTTP/1.1" 200 4730 "https://ondostate.gov.ng/" "Mozilla/5.0 (Linux; Android 10; K) AppleWebKit/537.36 (KHTML, like Gecko) Chrome/142.0.0.0 Mobile Safari/537.36"
102.89.82.106 - - [04/Dec/2025:17:03:16 +0000] "GET /wp-content/plugins/elementor/assets/lib/eicons/css/elementor-icons.min.css?ver=5.18.0 HTTP/1.1" 200 19363 "https://ondostate.gov.ng/" "Mozilla/5.0 (Linux; Android 10; K) AppleWebKit/537.36 (KHTML, like Gecko) Chrome/142.0.0.0 Mobile Safari/537.36"
102.89.82.106 - - [04/Dec/2025:17:03:17 +0000] "GET /wp-content/plugins/ht-mega-for-elementor/assets/css/animation.css?ver=1.9.8 HTTP/1.1" 200 71292 "https://ondostate.gov.ng/" "Mozilla/5.0 (Linux; Android 10; K) AppleWebKit/537.36 (KHTML, like Gecko) Chrome/142.0.0.0 Mobile Safari/537.36"
102.89.82.106 - - [04/Dec/2025:17:03:17 +0000] "GET /wp-content/plugins/elementor/assets/css/frontend-legacy.min.css?ver=3.11.1 HTTP/1.1" 200 9935 "https://ondostate.gov.ng/" "Mozilla/5.0 (Linux; Android 10; K) AppleWebKit/537.36 (KHTML, like Gecko) Chrome/142.0.0.0 Mobile Safari/537.36"
102.89.82.106 - - [04/Dec/2025:17:03:17 +0000] "GET /wp-content/plugins/elementor/assets/css/frontend.min.css?ver=3.11.1 HTTP/1.1" 200 136765 "https://ondostate.gov.ng/" "Mozilla/5.0 (Linux; Android 10; K) AppleWebKit/537.36 (KHTML, like Gecko) Chrome/142.0.0.0 Mobile Safari/537.36"
102.89.82.106 - - [04/Dec/2025:17:03:17 +0000] "GET /wp-content/uploads/elementor/css/post-1643.css?ver=1723721498 HTTP/1.1" 200 1166 "https://ondostate.gov.ng/" "Mozilla/5.0 (Linux; Android 10; K) AppleWebKit/537.36 (KHTML, like Gecko) Chrome/142.0.0.0 Mobile Safari/537.36"
102.89.82.106 - - [04/Dec/2025:17:03:17 +0000] "GET /wp-content/plugins/elementor/assets/lib/swiper/css/swiper.min.css?ver=5.3.6 HTTP/1.1" 200 12876 "https://ondostate.gov.ng/" "Mozilla/5.0 (Linux; Android 10; K) AppleWebKit/537.36 (KHTML, like Gecko) Chrome/142.0.0.0 Mobile Safari/537.36"
102.89.82.106 - - [04/Dec/2025:17:03:18 +0000] "GET /wp-content/plugins/elementor/assets/lib/font-awesome/css/all.min.css?ver=5.1.7 HTTP/1.1" 200 59344 "https://ondostate.gov.ng/" "Mozilla/5.0 (Linux; Android 10; K) AppleWebKit/537.36 (KHTML, like Gecko) Chrome/142.0.0.0 Mobile Safari/537.36"
102.89.82.106 - - [04/Dec/2025:17:03:18 +0000] "GET /wp-content/plugins/elementor/assets/lib/font-awesome/css/v4-shims.min.css?ver=5.1.7 HTTP/1.1" 200 26702 "https://ondostate.gov.ng/" "Mozilla/5.0 (Linux; Android 10; K) AppleWebKit/537.36 (KHTML, like Gecko) Chrome/142.0.0.0 Mobile Safari/537.36"
102.89.82.106 - - [04/Dec/2025:17:03:18 +0000] "GET /wp-content/plugins/elementor-pro-old/assets/css/frontend.min.css?ver=3.6.5 HTTP/1.1" 200 465365 "https://ondostate.gov.ng/" "Mozilla/5.0 (Linux; Android 10; K) AppleWebKit/537.36 (KHTML, like Gecko) Chrome/142.0.0.0 Mobile Safari/537.36"
102.89.82.106 - - [04/Dec/2025:17:03:19 +0000] "GET /wp-content/plugins/sticky-header-effects-for-elementor/assets/css/she-header-style.css?ver=1.5.5 HTTP/1.1" 200 4921 "https://ondostate.gov.ng/" "Mozilla/5.0 (Linux; Android 10; K) AppleWebKit/537.36 (KHTML, like Gecko) Chrome/142.0.0.0 Mobile Safari/537.36"
102.89.82.106 - - [04/Dec/2025:17:03:19 +0000] "GET /wp-content/uploads/elementor/css/global.css?ver=1723721499 HTTP/1.1" 200 55560 "https://ondostate.gov.ng/" "Mozilla/5.0 (Linux; Android 10; K) AppleWebKit/537.36 (KHTML, like Gecko) Chrome/142.0.0.0 Mobile Safari/537.36"
102.89.82.106 - - [04/Dec/2025:17:03:19 +0000] "GET /wp-content/uploads/elementor/css/post-15216.css?ver=1760544510 HTTP/1.1" 200 56600 "https://ondostate.gov.ng/" "Mozilla/5.0 (Linux; Android 10; K) AppleWebKit/537.36 (KHTML, like Gecko) Chrome/142.0.0.0 Mobile Safari/537.36"
102.89.82.106 - - [04/Dec/2025:17:03:19 +0000] "GET /wp-content/uploads/elementor/css/post-543.css?ver=1740643773 HTTP/1.1" 200 8599 "https://ondostate.gov.ng/" "Mozilla/5.0 (Linux; Android 10; K) AppleWebKit/537.36 (KHTML, like Gecko) Chrome/142.0.0.0 Mobile Safari/537.36"
102.89.82.106 - - [04/Dec/2025:17:03:19 +0000] "GET /wp-content/uploads/elementor/css/post-183.css?ver=1746455116 HTTP/1.1" 200 13427 "https://ondostate.gov.ng/" "Mozilla/5.0 (Linux; Android 10; K) AppleWebKit/537.36 (KHTML, like Gecko) Chrome/142.0.0.0 Mobile Safari/537.36"
102.89.82.106 - - [04/Dec/2025:17:03:20 +0000] "GET /wp-content/plugins/elementor/assets/lib/font-awesome/css/fontawesome.min.css?ver=5.15.3 HTTP/1.1" 200 57912 "https://ondostate.gov.ng/" "Mozilla/5.0 (Linux; Android 10; K) AppleWebKit/537.36 (KHTML, like Gecko) Chrome/142.0.0.0 Mobile Safari/537.36"
102.89.82.106 - - [04/Dec/2025:17:03:20 +0000] "GET /wp-content/plugins/elementor/assets/lib/font-awesome/css/solid.min.css?ver=5.15.3 HTTP/1.1" 200 669 "https://ondostate.gov.ng/" "Mozilla/5.0 (Linux; Android 10; K) AppleWebKit/537.36 (KHTML, like Gecko) Chrome/142.0.0.0 Mobile Safari/537.36"
102.88.115.221 - - [04/Dec/2025:17:03:20 +0000] "GET /index.php/category/news/ HTTP/1.1" 200 168005 "https://www.google.com/" "Mozilla/5.0 (Linux; Android 10; K) AppleWebKit/537.36 (KHTML, like Gecko) Chrome/142.0.0.0 Mobile Safari/537.36"
102.89.82.106 - - [04/Dec/2025:17:03:20 +0000] "GET /wp-content/plugins/elementor/assets/lib/font-awesome/css/regular.min.css?ver=5.15.3 HTTP/1.1" 200 677 "https://ondostate.gov.ng/" "Mozilla/5.0 (Linux; Android 10; K) AppleWebKit/537.36 (KHTML, like Gecko) Chrome/142.0.0.0 Mobile Safari/537.36"
102.88.115.221 - - [04/Dec/2025:17:03:20 +0000] "GET /wp-content/themes/astra/assets/css/minified/menu-animation.min.css?ver=2.6.1 HTTP/1.1" 200 3412 "https://ondostate.gov.ng/index.php/category/news/" "Mozilla/5.0 (Linux; Android 10; K) AppleWebKit/537.36 (KHTML, like Gecko) Chrome/142.0.0.0 Mobile Safari/537.36"
102.89.82.106 - - [04/Dec/2025:17:03:20 +0000] "GET /wp-content/plugins/elementor/assets/lib/font-awesome/css/brands.min.css?ver=5.15.3 HTTP/1.1" 200 675 "https://ondostate.gov.ng/" "Mozilla/5.0 (Linux; Android 10; K) AppleWebKit/537.36 (KHTML, like Gecko) Chrome/142.0.0.0 Mobile Safari/537.36"
102.88.115.221 - - [04/Dec/2025:17:03:20 +0000] "GET /wp-content/plugins/search-filter/style.css?ver=1 HTTP/1.1" 200 577 "https://ondostate.gov.ng/index.php/category/news/" "Mozilla/5.0 (Linux; Android 10; K) AppleWebKit/537.36 (KHTML, like Gecko) Chrome/142.0.0.0 Mobile Safari/537.36"
102.88.115.221 - - [04/Dec/2025:17:03:20 +0000] "GET /wp-content/plugins/ht-mega-for-elementor/assets/css/htbbootstrap.css?ver=1.9.8 HTTP/1.1" 200 57778 "https://ondostate.gov.ng/index.php/category/news/" "Mozilla/5.0 (Linux; Android 10; K) AppleWebKit/537.36 (KHTML, like Gecko) Chrome/142.0.0.0 Mobile Safari/537.36"
102.89.82.106 - - [04/Dec/2025:17:03:20 +0000] "GET /wp-includes/js/jquery/jquery.min.js?ver=3.7.1 HTTP/1.1" 200 87553 "https://ondostate.gov.ng/" "Mozilla/5.0 (Linux; Android 10; K) AppleWebKit/537.36 (KHTML, like Gecko) Chrome/142.0.0.0 Mobile Safari/537.36"
102.88.115.221 - - [04/Dec/2025:17:03:20 +0000] "GET /wp-content/themes/astra/assets/css/minified/style.min.css?ver=2.6.1 HTTP/1.1" 200 87561 "https://ondostate.gov.ng/index.php/category/news/" "Mozilla/5.0 (Linux; Android 10; K) AppleWebKit/537.36 (KHTML, like Gecko) Chrome/142.0.0.0 Mobile Safari/537.36"
102.89.82.106 - - [04/Dec/2025:17:03:20 +0000] "GET /wp-includes/js/jquery/jquery-migrate.min.js?ver=3.4.1 HTTP/1.1" 200 13577 "https://ondostate.gov.ng/" "Mozilla/5.0 (Linux; Android 10; K) AppleWebKit/537.36 (KHTML, like Gecko) Chrome/142.0.0.0 Mobile Safari/537.36"
102.88.115.221 - - [04/Dec/2025:17:03:20 +0000] "GET /wp-includes/css/dist/block-library/style.min.css?ver=6.4.7 HTTP/1.1" 200 110147 "https://ondostate.gov.ng/index.php/category/news/" "Mozilla/5.0 (Linux; Android 10; K) AppleWebKit/537.36 (KHTML, like Gecko) Chrome/142.0.0.0 Mobile Safari/537.36"
102.88.115.221 - - [04/Dec/2025:17:03:20 +0000] "GET /wp-content/plugins/elementor/assets/lib/font-awesome/css/font-awesome.min.css?ver=4.7.0 HTTP/1.1" 200 30999 "https://ondostate.gov.ng/index.php/category/news/" "Mozilla/5.0 (Linux; Android 10; K) AppleWebKit/537.36 (KHTML, like Gecko) Chrome/142.0.0.0 Mobile Safari/537.36"
102.88.115.221 - - [04/Dec/2025:17:03:20 +0000] "GET /wp-content/plugins/ht-mega-for-elementor/assets/css/animation.css?ver=1.9.8 HTTP/1.1" 200 71292 "https://ondostate.gov.ng/index.php/category/news/" "Mozilla/5.0 (Linux; Android 10; K) AppleWebKit/537.36 (KHTML, like Gecko) Chrome/142.0.0.0 Mobile Safari/537.36"
102.88.115.221 - - [04/Dec/2025:17:03:20 +0000] "GET /wp-content/plugins/ht-mega-for-elementor/assets/css/htmega-keyframes.css?ver=1.9.8 HTTP/1.1" 200 4730 "https://ondostate.gov.ng/index.php/category/news/" "Mozilla/5.0 (Linux; Android 10; K) AppleWebKit/537.36 (KHTML, like Gecko) Chrome/142.0.0.0 Mobile Safari/537.36"
102.88.115.221 - - [04/Dec/2025:17:03:21 +0000] "GET /wp-content/plugins/elementor/assets/lib/eicons/css/elementor-icons.min.css?ver=5.18.0 HTTP/1.1" 200 19363 "https://ondostate.gov.ng/index.php/category/news/" "Mozilla/5.0 (Linux; Android 10; K) AppleWebKit/537.36 (KHTML, like Gecko) Chrome/142.0.0.0 Mobile Safari/537.36"
102.88.115.221 - - [04/Dec/2025:17:03:21 +0000] "GET /wp-content/plugins/elementor/assets/css/frontend.min.css?ver=3.11.1 HTTP/1.1" 200 136765 "https://ondostate.gov.ng/index.php/category/news/" "Mozilla/5.0 (Linux; Android 10; K) AppleWebKit/537.36 (KHTML, like Gecko) Chrome/142.0.0.0 Mobile Safari/537.36"
102.88.115.221 - - [04/Dec/2025:17:03:21 +0000] "GET /wp-content/plugins/elementor/assets/css/frontend-legacy.min.css?ver=3.11.1 HTTP/1.1" 200 9935 "https://ondostate.gov.ng/index.php/category/news/" "Mozilla/5.0 (Linux; Android 10; K) AppleWebKit/537.36 (KHTML, like Gecko) Chrome/142.0.0.0 Mobile Safari/537.36"
102.88.115.221 - - [04/Dec/2025:17:03:21 +0000] "GET /wp-content/plugins/elementor/assets/lib/swiper/css/swiper.min.css?ver=5.3.6 HTTP/1.1" 200 12876 "https://ondostate.gov.ng/index.php/category/news/" "Mozilla/5.0 (Linux; Android 10; K) AppleWebKit/537.36 (KHTML, like Gecko) Chrome/142.0.0.0 Mobile Safari/537.36"
102.88.115.221 - - [04/Dec/2025:17:03:21 +0000] "GET /wp-content/uploads/elementor/css/post-1643.css?ver=1723721498 HTTP/1.1" 200 1166 "https://ondostate.gov.ng/index.php/category/news/" "Mozilla/5.0 (Linux; Android 10; K) AppleWebKit/537.36 (KHTML, like Gecko) Chrome/142.0.0.0 Mobile Safari/537.36"
102.89.82.106 - - [04/Dec/2025:17:03:21 +0000] "GET /wp-content/plugins/elementor/assets/lib/font-awesome/js/v4-shims.min.js?ver=5.1.7 HTTP/1.1" 200 15055 "https://ondostate.gov.ng/" "Mozilla/5.0 (Linux; Android 10; K) AppleWebKit/537.36 (KHTML, like Gecko) Chrome/142.0.0.0 Mobile Safari/537.36"
102.88.115.221 - - [04/Dec/2025:17:03:21 +0000] "GET /wp-content/plugins/sticky-header-effects-for-elementor/assets/css/she-header-style.css?ver=1.5.5 HTTP/1.1" 200 4921 "https://ondostate.gov.ng/index.php/category/news/" "Mozilla/5.0 (Linux; Android 10; K) AppleWebKit/537.36 (KHTML, like Gecko) Chrome/142.0.0.0 Mobile Safari/537.36"
102.88.115.221 - - [04/Dec/2025:17:03:21 +0000] "GET /wp-content/plugins/elementor/assets/lib/font-awesome/css/all.min.css?ver=5.1.7 HTTP/1.1" 200 59344 "https://ondostate.gov.ng/index.php/category/news/" "Mozilla/5.0 (Linux; Android 10; K) AppleWebKit/537.36 (KHTML, like Gecko) Chrome/142.0.0.0 Mobile Safari/537.36"
102.88.115.221 - - [04/Dec/2025:17:03:21 +0000] "GET /wp-content/uploads/elementor/css/global.css?ver=1723721499 HTTP/1.1" 200 55560 "https://ondostate.gov.ng/index.php/category/news/" "Mozilla/5.0 (Linux; Android 10; K) AppleWebKit/537.36 (KHTML, like Gecko) Chrome/142.0.0.0 Mobile Safari/537.36"
102.89.82.106 - - [04/Dec/2025:17:03:21 +0000] "GET /wp-content/plugins/sticky-header-effects-for-elementor/assets/js/she-header.js?ver=1.5.5 HTTP/1.1" 200 5615 "https://ondostate.gov.ng/" "Mozilla/5.0 (Linux; Android 10; K) AppleWebKit/537.36 (KHTML, like Gecko) Chrome/142.0.0.0 Mobile Safari/537.36"
102.88.115.221 - - [04/Dec/2025:17:03:21 +0000] "GET /wp-content/uploads/elementor/css/post-543.css?ver=1740643773 HTTP/1.1" 200 8599 "https://ondostate.gov.ng/index.php/category/news/" "Mozilla/5.0 (Linux; Android 10; K) AppleWebKit/537.36 (KHTML, like Gecko) Chrome/142.0.0.0 Mobile Safari/537.36"
102.88.115.221 - - [04/Dec/2025:17:03:21 +0000] "GET /wp-content/uploads/elementor/css/post-183.css?ver=1746455116 HTTP/1.1" 200 13427 "https://ondostate.gov.ng/index.php/category/news/" "Mozilla/5.0 (Linux; Android 10; K) AppleWebKit/537.36 (KHTML, like Gecko) Chrome/142.0.0.0 Mobile Safari/537.36"
102.88.115.221 - - [04/Dec/2025:17:03:21 +0000] "GET /wp-content/plugins/elementor/assets/lib/font-awesome/css/v4-shims.min.css?ver=5.1.7 HTTP/1.1" 200 26702 "https://ondostate.gov.ng/index.php/category/news/" "Mozilla/5.0 (Linux; Android 10; K) AppleWebKit/537.36 (KHTML, like Gecko) Chrome/142.0.0.0 Mobile Safari/537.36"
102.89.82.106 - - [04/Dec/2025:17:03:21 +0000] "GET /wp-content/uploads/2025/12/WhatsApp-Image-2025-12-01-at-11.03.46-AM-768x512.jpeg HTTP/1.1" 200 46355 "https://ondostate.gov.ng/" "Mozilla/5.0 (Linux; Android 10; K) AppleWebKit/537.36 (KHTML, like Gecko) Chrome/142.0.0.0 Mobile Safari/537.36"
102.88.115.221 - - [04/Dec/2025:17:03:21 +0000] "GET /wp-content/uploads/essential-addons-elementor/734e5f942.min.css?ver=1764867799 HTTP/1.1" 200 695452 "https://ondostate.gov.ng/index.php/category/news/" "Mozilla/5.0 (Linux; Android 10; K) AppleWebKit/537.36 (KHTML, like Gecko) Chrome/142.0.0.0 Mobile Safari/537.36"
102.88.115.221 - - [04/Dec/2025:17:03:21 +0000] "GET /wp-content/plugins/elementor/assets/lib/font-awesome/css/fontawesome.min.css?ver=5.15.3 HTTP/1.1" 200 57912 "https://ondostate.gov.ng/index.php/category/news/" "Mozilla/5.0 (Linux; Android 10; K) AppleWebKit/537.36 (KHTML, like Gecko) Chrome/142.0.0.0 Mobile Safari/537.36"
102.88.115.221 - - [04/Dec/2025:17:03:21 +0000] "GET /wp-content/plugins/elementor/assets/lib/font-awesome/css/solid.min.css?ver=5.15.3 HTTP/1.1" 200 669 "https://ondostate.gov.ng/index.php/category/news/" "Mozilla/5.0 (Linux; Android 10; K) AppleWebKit/537.36 (KHTML, like Gecko) Chrome/142.0.0.0 Mobile Safari/537.36"
102.88.115.221 - - [04/Dec/2025:17:03:21 +0000] "GET /wp-content/plugins/elementor/assets/lib/font-awesome/css/brands.min.css?ver=5.15.3 HTTP/1.1" 200 675 "https://ondostate.gov.ng/index.php/category/news/" "Mozilla/5.0 (Linux; Android 10; K) AppleWebKit/537.36 (KHTML, like Gecko) Chrome/142.0.0.0 Mobile Safari/537.36"
102.88.115.221 - - [04/Dec/2025:17:03:21 +0000] "GET /wp-content/uploads/2025/12/WhatsApp-Image-2025-12-01-at-11.03.46-AM-768x512.jpeg HTTP/1.1" 200 46355 "https://ondostate.gov.ng/index.php/category/news/" "Mozilla/5.0 (Linux; Android 10; K) AppleWebKit/537.36 (KHTML, like Gecko) Chrome/142.0.0.0 Mobile Safari/537.36"
102.89.82.106 - - [04/Dec/2025:17:03:21 +0000] "GET /wp-content/plugins/elementor/assets/lib/e-gallery/css/e-gallery.min.css?ver=1.2.0 HTTP/1.1" 200 3303 "https://ondostate.gov.ng/" "Mozilla/5.0 (Linux; Android 10; K) AppleWebKit/537.36 (KHTML, like Gecko) Chrome/142.0.0.0 Mobile Safari/537.36"
102.88.115.221 - - [04/Dec/2025:17:03:21 +0000] "GET /wp-content/plugins/sticky-header-effects-for-elementor/assets/js/she-header.js?ver=1.5.5 HTTP/1.1" 200 5615 "https://ondostate.gov.ng/index.php/category/news/" "Mozilla/5.0 (Linux; Android 10; K) AppleWebKit/537.36 (KHTML, like Gecko) Chrome/142.0.0.0 Mobile Safari/537.36"
102.88.115.221 - - [04/Dec/2025:17:03:21 +0000] "GET /wp-content/plugins/elementor/assets/lib/font-awesome/js/v4-shims.min.js?ver=5.1.7 HTTP/1.1" 200 15055 "https://ondostate.gov.ng/index.php/category/news/" "Mozilla/5.0 (Linux; Android 10; K) AppleWebKit/537.36 (KHTML, like Gecko) Chrome/142.0.0.0 Mobile Safari/537.36"
102.88.115.221 - - [04/Dec/2025:17:03:21 +0000] "GET /wp-includes/js/jquery/jquery-migrate.min.js?ver=3.4.1 HTTP/1.1" 200 13577 "https://ondostate.gov.ng/index.php/category/news/" "Mozilla/5.0 (Linux; Android 10; K) AppleWebKit/537.36 (KHTML, like Gecko) Chrome/142.0.0.0 Mobile Safari/537.36"
102.89.82.106 - - [04/Dec/2025:17:03:21 +0000] "GET /wp-content/uploads/2025/10/gov222-768x960.jpeg HTTP/1.1" 200 76310 "https://ondostate.gov.ng/" "Mozilla/5.0 (Linux; Android 10; K) AppleWebKit/537.36 (KHTML, like Gecko) Chrome/142.0.0.0 Mobile Safari/537.36"
102.89.82.106 - - [04/Dec/2025:17:03:21 +0000] "GET /wp-content/uploads/2025/12/WhatsApp-Image-2025-12-01-at-10.56.00-AM-1-768x548.jpeg HTTP/1.1" 200 86468 "https://ondostate.gov.ng/" "Mozilla/5.0 (Linux; Android 10; K) AppleWebKit/537.36 (KHTML, like Gecko) Chrome/142.0.0.0 Mobile Safari/537.36"
102.88.115.221 - - [04/Dec/2025:17:03:22 +0000] "GET /wp-content/plugins/elementor-pro-old/assets/css/frontend.min.css?ver=3.6.5 HTTP/1.1" 200 465365 "https://ondostate.gov.ng/index.php/category/news/" "Mozilla/5.0 (Linux; Android 10; K) AppleWebKit/537.36 (KHTML, like Gecko) Chrome/142.0.0.0 Mobile Safari/537.36"
102.88.115.221 - - [04/Dec/2025:17:03:22 +0000] "GET /wp-includes/js/jquery/jquery.min.js?ver=3.7.1 HTTP/1.1" 200 87553 "https://ondostate.gov.ng/index.php/category/news/" "Mozilla/5.0 (Linux; Android 10; K) AppleWebKit/537.36 (KHTML, like Gecko) Chrome/142.0.0.0 Mobile Safari/537.36"
102.88.115.221 - - [04/Dec/2025:17:03:22 +0000] "GET /wp-content/uploads/2025/12/WhatsApp-Image-2025-12-01-at-10.56.00-AM-1-768x548.jpeg HTTP/1.1" 200 86468 "https://ondostate.gov.ng/index.php/category/news/" "Mozilla/5.0 (Linux; Android 10; K) AppleWebKit/537.36 (KHTML, like Gecko) Chrome/142.0.0.0 Mobile Safari/537.36"
102.88.115.221 - - [04/Dec/2025:17:03:22 +0000] "GET /wp-content/plugins/elementor/assets/lib/animations/animations.min.css?ver=3.11.1 HTTP/1.1" 200 18468 "https://ondostate.gov.ng/index.php/category/news/" "Mozilla/5.0 (Linux; Android 10; K) AppleWebKit/537.36 (KHTML, like Gecko) Chrome/142.0.0.0 Mobile Safari/537.36"
102.89.82.106 - - [04/Dec/2025:17:03:22 +0000] "GET /wp-content/plugins/elementor/assets/lib/animations/animations.min.css?ver=3.11.1 HTTP/1.1" 200 18468 "https://ondostate.gov.ng/" "Mozilla/5.0 (Linux; Android 10; K) AppleWebKit/537.36 (KHTML, like Gecko) Chrome/142.0.0.0 Mobile Safari/537.36"
102.88.115.221 - - [04/Dec/2025:17:03:22 +0000] "GET /wp-content/themes/astra/assets/js/minified/style.min.js?ver=2.6.1 HTTP/1.1" 200 10594 "https://ondostate.gov.ng/index.php/category/news/" "Mozilla/5.0 (Linux; Android 10; K) AppleWebKit/537.36 (KHTML, like Gecko) Chrome/142.0.0.0 Mobile Safari/537.36"
102.89.82.106 - - [04/Dec/2025:17:03:22 +0000] "GET /wp-content/themes/astra/assets/js/minified/style.min.js?ver=2.6.1 HTTP/1.1" 200 10594 "https://ondostate.gov.ng/" "Mozilla/5.0 (Linux; Android 10; K) AppleWebKit/537.36 (KHTML, like Gecko) Chrome/142.0.0.0 Mobile Safari/537.36"
102.89.82.106 - - [04/Dec/2025:17:03:22 +0000] "GET /wp-content/plugins/ht-mega-for-elementor/assets/js/popper.min.js?ver=1.9.8 HTTP/1.1" 200 18994 "https://ondostate.gov.ng/" "Mozilla/5.0 (Linux; Android 10; K) AppleWebKit/537.36 (KHTML, like Gecko) Chrome/142.0.0.0 Mobile Safari/537.36"
102.88.115.221 - - [04/Dec/2025:17:03:22 +0000] "GET /wp-content/plugins/elementor-pro-old/assets/lib/smartmenus/jquery.smartmenus.min.js?ver=1.0.1 HTTP/1.1" 200 25202 "https://ondostate.gov.ng/index.php/category/news/" "Mozilla/5.0 (Linux; Android 10; K) AppleWebKit/537.36 (KHTML, like Gecko) Chrome/142.0.0.0 Mobile Safari/537.36"
102.88.115.221 - - [04/Dec/2025:17:03:22 +0000] "GET /wp-content/plugins/ht-mega-for-elementor/assets/js/waypoints.js?ver=1.9.8 HTTP/1.1" 200 9029 "https://ondostate.gov.ng/index.php/category/news/" "Mozilla/5.0 (Linux; Android 10; K) AppleWebKit/537.36 (KHTML, like Gecko) Chrome/142.0.0.0 Mobile Safari/537.36"
102.88.115.221 - - [04/Dec/2025:17:03:22 +0000] "GET /wp-content/plugins/ht-mega-for-elementor/assets/js/popper.min.js?ver=1.9.8 HTTP/1.1" 200 18994 "https://ondostate.gov.ng/index.php/category/news/" "Mozilla/5.0 (Linux; Android 10; K) AppleWebKit/537.36 (KHTML, like Gecko) Chrome/142.0.0.0 Mobile Safari/537.36"
102.88.115.221 - - [04/Dec/2025:17:03:22 +0000] "GET /wp-content/plugins/ht-mega-for-elementor/assets/js/htbbootstrap.js?ver=1.9.8 HTTP/1.1" 200 62890 "https://ondostate.gov.ng/index.php/category/news/" "Mozilla/5.0 (Linux; Android 10; K) AppleWebKit/537.36 (KHTML, like Gecko) Chrome/142.0.0.0 Mobile Safari/537.36"
102.88.115.221 - - [04/Dec/2025:17:03:22 +0000] "GET /wp-content/plugins/elementor/assets/lib/eicons/fonts/eicons.woff2?5.18.0 HTTP/1.1" 200 93868 "https://ondostate.gov.ng/wp-content/plugins/elementor/assets/lib/eicons/css/elementor-icons.min.css?ver=5.18.0" "Mozilla/5.0 (Linux; Android 10; K) AppleWebKit/537.36 (KHTML, like Gecko) Chrome/142.0.0.0 Mobile Safari/537.36"
102.88.115.221 - - [04/Dec/2025:17:03:22 +0000] "GET /wp-content/plugins/elementor/assets/lib/font-awesome/webfonts/fa-brands-400.woff2 HTTP/1.1" 200 76764 "https://ondostate.gov.ng/wp-content/plugins/elementor/assets/lib/font-awesome/css/all.min.css?ver=5.1.7" "Mozilla/5.0 (Linux; Android 10; K) AppleWebKit/537.36 (KHTML, like Gecko) Chrome/142.0.0.0 Mobile Safari/537.36"
102.88.115.221 - - [04/Dec/2025:17:03:22 +0000] "GET /wp-content/uploads/2020/11/cropped-logo-3.png HTTP/1.1" 304 0 "https://ondostate.gov.ng/index.php/category/news/" "Mozilla/5.0 (Linux; Android 10; K) AppleWebKit/537.36 (KHTML, like Gecko) Chrome/142.0.0.0 Mobile Safari/537.36"
102.88.115.221 - - [04/Dec/2025:17:03:22 +0000] "GET /wp-content/plugins/elementor/assets/lib/font-awesome/webfonts/fa-solid-900.woff2 HTTP/1.1" 200 78196 "https://ondostate.gov.ng/wp-content/plugins/elementor/assets/lib/font-awesome/css/all.min.css?ver=5.1.7" "Mozilla/5.0 (Linux; Android 10; K) AppleWebKit/537.36 (KHTML, like Gecko) Chrome/142.0.0.0 Mobile Safari/537.36"
102.89.82.106 - - [04/Dec/2025:17:03:22 +0000] "GET /wp-content/plugins/ht-mega-for-elementor/assets/js/htbbootstrap.js?ver=1.9.8 HTTP/1.1" 200 62890 "https://ondostate.gov.ng/" "Mozilla/5.0 (Linux; Android 10; K) AppleWebKit/537.36 (KHTML, like Gecko) Chrome/142.0.0.0 Mobile Safari/537.36"
102.88.115.221 - - [04/Dec/2025:17:03:22 +0000] "GET /wp-content/plugins/elementor-pro-old/assets/js/webpack-pro.runtime.min.js?ver=3.6.5 HTTP/1.1" 200 5125 "https://ondostate.gov.ng/index.php/category/news/" "Mozilla/5.0 (Linux; Android 10; K) AppleWebKit/537.36 (KHTML, like Gecko) Chrome/142.0.0.0 Mobile Safari/537.36"
102.88.115.221 - - [04/Dec/2025:17:03:22 +0000] "GET /wp-content/plugins/elementor/assets/js/webpack.runtime.min.js?ver=3.11.1 HTTP/1.1" 200 4958 "https://ondostate.gov.ng/index.php/category/news/" "Mozilla/5.0 (Linux; Android 10; K) AppleWebKit/537.36 (KHTML, like Gecko) Chrome/142.0.0.0 Mobile Safari/537.36"
102.88.115.221 - - [04/Dec/2025:17:03:23 +0000] "GET /wp-content/plugins/elementor/assets/js/frontend-modules.min.js?ver=3.11.1 HTTP/1.1" 200 36460 "https://ondostate.gov.ng/index.php/category/news/" "Mozilla/5.0 (Linux; Android 10; K) AppleWebKit/537.36 (KHTML, like Gecko) Chrome/142.0.0.0 Mobile Safari/537.36"
102.88.115.221 - - [04/Dec/2025:17:03:23 +0000] "GET /wp-includes/js/dist/vendor/wp-polyfill-inert.min.js?ver=3.1.2 HTTP/1.1" 200 8171 "https://ondostate.gov.ng/index.php/category/news/" "Mozilla/5.0 (Linux; Android 10; K) AppleWebKit/537.36 (KHTML, like Gecko) Chrome/142.0.0.0 Mobile Safari/537.36"
102.88.115.221 - - [04/Dec/2025:17:03:23 +0000] "GET /wp-includes/js/dist/vendor/regenerator-runtime.min.js?ver=0.14.0 HTTP/1.1" 200 6625 "https://ondostate.gov.ng/index.php/category/news/" "Mozilla/5.0 (Linux; Android 10; K) AppleWebKit/537.36 (KHTML, like Gecko) Chrome/142.0.0.0 Mobile Safari/537.36"
102.88.115.221 - - [04/Dec/2025:17:03:23 +0000] "GET /wp-includes/js/dist/vendor/wp-polyfill.min.js?ver=3.15.0 HTTP/1.1" 200 115127 "https://ondostate.gov.ng/index.php/category/news/" "Mozilla/5.0 (Linux; Android 10; K) AppleWebKit/537.36 (KHTML, like Gecko) Chrome/142.0.0.0 Mobile Safari/537.36"
102.88.115.221 - - [04/Dec/2025:17:03:23 +0000] "GET /wp-includes/js/dist/hooks.min.js?ver=c6aec9a8d4e5a5d543a1 HTTP/1.1" 200 4627 "https://ondostate.gov.ng/index.php/category/news/" "Mozilla/5.0 (Linux; Android 10; K) AppleWebKit/537.36 (KHTML, like Gecko) Chrome/142.0.0.0 Mobile Safari/537.36"
102.88.115.221 - - [04/Dec/2025:17:03:23 +0000] "GET /wp-includes/js/dist/i18n.min.js?ver=7701b0c3857f914212ef HTTP/1.1" 200 9445 "https://ondostate.gov.ng/index.php/category/news/" "Mozilla/5.0 (Linux; Android 10; K) AppleWebKit/537.36 (KHTML, like Gecko) Chrome/142.0.0.0 Mobile Safari/537.36"
102.88.115.221 - - [04/Dec/2025:17:03:23 +0000] "GET /wp-content/plugins/elementor-pro-old/assets/js/frontend.min.js?ver=3.6.5 HTTP/1.1" 200 20713 "https://ondostate.gov.ng/index.php/category/news/" "Mozilla/5.0 (Linux; Android 10; K) AppleWebKit/537.36 (KHTML, like Gecko) Chrome/142.0.0.0 Mobile Safari/537.36"
102.88.115.221 - - [04/Dec/2025:17:03:23 +0000] "GET /wp-includes/js/jquery/ui/core.min.js?ver=1.13.2 HTTP/1.1" 200 21438 "https://ondostate.gov.ng/index.php/category/news/" "Mozilla/5.0 (Linux; Android 10; K) AppleWebKit/537.36 (KHTML, like Gecko) Chrome/142.0.0.0 Mobile Safari/537.36"
102.88.115.221 - - [04/Dec/2025:17:03:23 +0000] "GET /wp-content/plugins/elementor/assets/lib/waypoints/waypoints.min.js?ver=4.0.2 HTTP/1.1" 200 12198 "https://ondostate.gov.ng/index.php/category/news/" "Mozilla/5.0 (Linux; Android 10; K) AppleWebKit/537.36 (KHTML, like Gecko) Chrome/142.0.0.0 Mobile Safari/537.36"
102.88.115.221 - - [04/Dec/2025:17:03:23 +0000] "GET /wp-content/plugins/ht-mega-for-elementor/assets/js/swiper.min.js?ver=1.9.8 HTTP/1.1" 200 124645 "https://ondostate.gov.ng/index.php/category/news/" "Mozilla/5.0 (Linux; Android 10; K) AppleWebKit/537.36 (KHTML, like Gecko) Chrome/142.0.0.0 Mobile Safari/537.36"
102.88.115.221 - - [04/Dec/2025:17:03:23 +0000] "GET /wp-content/plugins/elementor/assets/lib/share-link/share-link.min.js?ver=3.11.1 HTTP/1.1" 200 2620 "https://ondostate.gov.ng/index.php/category/news/" "Mozilla/5.0 (Linux; Android 10; K) AppleWebKit/537.36 (KHTML, like Gecko) Chrome/142.0.0.0 Mobile Safari/537.36"
102.88.115.221 - - [04/Dec/2025:17:03:23 +0000] "GET /wp-content/plugins/elementor/assets/lib/dialog/dialog.min.js?ver=4.9.0 HTTP/1.1" 200 10749 "https://ondostate.gov.ng/index.php/category/news/" "Mozilla/5.0 (Linux; Android 10; K) AppleWebKit/537.36 (KHTML, like Gecko) Chrome/142.0.0.0 Mobile Safari/537.36"
102.88.115.221 - - [04/Dec/2025:17:03:23 +0000] "GET /wp-content/plugins/elementor/assets/js/frontend.min.js?ver=3.11.1 HTTP/1.1" 200 41883 "https://ondostate.gov.ng/index.php/category/news/" "Mozilla/5.0 (Linux; Android 10; K) AppleWebKit/537.36 (KHTML, like Gecko) Chrome/142.0.0.0 Mobile Safari/537.36"
102.88.115.221 - - [04/Dec/2025:17:03:23 +0000] "GET /wp-content/plugins/elementor-pro-old/assets/js/preloaded-elements-handlers.min.js?ver=3.6.5 HTTP/1.1" 200 132890 "https://ondostate.gov.ng/index.php/category/news/" "Mozilla/5.0 (Linux; Android 10; K) AppleWebKit/537.36 (KHTML, like Gecko) Chrome/142.0.0.0 Mobile Safari/537.36"
102.88.115.221 - - [04/Dec/2025:17:03:23 +0000] "GET /wp-content/plugins/elementor-pro-old/assets/lib/sticky/jquery.sticky.min.js?ver=3.6.5 HTTP/1.1" 200 3236 "https://ondostate.gov.ng/index.php/category/news/" "Mozilla/5.0 (Linux; Android 10; K) AppleWebKit/537.36 (KHTML, like Gecko) Chrome/142.0.0.0 Mobile Safari/537.36"
102.88.115.221 - - [04/Dec/2025:17:03:23 +0000] "GET /wp-content/plugins/elementor/assets/js/preloaded-modules.min.js?ver=3.11.1 HTTP/1.1" 200 44785 "https://ondostate.gov.ng/index.php/category/news/" "Mozilla/5.0 (Linux; Android 10; K) AppleWebKit/537.36 (KHTML, like Gecko) Chrome/142.0.0.0 Mobile Safari/537.36"
102.89.82.106 - - [04/Dec/2025:17:03:24 +0000] "GET /wp-content/plugins/elementor/assets/lib/eicons/fonts/eicons.woff2?5.18.0 HTTP/1.1" 200 93868 "https://ondostate.gov.ng/wp-content/plugins/elementor/assets/lib/eicons/css/elementor-icons.min.css?ver=5.18.0" "Mozilla/5.0 (Linux; Android 10; K) AppleWebKit/537.36 (KHTML, like Gecko) Chrome/142.0.0.0 Mobile Safari/537.36"
102.88.115.221 - - [04/Dec/2025:17:03:24 +0000] "GET /wp-content/uploads/essential-addons-elementor/734e5f942.min.js?ver=1764867799 HTTP/1.1" 200 1058829 "https://ondostate.gov.ng/index.php/category/news/" "Mozilla/5.0 (Linux; Android 10; K) AppleWebKit/537.36 (KHTML, like Gecko) Chrome/142.0.0.0 Mobile Safari/537.36"
102.88.115.221 - - [04/Dec/2025:17:03:25 +0000] "GET /wp-content/uploads/2020/11/cropped-logo-3-1-192x192.png HTTP/1.1" 304 0 "https://ondostate.gov.ng/index.php/category/news/" "Mozilla/5.0 (Linux; Android 10; K) AppleWebKit/537.36 (KHTML, like Gecko) Chrome/142.0.0.0 Mobile Safari/537.36"
102.88.115.221 - - [04/Dec/2025:17:03:25 +0000] "GET /wp-content/uploads/2020/11/cropped-logo-3-1-180x180.png HTTP/1.1" 304 0 "https://ondostate.gov.ng/index.php/category/news/" "Mozilla/5.0 (Linux; Android 10; K) AppleWebKit/537.36 (KHTML, like Gecko) Chrome/142.0.0.0 Mobile Safari/537.36"
102.89.82.106 - - [04/Dec/2025:17:03:25 +0000] "GET /wp-content/plugins/elementor/assets/lib/font-awesome/webfonts/fa-solid-900.woff2 HTTP/1.1" 200 78196 "https://ondostate.gov.ng/wp-content/plugins/elementor/assets/lib/font-awesome/css/all.min.css?ver=5.1.7" "Mozilla/5.0 (Linux; Android 10; K) AppleWebKit/537.36 (KHTML, like Gecko) Chrome/142.0.0.0 Mobile Safari/537.36"
102.89.82.106 - - [04/Dec/2025:17:03:25 +0000] "GET /wp-content/plugins/elementor/assets/lib/font-awesome/webfonts/fa-regular-400.woff2 HTTP/1.1" 200 13276 "https://ondostate.gov.ng/wp-content/plugins/elementor/assets/lib/font-awesome/css/all.min.css?ver=5.1.7" "Mozilla/5.0 (Linux; Android 10; K) AppleWebKit/537.36 (KHTML, like Gecko) Chrome/142.0.0.0 Mobile Safari/537.36"
102.88.115.221 - - [04/Dec/2025:17:03:26 +0000] "GET /wp-content/uploads/2025/12/WhatsApp-Image-2025-12-01-at-10.48.40-AM-768x549.jpeg HTTP/1.1" 200 86229 "https://ondostate.gov.ng/index.php/category/news/" "Mozilla/5.0 (Linux; Android 10; K) AppleWebKit/537.36 (KHTML, like Gecko) Chrome/142.0.0.0 Mobile Safari/537.36"
102.89.82.106 - - [04/Dec/2025:17:03:27 +0000] "GET /wp-content/plugins/elementor/assets/lib/font-awesome/webfonts/fa-brands-400.woff2 HTTP/1.1" 200 76764 "https://ondostate.gov.ng/wp-content/plugins/elementor/assets/lib/font-awesome/css/all.min.css?ver=5.1.7" "Mozilla/5.0 (Linux; Android 10; K) AppleWebKit/537.36 (KHTML, like Gecko) Chrome/142.0.0.0 Mobile Safari/537.36"
102.89.82.106 - - [04/Dec/2025:17:03:28 +0000] "GET /wp-content/plugins/ht-mega-for-elementor/assets/js/waypoints.js?ver=1.9.8 HTTP/1.1" 200 9029 "https://ondostate.gov.ng/" "Mozilla/5.0 (Linux; Android 10; K) AppleWebKit/537.36 (KHTML, like Gecko) Chrome/142.0.0.0 Mobile Safari/537.36"
102.89.82.106 - - [04/Dec/2025:17:03:31 +0000] "GET /wp-content/plugins/elementor-pro-old/assets/lib/smartmenus/jquery.smartmenus.min.js?ver=1.0.1 HTTP/1.1" 200 25202 "https://ondostate.gov.ng/" "Mozilla/5.0 (Linux; Android 10; K) AppleWebKit/537.36 (KHTML, like Gecko) Chrome/142.0.0.0 Mobile Safari/537.36"
102.89.82.106 - - [04/Dec/2025:17:03:31 +0000] "GET /wp-includes/js/imagesloaded.min.js?ver=5.0.0 HTTP/1.1" 200 5520 "https://ondostate.gov.ng/" "Mozilla/5.0 (Linux; Android 10; K) AppleWebKit/537.36 (KHTML, like Gecko) Chrome/142.0.0.0 Mobile Safari/537.36"
102.89.82.106 - - [04/Dec/2025:17:03:31 +0000] "GET /wp-content/uploads/2020/11/cropped-logo-3.png HTTP/1.1" 200 7875 "https://ondostate.gov.ng/" "Mozilla/5.0 (Linux; Android 10; K) AppleWebKit/537.36 (KHTML, like Gecko) Chrome/142.0.0.0 Mobile Safari/537.36"
185.191.171.12 - - [04/Dec/2025:17:03:31 +0000] "GET /index.php/2025/12/01/breaking/ HTTP/1.1" 200 140566 "-" "Mozilla/5.0 (compatible; SemrushBot/7~bl; +http://www.semrush.com/bot.html)"
102.89.82.106 - - [04/Dec/2025:17:03:32 +0000] "GET /wp-content/plugins/elementor/assets/lib/jquery-numerator/jquery-numerator.min.js?ver=0.2.1 HTTP/1.1" 200 1801 "https://ondostate.gov.ng/" "Mozilla/5.0 (Linux; Android 10; K) AppleWebKit/537.36 (KHTML, like Gecko) Chrome/142.0.0.0 Mobile Safari/537.36"
102.89.82.106 - - [04/Dec/2025:17:03:32 +0000] "GET /wp-content/plugins/elementor/assets/lib/e-gallery/js/e-gallery.min.js?ver=1.2.0 HTTP/1.1" 200 15347 "https://ondostate.gov.ng/" "Mozilla/5.0 (Linux; Android 10; K) AppleWebKit/537.36 (KHTML, like Gecko) Chrome/142.0.0.0 Mobile Safari/537.36"
102.89.82.106 - - [04/Dec/2025:17:03:32 +0000] "GET /wp-content/plugins/elementor-pro-old/assets/js/webpack-pro.runtime.min.js?ver=3.6.5 HTTP/1.1" 200 5125 "https://ondostate.gov.ng/" "Mozilla/5.0 (Linux; Android 10; K) AppleWebKit/537.36 (KHTML, like Gecko) Chrome/142.0.0.0 Mobile Safari/537.36"
102.89.82.106 - - [04/Dec/2025:17:03:33 +0000] "GET /wp-content/uploads/2025/10/banner-one.jpg HTTP/1.1" 200 294699 "https://ondostate.gov.ng/wp-content/uploads/elementor/css/post-15216.css?ver=1760544510" "Mozilla/5.0 (Linux; Android 10; K) AppleWebKit/537.36 (KHTML, like Gecko) Chrome/142.0.0.0 Mobile Safari/537.36"
213.201.242.74 - - [04/Dec/2025:17:03:43 +0000] "GET /index.php/2025/07/07/gov-aiyedatiwa-commends-nddc-at-25-reaffirms-commitment-to-oil-producing-communities/ HTTP/1.1" 200 147718 "-" "Mozilla/5.0 (Windows NT 10.0; Win64; x64) AppleWebKit/537.36 (KHTML, like Gecko) Chrome/134.0.0.0 Safari/537.36 Edg/134.0.0.0"
78.47.173.76 - - [04/Dec/2025:17:03:46 +0000] "HEAD / HTTP/1.1" 200 0 "http://ondostate.gov.ng/" "Mozilla/5.0+(compatible; UptimeRobot/2.0; http://www.uptimerobot.com/)"
102.88.115.221 - - [04/Dec/2025:17:03:48 +0000] "GET /wp-content/uploads/2025/12/WhatsApp-Image-2025-12-01-at-10.42.41-AM-1-768x548.jpeg HTTP/1.1" 200 68930 "https://ondostate.gov.ng/index.php/category/news/" "Mozilla/5.0 (Linux; Android 10; K) AppleWebKit/537.36 (KHTML, like Gecko) Chrome/142.0.0.0 Mobile Safari/537.36"
102.88.115.221 - - [04/Dec/2025:17:04:03 +0000] "GET /wp-content/uploads/2025/12/WhatsApp-Image-2025-12-01-at-10.38.05-AM.jpeg HTTP/1.1" 200 10064 "https://ondostate.gov.ng/index.php/category/news/" "Mozilla/5.0 (Linux; Android 10; K) AppleWebKit/537.36 (KHTML, like Gecko) Chrome/142.0.0.0 Mobile Safari/537.36"
40.77.167.61 - - [04/Dec/2025:17:04:16 +0000] "GET /wp-content/uploads/2025/06/WhatsApp-Image-2025-06-16-at-3.22.10-PM-2048x1638.jpeg HTTP/1.1" 200 357668 "-" "Mozilla/5.0 AppleWebKit/537.36 (KHTML, like Gecko; compatible; bingbot/2.0; +http://www.bing.com/bingbot.htm) Chrome/116.0.1938.76 Safari/537.36"
102.88.115.221 - - [04/Dec/2025:17:04:21 +0000] "GET /wp-content/uploads/2025/11/WhatsApp-Image-2025-11-25-at-9.44.33-AM-768x515.jpeg HTTP/1.1" 200 86386 "https://ondostate.gov.ng/index.php/category/news/" "Mozilla/5.0 (Linux; Android 10; K) AppleWebKit/537.36 (KHTML, like Gecko) Chrome/142.0.0.0 Mobile Safari/537.36"
57.141.0.10 - - [04/Dec/2025:17:04:33 +0000] "GET /index.php/author/hannah/page/8/ HTTP/1.1" 200 169824 "-" "meta-externalagent/1.1 (+https://developers.facebook.com/docs/sharing/webmasters/crawler)"
166.0.142.83 - - [04/Dec/2025:17:04:50 +0000] "GET /index.php/2025/07/19/akure-has-witnessed-a-decade-of-peace-progress-gov-aiyedatiwa-hails-deji-at-10th-anniversary/ HTTP/1.1" 200 147696 "-" "Mozilla/5.0 (X11; Linux x86_64) AppleWebKit/537.36 (KHTML, like Gecko) Chrome/134.0.0.0 Safari/537.3"
85.208.96.204 - - [04/Dec/2025:17:05:20 +0000] "GET /index.php/category/infrastructure/page/4/ HTTP/1.1" 200 147851 "-" "Mozilla/5.0 (compatible; SemrushBot/7~bl; +http://www.semrush.com/bot.html)"
57.141.0.25 - - [04/Dec/2025:17:05:40 +0000] "GET /index.php/executive-order-of-ondo-state-government-on-frilia/ HTTP/1.1" 200 135148 "-" "meta-externalagent/1.1 (+https://developers.facebook.com/docs/sharing/webmasters/crawler)"
45.38.156.195 - - [04/Dec/2025:17:05:59 +0000] "GET /index.php/2025/06/13/ajayi-david-wins-2nd-adelami-tennis-grand-slam/ HTTP/1.1" 200 145497 "-" "Mozilla/5.0 (Windows NT 10.0; Win64; x64) AppleWebKit/537.36 (KHTML, like Gecko) Chrome/134.0.0.0 Safari/537.36 Trailer/93.3.8652.5"
40.77.167.61 - - [04/Dec/2025:17:06:17 +0000] "GET /wp-content/uploads/2024/07/13-768x556.jpeg HTTP/1.1" 200 75665 "-" "Mozilla/5.0 AppleWebKit/537.36 (KHTML, like Gecko; compatible; bingbot/2.0; +http://www.bing.com/bingbot.htm) Chrome/116.0.1938.76 Safari/537.36"
44.221.105.234 - - [04/Dec/2025:17:06:41 +0000] "GET / HTTP/1.1" 301 5 "-" "Mozilla/5.0 AppleWebKit/537.36 (KHTML, like Gecko; compatible; Amazonbot/0.1; +https://developer.amazon.com/support/amazonbot) Chrome/119.0.6045.214 Safari/537.36"
44.221.105.234 - - [04/Dec/2025:17:06:43 +0000] "GET / HTTP/1.1" 200 187056 "-" "Mozilla/5.0 AppleWebKit/537.36 (KHTML, like Gecko; compatible; Amazonbot/0.1; +https://developer.amazon.com/support/amazonbot) Chrome/119.0.6045.214 Safari/537.36"
198.244.168.135 - - [04/Dec/2025:17:06:43 +0000] "GET /wp-sitemap.xml HTTP/1.1" 200 554 "-" "Mozilla/5.0 (compatible; AhrefsBot/7.0; +http://ahrefs.com/robot/)"
51.195.183.177 - - [04/Dec/2025:17:06:46 +0000] "GET /wp-content/uploads/essential-addons-elementor/734e5f942.min.css?ver=1764867722 HTTP/1.1" 200 695452 "-" "Mozilla/5.0 (compatible; AhrefsBot/7.0; +http://ahrefs.com/robot/)"
102.89.69.163 - - [04/Dec/2025:17:06:47 +0000] "GET /index.php/2025/07/15/gov-aiyedatiwa-inaugurates-new-commissioners-reiterates-commitment-to-good-governance/ HTTP/1.1" 200 153403 "https://www.google.com/" "Mozilla/5.0 (Linux; Android 10; K) AppleWebKit/537.36 (KHTML, like Gecko) Chrome/142.0.0.0 Mobile Safari/537.36"
102.89.69.163 - - [04/Dec/2025:17:06:47 +0000] "GET /wp-content/uploads/2025/07/WhatsApp-Image-2025-07-14-at-20.45.14-768x548.jpeg HTTP/1.1" 200 66333 "https://ondostate.gov.ng/index.php/2025/07/15/gov-aiyedatiwa-inaugurates-new-commissioners-reiterates-commitment-to-good-governance/" "Mozilla/5.0 (Linux; Android 10; K) AppleWebKit/537.36 (KHTML, like Gecko) Chrome/142.0.0.0 Mobile Safari/537.36"
198.244.242.99 - - [04/Dec/2025:17:06:48 +0000] "GET /wp-content/uploads/essential-addons-elementor/734e5f942.min.js?ver=1764867722 HTTP/1.1" 200 1058829 "-" "Mozilla/5.0 (compatible; AhrefsBot/7.0; +http://ahrefs.com/robot/)"
102.89.69.163 - - [04/Dec/2025:17:06:49 +0000] "GET /wp-content/uploads/2025/07/WhatsApp-Image-2025-07-14-at-20.45.15-768x548.jpeg HTTP/1.1" 200 74093 "https://ondostate.gov.ng/index.php/2025/07/15/gov-aiyedatiwa-inaugurates-new-commissioners-reiterates-commitment-to-good-governance/" "Mozilla/5.0 (Linux; Android 10; K) AppleWebKit/537.36 (KHTML, like Gecko) Chrome/142.0.0.0 Mobile Safari/537.36"
102.89.69.163 - - [04/Dec/2025:17:06:49 +0000] "GET /wp-content/uploads/essential-addons-elementor/734e5f942.min.css?ver=1764868006 HTTP/1.1" 200 695452 "https://ondostate.gov.ng/index.php/2025/07/15/gov-aiyedatiwa-inaugurates-new-commissioners-reiterates-commitment-to-good-governance/" "Mozilla/5.0 (Linux; Android 10; K) AppleWebKit/537.36 (KHTML, like Gecko) Chrome/142.0.0.0 Mobile Safari/537.36"
102.89.69.163 - - [04/Dec/2025:17:06:50 +0000] "GET /wp-content/uploads/2025/07/WhatsApp-Image-2025-07-14-at-20.45.16-1-768x548.jpeg HTTP/1.1" 200 73234 "https://ondostate.gov.ng/index.php/2025/07/15/gov-aiyedatiwa-inaugurates-new-commissioners-reiterates-commitment-to-good-governance/" "Mozilla/5.0 (Linux; Android 10; K) AppleWebKit/537.36 (KHTML, like Gecko) Chrome/142.0.0.0 Mobile Safari/537.36"
102.89.69.163 - - [04/Dec/2025:17:06:50 +0000] "GET /wp-content/uploads/2025/07/WhatsApp-Image-2025-07-14-at-20.45.16-768x548.jpeg HTTP/1.1" 200 63462 "https://ondostate.gov.ng/index.php/2025/07/15/gov-aiyedatiwa-inaugurates-new-commissioners-reiterates-commitment-to-good-governance/" "Mozilla/5.0 (Linux; Android 10; K) AppleWebKit/537.36 (KHTML, like Gecko) Chrome/142.0.0.0 Mobile Safari/537.36"
102.89.69.163 - - [04/Dec/2025:17:06:51 +0000] "GET /wp-content/uploads/2025/07/WhatsApp-Image-2025-07-14-at-20.45.17-1-768x548.jpeg HTTP/1.1" 200 73653 "https://ondostate.gov.ng/index.php/2025/07/15/gov-aiyedatiwa-inaugurates-new-commissioners-reiterates-commitment-to-good-governance/" "Mozilla/5.0 (Linux; Android 10; K) AppleWebKit/537.36 (KHTML, like Gecko) Chrome/142.0.0.0 Mobile Safari/537.36"
102.89.69.163 - - [04/Dec/2025:17:06:51 +0000] "GET /wp-content/uploads/2025/07/WhatsApp-Image-2025-07-14-at-20.45.17-768x548.jpeg HTTP/1.1" 200 70385 "https://ondostate.gov.ng/index.php/2025/07/15/gov-aiyedatiwa-inaugurates-new-commissioners-reiterates-commitment-to-good-governance/" "Mozilla/5.0 (Linux; Android 10; K) AppleWebKit/537.36 (KHTML, like Gecko) Chrome/142.0.0.0 Mobile Safari/537.36"
198.244.183.160 - - [04/Dec/2025:17:06:51 +0000] "GET /wp-sitemap-posts-post-1.xml HTTP/1.1" 200 60498 "-" "Mozilla/5.0 (compatible; AhrefsBot/7.0; +http://ahrefs.com/robot/)"
102.89.69.163 - - [04/Dec/2025:17:06:51 +0000] "GET /wp-content/uploads/essential-addons-elementor/734e5f942.min.js?ver=1764868006 HTTP/1.1" 200 1058829 "https://ondostate.gov.ng/index.php/2025/07/15/gov-aiyedatiwa-inaugurates-new-commissioners-reiterates-commitment-to-good-governance/" "Mozilla/5.0 (Linux; Android 10; K) AppleWebKit/537.36 (KHTML, like Gecko) Chrome/142.0.0.0 Mobile Safari/537.36"
102.89.69.163 - - [04/Dec/2025:17:06:52 +0000] "GET /wp-content/uploads/2025/07/WhatsApp-Image-2025-07-14-at-20.45.18-768x548.jpeg HTTP/1.1" 200 68140 "https://ondostate.gov.ng/index.php/2025/07/15/gov-aiyedatiwa-inaugurates-new-commissioners-reiterates-commitment-to-good-governance/" "Mozilla/5.0 (Linux; Android 10; K) AppleWebKit/537.36 (KHTML, like Gecko) Chrome/142.0.0.0 Mobile Safari/537.36"
102.89.69.163 - - [04/Dec/2025:17:06:52 +0000] "GET /wp-content/uploads/2025/07/WhatsApp-Image-2025-07-14-at-20.45.15-1-768x548.jpeg HTTP/1.1" 200 69822 "https://ondostate.gov.ng/index.php/2025/07/15/gov-aiyedatiwa-inaugurates-new-commissioners-reiterates-commitment-to-good-governance/" "Mozilla/5.0 (Linux; Android 10; K) AppleWebKit/537.36 (KHTML, like Gecko) Chrome/142.0.0.0 Mobile Safari/537.36"
51.195.215.50 - - [04/Dec/2025:17:07:00 +0000] "GET /wp-sitemap-posts-page-1.xml HTTP/1.1" 200 7520 "-" "Mozilla/5.0 (compatible; AhrefsBot/7.0; +http://ahrefs.com/robot/)"
198.244.183.220 - - [04/Dec/2025:17:07:08 +0000] "GET /wp-sitemap-taxonomies-category-1.xml HTTP/1.1" 200 1269 "-" "Mozilla/5.0 (compatible; AhrefsBot/7.0; +http://ahrefs.com/robot/)"
207.32.143.32 - - [04/Dec/2025:17:07:10 +0000] "GET /index.php/2025/07/15/anambra-choir-wins-2025-asiwaju-of-remo-christians-choir-festival/ HTTP/1.1" 200 142217 "-" "Mozilla/5.0 (Macintosh; Intel Mac OS X 10_15_7) AppleWebKit/537.36 (KHTML, like Gecko) Chrome/113.0.0.0 Safari/537.3"
51.195.215.51 - - [04/Dec/2025:17:07:17 +0000] "GET /wp-sitemap-users-1.xml HTTP/1.1" 200 351 "-" "Mozilla/5.0 (compatible; AhrefsBot/7.0; +http://ahrefs.com/robot/)"
162.120.188.117 - - [04/Dec/2025:17:07:24 +0000] "GET /index.php/executive-council/ HTTP/1.1" 200 179523 "https://www.google.com/" "Mozilla/5.0 (Linux; Android 10; K) AppleWebKit/537.36 (KHTML, like Gecko) Chrome/131.0.0.0 Mobile Safari/537.36"
66.249.66.67 - - [04/Dec/2025:17:07:41 +0000] "GET /index.php/2024/0/page/4/ondostate.gov.ng HTTP/1.1" 404 150516 "-" "Mozilla/5.0 (Linux; Android 6.0.1; Nexus 5X Build/MMB29P) AppleWebKit/537.36 (KHTML, like Gecko) Chrome/141.0.7390.122 Mobile Safari/537.36 (compatible; Googlebot/2.1; +http://www.google.com/bot.html)"
57.141.0.3 - - [04/Dec/2025:17:07:41 +0000] "GET /index.php/2024/09/13/apc-national-women-leader-lauds-gov-aiyedatiwa-for-championing-womens-inclusion-in-governance/ HTTP/1.1" 200 141840 "-" "meta-externalagent/1.1 (+https://developers.facebook.com/docs/sharing/webmasters/crawler)"
66.249.66.4 - - [04/Dec/2025:17:07:42 +0000] "GET /index.php/category/news/page/38/ HTTP/1.1" 200 153510 "-" "Mozilla/5.0 (Linux; Android 6.0.1; Nexus 5X Build/MMB29P) AppleWebKit/537.36 (KHTML, like Gecko) Chrome/141.0.7390.122 Mobile Safari/537.36 (compatible; Googlebot/2.1; +http://www.google.com/bot.html)"
102.89.32.225 - - [04/Dec/2025:17:07:56 +0000] "GET /wp-content/plugins/search-filter/style.css?ver=1 HTTP/1.1" 200 577 "https://ondostate.gov.ng/index.php/executive-council/" "Mozilla/5.0 (X11; Linux x86_64) AppleWebKit/537.36 (KHTML, like Gecko) Chrome/131.0.0.0 Safari/537.36"
102.89.32.225 - - [04/Dec/2025:17:07:56 +0000] "GET /wp-content/plugins/elementor/assets/lib/font-awesome/css/v4-shims.min.css?ver=5.1.7 HTTP/1.1" 200 26702 "https://ondostate.gov.ng/index.php/executive-council/" "Mozilla/5.0 (X11; Linux x86_64) AppleWebKit/537.36 (KHTML, like Gecko) Chrome/131.0.0.0 Safari/537.36"
