212.2.240.147 - - [04/Dec/2025:17:04:13 +0000] "GET /wp-content/plugins/wp-mail-smtp/ HTTP/1.1" 404 150485 "-" "Mozilla/5.0 (Linux; Android 7.0; SM-G892A Build/NRD90M; wv) AppleWebKit/537.36 (KHTML, like Gecko) Version/4.0 Chrome/60.0.3112.107 Mobile Safari/537.36"
159.223.51.105 - - [04/Dec/2025:17:04:13 +0000] "GET /wp-content/plugins/elementor/core/settings/general/model.php HTTP/1.1" 200 5 "-" "Mozilla/5.0 (iPad; CPU OS 16_4 like Mac OS X) AppleWebKit/605.1.15 (KHTML, like Gecko) Version/16.4 Mobile/15E148 Safari/604.1"
159.223.51.105 - - [04/Dec/2025:17:04:13 +0000] "GET /wp-content/plugins/elementor/core/settings/page/ HTTP/1.1" 200 1083 "-" "Mozilla/5.0 (X11; Linux x86_64) AppleWebKit/537.36 (KHTML, like Gecko) Chrome/111.0.0.0 Safari/537.36"
159.223.51.105 - - [04/Dec/2025:17:04:13 +0000] "GET /wp-content/plugins/elementor/core/settings/page/ HTTP/1.1" 200 1083 "-" "Mozilla/5.0 (Windows NT 10.0; Win64; x64) AppleWebKit/537.36 (KHTML, like Gecko) Chrome/110.0.0.0 Safari/537.36"
159.223.51.105 - - [04/Dec/2025:17:04:13 +0000] "GET /wp-content/plugins/elementor/core/settings/page/manager.php HTTP/1.1" 200 5 "-" "Mozilla/5.0 (Windows NT 10.0; Win64; x64) AppleWebKit/537.36 (KHTML, like Gecko) Chrome/114.0.0.0 Safari/537.36"
212.2.240.147 - - [04/Dec/2025:17:04:14 +0000] "GET /wp-content/plugins/wp-mail-smtp/uploads/ HTTP/1.1" 404 150485 "-" "Mozilla/5.0 (Linux; Android 7.0; SM-G892A Build/NRD90M; wv) AppleWebKit/537.36 (KHTML, like Gecko) Version/4.0 Chrome/60.0.3112.107 Mobile Safari/537.36"
159.223.51.105 - - [04/Dec/2025:17:04:14 +0000] "GET /wp-content/plugins/elementor/core/settings/page/model.php HTTP/1.1" 200 5 "-" "Mozilla/5.0 (Macintosh; Intel Mac OS X 10_15_7) AppleWebKit/605.1.15 (KHTML, like Gecko) Version/16.4 Safari/605.1.15"
159.223.51.105 - - [04/Dec/2025:17:04:14 +0000] "GET /wp-content/plugins/elementor/core/settings/editor-preferences/ HTTP/1.1" 200 1111 "-" "Mozilla/5.0 (Windows NT 10.0; Win64; x64) AppleWebKit/537.36 (KHTML, like Gecko) Chrome/110.0.0.0 Safari/537.36"
159.223.51.105 - - [04/Dec/2025:17:04:14 +0000] "GET /wp-content/plugins/elementor/core/settings/editor-preferences/ HTTP/1.1" 200 1111 "-" "Mozilla/5.0 (Windows NT 10.0; Win64; x64) AppleWebKit/537.36 (KHTML, like Gecko) Chrome/110.0.0.0 Safari/537.36"
159.223.51.105 - - [04/Dec/2025:17:04:14 +0000] "GET /wp-content/plugins/elementor/core/settings/editor-preferences/manager.php HTTP/1.1" 200 5 "-" "Mozilla/5.0 (Windows NT 10.0; Win64; x64) AppleWebKit/537.36 (KHTML, like Gecko) Chrome/114.0.0.0 Safari/537.36"
159.223.51.105 - - [04/Dec/2025:17:04:15 +0000] "GET /wp-content/plugins/elementor/core/settings/editor-preferences/model.php HTTP/1.1" 200 5 "-" "Mozilla/5.0 (Windows NT 10.0; Win64; x64) AppleWebKit/537.36 (KHTML, like Gecko) Chrome/114.0.0.0 Safari/537.36"
212.2.240.147 - - [04/Dec/2025:17:04:15 +0000] "GET /wp-content/plugins/wp-mail-smtp/files/ HTTP/1.1" 404 150485 "-" "Mozilla/5.0 (Linux; Android 7.0; SM-G892A Build/NRD90M; wv) AppleWebKit/537.36 (KHTML, like Gecko) Version/4.0 Chrome/60.0.3112.107 Mobile Safari/537.36"
159.223.51.105 - - [04/Dec/2025:17:04:15 +0000] "GET /wp-content/plugins/elementor/core/settings/base/ HTTP/1.1" 200 1447 "-" "Mozilla/5.0 (Windows NT 10.0; Win64; x64) AppleWebKit/537.36 (KHTML, like Gecko) Chrome/114.0.0.0 Safari/537.36"
159.223.51.105 - - [04/Dec/2025:17:04:15 +0000] "GET /wp-content/plugins/elementor/core/settings/base/ HTTP/1.1" 200 1447 "-" "Mozilla/5.0 (Macintosh; Intel Mac OS X 10_15_7) AppleWebKit/605.1.15 (KHTML, like Gecko) Version/16.4 Safari/605.1.15"
159.223.51.105 - - [04/Dec/2025:17:04:15 +0000] "GET /wp-content/plugins/elementor/core/settings/base/css-model.php HTTP/1.1" 200 5 "-" "Mozilla/5.0 (Macintosh; Intel Mac OS X 10_15_7) AppleWebKit/605.1.15 (KHTML, like Gecko) Version/16.4 Safari/605.1.15"
159.223.51.105 - - [04/Dec/2025:17:04:15 +0000] "GET /wp-content/plugins/elementor/core/settings/base/css-manager.php HTTP/1.1" 200 5 "-" "Mozilla/5.0 (iPad; CPU OS 16_4 like Mac OS X) AppleWebKit/605.1.15 (KHTML, like Gecko) Version/16.4 Mobile/15E148 Safari/604.1"
159.223.51.105 - - [04/Dec/2025:17:04:16 +0000] "GET /wp-content/plugins/elementor/core/settings/base/manager.php HTTP/1.1" 200 5 "-" "Mozilla/5.0 (Macintosh; Intel Mac OS X 10_15_7) AppleWebKit/605.1.15 (KHTML, like Gecko) Version/16.4 Safari/605.1.15"
212.2.240.147 - - [04/Dec/2025:17:04:16 +0000] "GET /wp-content/plugins/wp-mail-smtp/cache/ HTTP/1.1" 404 150485 "-" "Mozilla/5.0 (Linux; Android 7.0; SM-G892A Build/NRD90M; wv) AppleWebKit/537.36 (KHTML, like Gecko) Version/4.0 Chrome/60.0.3112.107 Mobile Safari/537.36"
159.223.51.105 - - [04/Dec/2025:17:04:16 +0000] "GET /wp-content/plugins/elementor/core/settings/base/model.php HTTP/1.1" 200 5 "-" "Mozilla/5.0 (iPad; CPU OS 16_4 like Mac OS X) AppleWebKit/605.1.15 (KHTML, like Gecko) Version/16.4 Mobile/15E148 Safari/604.1"
159.223.51.105 - - [04/Dec/2025:17:04:16 +0000] "GET /wp-content/plugins/elementor/core/kits/ HTTP/1.1" 200 1408 "-" "Mozilla/5.0 (X11; Linux x86_64) AppleWebKit/537.36 (KHTML, like Gecko) Chrome/111.0.0.0 Safari/537.36"
159.223.51.105 - - [04/Dec/2025:17:04:16 +0000] "GET /wp-content/plugins/elementor/core/kits/ HTTP/1.1" 200 1408 "-" "Mozilla/5.0 (Windows NT 10.0; Win64; x64) AppleWebKit/537.36 (KHTML, like Gecko) Chrome/114.0.0.0 Safari/537.36"
159.223.51.105 - - [04/Dec/2025:17:04:16 +0000] "GET /wp-content/plugins/elementor/core/kits/manager.php HTTP/1.1" 200 5 "-" "Mozilla/5.0 (Macintosh; Intel Mac OS X 10_15_7) AppleWebKit/605.1.15 (KHTML, like Gecko) Version/16.4 Safari/605.1.15"
159.223.51.105 - - [04/Dec/2025:17:04:17 +0000] "GET /wp-content/plugins/elementor/core/kits/controls/ HTTP/1.1" 200 903 "-" "Mozilla/5.0 (X11; Linux x86_64) AppleWebKit/537.36 (KHTML, like Gecko) Chrome/111.0.0.0 Safari/537.36"
159.223.51.105 - - [04/Dec/2025:17:04:17 +0000] "GET /wp-content/plugins/elementor/core/kits/controls/ HTTP/1.1" 200 903 "-" "Mozilla/5.0 (X11; Linux x86_64) AppleWebKit/537.36 (KHTML, like Gecko) Chrome/111.0.0.0 Safari/537.36"
212.2.240.147 - - [04/Dec/2025:17:04:17 +0000] "GET /wp-content/plugins/wp-rocket/ HTTP/1.1" 404 150485 "-" "Mozilla/5.0 (Linux; Android 7.0; SM-G892A Build/NRD90M; wv) AppleWebKit/537.36 (KHTML, like Gecko) Version/4.0 Chrome/60.0.3112.107 Mobile Safari/537.36"
159.223.51.105 - - [04/Dec/2025:17:04:17 +0000] "GET /wp-content/plugins/elementor/core/kits/controls/repeater.php HTTP/1.1" 200 5 "-" "Mozilla/5.0 (Macintosh; Intel Mac OS X 10_15_7) AppleWebKit/605.1.15 (KHTML, like Gecko) Version/16.4 Safari/605.1.15"
159.223.51.105 - - [04/Dec/2025:17:04:17 +0000] "GET /wp-content/plugins/elementor/core/kits/documents/ HTTP/1.1" 200 1073 "-" "Mozilla/5.0 (Macintosh; Intel Mac OS X 10_15_7) AppleWebKit/605.1.15 (KHTML, like Gecko) Version/16.4 Safari/605.1.15"
159.223.51.105 - - [04/Dec/2025:17:04:17 +0000] "GET /wp-content/plugins/elementor/core/kits/documents/ HTTP/1.1" 200 1073 "-" "Mozilla/5.0 (X11; Linux x86_64) AppleWebKit/537.36 (KHTML, like Gecko) Chrome/111.0.0.0 Safari/537.36"
159.223.51.105 - - [04/Dec/2025:17:04:18 +0000] "GET /wp-content/plugins/elementor/core/kits/documents/kit.php HTTP/1.1" 200 5 "-" "Mozilla/5.0 (Windows NT 10.0; Win64; x64) AppleWebKit/537.36 (KHTML, like Gecko) Chrome/110.0.0.0 Safari/537.36"
159.223.51.105 - - [04/Dec/2025:17:04:18 +0000] "GET /wp-content/plugins/elementor/core/kits/documents/tabs/ HTTP/1.1" 200 3230 "-" "Mozilla/5.0 (iPad; CPU OS 16_4 like Mac OS X) AppleWebKit/605.1.15 (KHTML, like Gecko) Version/16.4 Mobile/15E148 Safari/604.1"
212.2.240.147 - - [04/Dec/2025:17:04:18 +0000] "GET /wp-content/plugins/wp-rocket/uploads/ HTTP/1.1" 404 150485 "-" "Mozilla/5.0 (Linux; Android 7.0; SM-G892A Build/NRD90M; wv) AppleWebKit/537.36 (KHTML, like Gecko) Version/4.0 Chrome/60.0.3112.107 Mobile Safari/537.36"
159.223.51.105 - - [04/Dec/2025:17:04:18 +0000] "GET /wp-content/plugins/elementor/core/kits/documents/tabs/ HTTP/1.1" 200 3230 "-" "Mozilla/5.0 (X11; Linux x86_64) AppleWebKit/537.36 (KHTML, like Gecko) Chrome/111.0.0.0 Safari/537.36"
159.223.51.105 - - [04/Dec/2025:17:04:18 +0000] "GET /wp-content/plugins/elementor/core/kits/documents/tabs/theme-style-form-fields.php HTTP/1.1" 200 5 "-" "Mozilla/5.0 (Windows NT 10.0; Win64; x64) AppleWebKit/537.36 (KHTML, like Gecko) Chrome/110.0.0.0 Safari/537.36"
159.223.51.105 - - [04/Dec/2025:17:04:19 +0000] "GET /wp-content/plugins/elementor/core/kits/documents/tabs/global-typography.php HTTP/1.1" 200 5 "-" "Mozilla/5.0 (Macintosh; Intel Mac OS X 10_15_7) AppleWebKit/605.1.15 (KHTML, like Gecko) Version/16.4 Safari/605.1.15"
159.223.51.105 - - [04/Dec/2025:17:04:19 +0000] "GET /wp-content/plugins/elementor/core/kits/documents/tabs/settings-layout.php HTTP/1.1" 200 5 "-" "Mozilla/5.0 (Windows NT 10.0; Win64; x64) AppleWebKit/537.36 (KHTML, like Gecko) Chrome/114.0.0.0 Safari/537.36"
212.2.240.147 - - [04/Dec/2025:17:04:19 +0000] "GET /wp-content/plugins/wp-rocket/files/ HTTP/1.1" 404 150485 "-" "Mozilla/5.0 (Linux; Android 7.0; SM-G892A Build/NRD90M; wv) AppleWebKit/537.36 (KHTML, like Gecko) Version/4.0 Chrome/60.0.3112.107 Mobile Safari/537.36"
159.223.51.105 - - [04/Dec/2025:17:04:19 +0000] "GET /wp-content/plugins/elementor/core/kits/documents/tabs/theme-style-typography.php HTTP/1.1" 200 5 "-" "Mozilla/5.0 (Windows NT 10.0; Win64; x64; rv:110.0) Gecko/20100101 Firefox/110.0"
159.223.51.105 - - [04/Dec/2025:17:04:19 +0000] "GET /wp-content/plugins/elementor/core/kits/documents/tabs/settings-site-identity.php HTTP/1.1" 200 5 "-" "Mozilla/5.0 (Macintosh; Intel Mac OS X 10_15_7) AppleWebKit/605.1.15 (KHTML, like Gecko) Version/16.4 Safari/605.1.15"
159.223.51.105 - - [04/Dec/2025:17:04:20 +0000] "GET /wp-content/plugins/elementor/core/kits/documents/tabs/settings-lightbox.php HTTP/1.1" 200 5 "-" "Mozilla/5.0 (X11; Linux x86_64) AppleWebKit/537.36 (KHTML, like Gecko) Chrome/111.0.0.0 Safari/537.36"
156.245.205.14 - - [04/Dec/2025:17:04:20 +0000] "POST /public/static/admin/lib/webuploader/0.1.5/server/preview.php HTTP/1.1" 404 150528 "-" "Mozilla/5.0 AppleWebKit/601.1.46 (KHTML, like Gecko) Version/9.0"
159.223.51.105 - - [04/Dec/2025:17:04:20 +0000] "GET /wp-content/plugins/elementor/core/kits/documents/tabs/settings-custom-css.php HTTP/1.1" 200 5 "-" "Mozilla/5.0 (X11; Linux x86_64) AppleWebKit/537.36 (KHTML, like Gecko) Chrome/111.0.0.0 Safari/537.36"
159.223.51.105 - - [04/Dec/2025:17:04:20 +0000] "GET /wp-content/plugins/elementor/core/kits/documents/tabs/global-colors.php HTTP/1.1" 200 5 "-" "Mozilla/5.0 (X11; Linux x86_64) AppleWebKit/537.36 (KHTML, like Gecko) Chrome/111.0.0.0 Safari/537.36"
212.2.240.147 - - [04/Dec/2025:17:04:20 +0000] "GET /wp-content/plugins/wp-rocket/cache/ HTTP/1.1" 404 150485 "-" "Mozilla/5.0 (Linux; Android 7.0; SM-G892A Build/NRD90M; wv) AppleWebKit/537.36 (KHTML, like Gecko) Version/4.0 Chrome/60.0.3112.107 Mobile Safari/537.36"
159.223.51.105 - - [04/Dec/2025:17:04:20 +0000] "GET /wp-content/plugins/elementor/core/kits/documents/tabs/settings-page-transitions.php HTTP/1.1" 200 5 "-" "Mozilla/5.0 (X11; Linux x86_64) AppleWebKit/537.36 (KHTML, like Gecko) Chrome/111.0.0.0 Safari/537.36"
159.223.51.105 - - [04/Dec/2025:17:04:20 +0000] "GET /wp-content/plugins/elementor/core/kits/documents/tabs/theme-style-buttons.php HTTP/1.1" 200 5 "-" "Mozilla/5.0 (Windows NT 10.0; Win64; x64) AppleWebKit/537.36 (KHTML, like Gecko) Chrome/114.0.0.0 Safari/537.36"
159.223.51.105 - - [04/Dec/2025:17:04:21 +0000] "GET /wp-content/plugins/elementor/core/kits/documents/tabs/settings-background.php HTTP/1.1" 200 5 "-" "Mozilla/5.0 (Windows NT 10.0; Win64; x64) AppleWebKit/537.36 (KHTML, like Gecko) Chrome/114.0.0.0 Safari/537.36"
159.223.51.105 - - [04/Dec/2025:17:04:21 +0000] "GET /wp-content/plugins/elementor/core/kits/documents/tabs/tab-base.php HTTP/1.1" 200 5 "-" "Mozilla/5.0 (Windows NT 10.0; Win64; x64) AppleWebKit/537.36 (KHTML, like Gecko) Chrome/114.0.0.0 Safari/537.36"
159.223.51.105 - - [04/Dec/2025:17:04:21 +0000] "GET /wp-content/plugins/elementor/core/kits/documents/tabs/theme-style-images.php HTTP/1.1" 200 5 "-" "Mozilla/5.0 (Windows NT 10.0; Win64; x64; rv:110.0) Gecko/20100101 Firefox/110.0"
212.2.240.147 - - [04/Dec/2025:17:04:21 +0000] "GET /wp-content/plugins/advanced-custom-fields/ HTTP/1.1" 404 150485 "-" "Mozilla/5.0 (Linux; Android 7.0; SM-G892A Build/NRD90M; wv) AppleWebKit/537.36 (KHTML, like Gecko) Version/4.0 Chrome/60.0.3112.107 Mobile Safari/537.36"
159.223.51.105 - - [04/Dec/2025:17:04:21 +0000] "GET /wp-content/plugins/elementor/core/kits/views/ HTTP/1.1" 200 1091 "-" "Mozilla/5.0 (Windows NT 10.0; Win64; x64) AppleWebKit/537.36 (KHTML, like Gecko) Chrome/114.0.0.0 Safari/537.36"
159.223.51.105 - - [04/Dec/2025:17:04:22 +0000] "GET /wp-content/plugins/elementor/core/kits/views/ HTTP/1.1" 200 1091 "-" "Mozilla/5.0 (Windows NT 10.0; Win64; x64) AppleWebKit/537.36 (KHTML, like Gecko) Chrome/110.0.0.0 Safari/537.36"
159.223.51.105 - - [04/Dec/2025:17:04:22 +0000] "GET /wp-content/plugins/elementor/core/kits/views/panel.php HTTP/1.1" 200 883 "-" "Mozilla/5.0 (Macintosh; Intel Mac OS X 10_15_7) AppleWebKit/605.1.15 (KHTML, like Gecko) Version/16.4 Safari/605.1.15"
159.223.51.105 - - [04/Dec/2025:17:04:22 +0000] "GET /wp-content/plugins/elementor/core/kits/views/trash-kit-confirmation.php HTTP/1.1" 200 5 "-" "Mozilla/5.0 (Windows NT 10.0; Win64; x64) AppleWebKit/537.36 (KHTML, like Gecko) Chrome/114.0.0.0 Safari/537.36"
159.223.51.105 - - [04/Dec/2025:17:04:22 +0000] "GET /wp-content/plugins/elementor/core/utils/ HTTP/1.1" 200 2338 "-" "Mozilla/5.0 (iPad; CPU OS 16_4 like Mac OS X) AppleWebKit/605.1.15 (KHTML, like Gecko) Version/16.4 Mobile/15E148 Safari/604.1"
212.2.240.147 - - [04/Dec/2025:17:04:22 +0000] "GET /wp-content/plugins/advanced-custom-fields/uploads/ HTTP/1.1" 404 150485 "-" "Mozilla/5.0 (Linux; Android 7.0; SM-G892A Build/NRD90M; wv) AppleWebKit/537.36 (KHTML, like Gecko) Version/4.0 Chrome/60.0.3112.107 Mobile Safari/537.36"
159.223.51.105 - - [04/Dec/2025:17:04:22 +0000] "GET /wp-content/plugins/elementor/core/utils/ HTTP/1.1" 200 2338 "-" "Mozilla/5.0 (Windows NT 10.0; Win64; x64) AppleWebKit/537.36 (KHTML, like Gecko) Chrome/114.0.0.0 Safari/537.36"
159.223.51.105 - - [04/Dec/2025:17:04:23 +0000] "GET /wp-content/plugins/elementor/core/utils/version.php HTTP/1.1" 200 5 "-" "Mozilla/5.0 (Windows NT 10.0; Win64; x64) AppleWebKit/537.36 (KHTML, like Gecko) Chrome/114.0.0.0 Safari/537.36"
159.223.51.105 - - [04/Dec/2025:17:04:23 +0000] "GET /wp-content/plugins/elementor/core/utils/exceptions.php HTTP/1.1" 200 5 "-" "Mozilla/5.0 (Macintosh; Intel Mac OS X 10_15_7) AppleWebKit/605.1.15 (KHTML, like Gecko) Version/16.4 Safari/605.1.15"
159.223.51.105 - - [04/Dec/2025:17:04:23 +0000] "GET /wp-content/plugins/elementor/core/utils/plugins-manager.php HTTP/1.1" 200 368 "-" "Mozilla/5.0 (X11; Linux x86_64) AppleWebKit/537.36 (KHTML, like Gecko) Chrome/111.0.0.0 Safari/537.36"
212.2.240.147 - - [04/Dec/2025:17:04:23 +0000] "GET /wp-content/plugins/advanced-custom-fields/files/ HTTP/1.1" 404 150485 "-" "Mozilla/5.0 (Linux; Android 7.0; SM-G892A Build/NRD90M; wv) AppleWebKit/537.36 (KHTML, like Gecko) Version/4.0 Chrome/60.0.3112.107 Mobile Safari/537.36"
159.223.51.105 - - [04/Dec/2025:17:04:23 +0000] "GET /wp-content/plugins/elementor/core/utils/collection.php HTTP/1.1" 200 5 "-" "Mozilla/5.0 (X11; Linux x86_64) AppleWebKit/537.36 (KHTML, like Gecko) Chrome/111.0.0.0 Safari/537.36"
159.223.51.105 - - [04/Dec/2025:17:04:24 +0000] "GET /wp-content/plugins/elementor/core/utils/force-locale.php HTTP/1.1" 200 5 "-" "Mozilla/5.0 (iPad; CPU OS 16_4 like Mac OS X) AppleWebKit/605.1.15 (KHTML, like Gecko) Version/16.4 Mobile/15E148 Safari/604.1"
159.223.51.105 - - [04/Dec/2025:17:04:24 +0000] "GET /wp-content/plugins/elementor/core/utils/str.php HTTP/1.1" 200 5 "-" "Mozilla/5.0 (X11; Linux x86_64) AppleWebKit/537.36 (KHTML, like Gecko) Chrome/111.0.0.0 Safari/537.36"
159.223.51.105 - - [04/Dec/2025:17:04:24 +0000] "GET /wp-content/plugins/elementor/core/utils/static-collection.php HTTP/1.1" 200 5 "-" "Mozilla/5.0 (X11; Linux x86_64) AppleWebKit/537.36 (KHTML, like Gecko) Chrome/111.0.0.0 Safari/537.36"
159.223.51.105 - - [04/Dec/2025:17:04:24 +0000] "GET /wp-content/plugins/elementor/core/utils/http.php HTTP/1.1" 200 5 "-" "Mozilla/5.0 (X11; Linux x86_64) AppleWebKit/537.36 (KHTML, like Gecko) Chrome/111.0.0.0 Safari/537.36"
212.2.240.147 - - [04/Dec/2025:17:04:24 +0000] "GET /wp-content/plugins/advanced-custom-fields/cache/ HTTP/1.1" 404 150485 "-" "Mozilla/5.0 (Linux; Android 7.0; SM-G892A Build/NRD90M; wv) AppleWebKit/537.36 (KHTML, like Gecko) Version/4.0 Chrome/60.0.3112.107 Mobile Safari/537.36"
159.223.51.105 - - [04/Dec/2025:17:04:25 +0000] "GET /wp-content/plugins/elementor/core/utils/import-export/ HTTP/1.1" 200 1451 "-" "Mozilla/5.0 (Macintosh; Intel Mac OS X 10_15_7) AppleWebKit/605.1.15 (KHTML, like Gecko) Version/16.4 Safari/605.1.15"
159.223.51.105 - - [04/Dec/2025:17:04:25 +0000] "GET /wp-content/plugins/elementor/core/utils/import-export/ HTTP/1.1" 200 1451 "-" "Mozilla/5.0 (iPad; CPU OS 16_4 like Mac OS X) AppleWebKit/605.1.15 (KHTML, like Gecko) Version/16.4 Mobile/15E148 Safari/604.1"
159.223.51.105 - - [04/Dec/2025:17:04:25 +0000] "GET /wp-content/plugins/elementor/core/utils/import-export/url.php HTTP/1.1" 200 5 "-" "Mozilla/5.0 (Macintosh; Intel Mac OS X 10_15_7) AppleWebKit/605.1.15 (KHTML, like Gecko) Version/16.4 Safari/605.1.15"
159.223.51.105 - - [04/Dec/2025:17:04:25 +0000] "GET /wp-content/plugins/elementor/core/utils/import-export/wp-import.php HTTP/1.1" 200 5 "-" "Mozilla/5.0 (Macintosh; Intel Mac OS X 10_15_7) AppleWebKit/605.1.15 (KHTML, like Gecko) Version/16.4 Safari/605.1.15"
159.223.51.105 - - [04/Dec/2025:17:04:25 +0000] "GET /wp-content/plugins/elementor/core/utils/import-export/wp-exporter.php HTTP/1.1" 200 5 "-" "Mozilla/5.0 (Windows NT 10.0; Win64; x64; rv:110.0) Gecko/20100101 Firefox/110.0"
212.2.240.147 - - [04/Dec/2025:17:04:26 +0000] "GET /wp-content/plugins/one-click-demo-import/ HTTP/1.1" 404 150485 "-" "Mozilla/5.0 (Linux; Android 7.0; SM-G892A Build/NRD90M; wv) AppleWebKit/537.36 (KHTML, like Gecko) Version/4.0 Chrome/60.0.3112.107 Mobile Safari/537.36"
159.223.51.105 - - [04/Dec/2025:17:04:26 +0000] "GET /wp-content/plugins/elementor/core/utils/import-export/parsers/ HTTP/1.1" 200 1518 "-" "Mozilla/5.0 (Windows NT 10.0; Win64; x64; rv:110.0) Gecko/20100101 Firefox/110.0"
159.223.51.105 - - [04/Dec/2025:17:04:26 +0000] "GET /wp-content/plugins/elementor/core/utils/import-export/parsers/ HTTP/1.1" 200 1518 "-" "Mozilla/5.0 (Windows NT 10.0; Win64; x64) AppleWebKit/537.36 (KHTML, like Gecko) Chrome/110.0.0.0 Safari/537.36"
159.223.51.105 - - [04/Dec/2025:17:04:26 +0000] "GET /wp-content/plugins/elementor/core/utils/import-export/parsers/wxr-parser-regex.php HTTP/1.1" 200 5 "-" "Mozilla/5.0 (Windows NT 10.0; Win64; x64) AppleWebKit/537.36 (KHTML, like Gecko) Chrome/110.0.0.0 Safari/537.36"
159.223.51.105 - - [04/Dec/2025:17:04:26 +0000] "GET /wp-content/plugins/elementor/core/utils/import-export/parsers/wxr-parser.php HTTP/1.1" 200 5 "-" "Mozilla/5.0 (iPad; CPU OS 16_4 like Mac OS X) AppleWebKit/605.1.15 (KHTML, like Gecko) Version/16.4 Mobile/15E148 Safari/604.1"
212.2.240.147 - - [04/Dec/2025:17:04:27 +0000] "GET /wp-content/plugins/one-click-demo-import/uploads/ HTTP/1.1" 404 150485 "-" "Mozilla/5.0 (Linux; Android 7.0; SM-G892A Build/NRD90M; wv) AppleWebKit/537.36 (KHTML, like Gecko) Version/4.0 Chrome/60.0.3112.107 Mobile Safari/537.36"
159.223.51.105 - - [04/Dec/2025:17:04:27 +0000] "GET /wp-content/plugins/elementor/core/utils/import-export/parsers/wxr-parser-xml.php HTTP/1.1" 200 5 "-" "Mozilla/5.0 (iPad; CPU OS 16_4 like Mac OS X) AppleWebKit/605.1.15 (KHTML, like Gecko) Version/16.4 Mobile/15E148 Safari/604.1"
159.223.51.105 - - [04/Dec/2025:17:04:27 +0000] "GET /wp-content/plugins/elementor/core/utils/import-export/parsers/wxr-parser-simple-xml.php HTTP/1.1" 200 5 "-" "Mozilla/5.0 (X11; Linux x86_64) AppleWebKit/537.36 (KHTML, like Gecko) Chrome/111.0.0.0 Safari/537.36"
159.223.51.105 - - [04/Dec/2025:17:04:27 +0000] "GET /wp-content/plugins/elementor/core/app/ HTTP/1.1" 200 1049 "-" "Mozilla/5.0 (iPad; CPU OS 16_4 like Mac OS X) AppleWebKit/605.1.15 (KHTML, like Gecko) Version/16.4 Mobile/15E148 Safari/604.1"
159.223.51.105 - - [04/Dec/2025:17:04:27 +0000] "GET /wp-content/plugins/elementor/core/app/ HTTP/1.1" 200 1049 "-" "Mozilla/5.0 (X11; Linux x86_64) AppleWebKit/537.36 (KHTML, like Gecko) Chrome/111.0.0.0 Safari/537.36"
159.223.51.105 - - [04/Dec/2025:17:04:28 +0000] "GET /wp-content/plugins/elementor/core/app/app.php HTTP/1.1" 200 5 "-" "Mozilla/5.0 (Windows NT 10.0; Win64; x64) AppleWebKit/537.36 (KHTML, like Gecko) Chrome/114.0.0.0 Safari/537.36"
212.2.240.147 - - [04/Dec/2025:17:04:28 +0000] "GET /wp-content/plugins/one-click-demo-import/files/ HTTP/1.1" 404 150485 "-" "Mozilla/5.0 (Linux; Android 7.0; SM-G892A Build/NRD90M; wv) AppleWebKit/537.36 (KHTML, like Gecko) Version/4.0 Chrome/60.0.3112.107 Mobile Safari/537.36"
159.223.51.105 - - [04/Dec/2025:17:04:28 +0000] "GET /wp-content/plugins/elementor/core/app/modules/ HTTP/1.1" 200 1259 "-" "Mozilla/5.0 (Macintosh; Intel Mac OS X 10_15_7) AppleWebKit/605.1.15 (KHTML, like Gecko) Version/16.4 Safari/605.1.15"
159.223.51.105 - - [04/Dec/2025:17:04:28 +0000] "GET /wp-content/plugins/elementor/core/app/modules/ HTTP/1.1" 200 1259 "-" "Mozilla/5.0 (X11; Linux x86_64) AppleWebKit/537.36 (KHTML, like Gecko) Chrome/111.0.0.0 Safari/537.36"
159.223.51.105 - - [04/Dec/2025:17:04:28 +0000] "GET /wp-content/plugins/elementor/core/app/modules/onboarding/ HTTP/1.1" 200 926 "-" "Mozilla/5.0 (iPad; CPU OS 16_4 like Mac OS X) AppleWebKit/605.1.15 (KHTML, like Gecko) Version/16.4 Mobile/15E148 Safari/604.1"
159.223.51.105 - - [04/Dec/2025:17:04:28 +0000] "GET /wp-content/plugins/elementor/core/app/modules/onboarding/ HTTP/1.1" 200 926 "-" "Mozilla/5.0 (X11; Linux x86_64) AppleWebKit/537.36 (KHTML, like Gecko) Chrome/111.0.0.0 Safari/537.36"
159.223.51.105 - - [04/Dec/2025:17:04:29 +0000] "GET /wp-content/plugins/elementor/core/app/modules/onboarding/module.php HTTP/1.1" 200 5 "-" "Mozilla/5.0 (X11; Linux x86_64) AppleWebKit/537.36 (KHTML, like Gecko) Chrome/111.0.0.0 Safari/537.36"
212.2.240.147 - - [04/Dec/2025:17:04:29 +0000] "GET /wp-content/plugins/one-click-demo-import/cache/ HTTP/1.1" 404 150485 "-" "Mozilla/5.0 (Linux; Android 7.0; SM-G892A Build/NRD90M; wv) AppleWebKit/537.36 (KHTML, like Gecko) Version/4.0 Chrome/60.0.3112.107 Mobile Safari/537.36"
159.223.51.105 - - [04/Dec/2025:17:04:29 +0000] "GET /wp-content/plugins/elementor/core/app/modules/kit-library/ HTTP/1.1" 200 1104 "-" "Mozilla/5.0 (Windows NT 10.0; Win64; x64) AppleWebKit/537.36 (KHTML, like Gecko) Chrome/110.0.0.0 Safari/537.36"
159.223.51.105 - - [04/Dec/2025:17:04:29 +0000] "GET /wp-content/plugins/elementor/core/app/modules/kit-library/ HTTP/1.1" 200 1104 "-" "Mozilla/5.0 (X11; Linux x86_64) AppleWebKit/537.36 (KHTML, like Gecko) Chrome/111.0.0.0 Safari/537.36"
159.223.51.105 - - [04/Dec/2025:17:04:30 +0000] "GET /wp-content/plugins/elementor/core/app/modules/kit-library/module.php HTTP/1.1" 200 5 "-" "Mozilla/5.0 (Windows NT 10.0; Win64; x64; rv:110.0) Gecko/20100101 Firefox/110.0"
212.2.240.147 - - [04/Dec/2025:17:04:30 +0000] "GET /wp-content/plugins/all-in-one-seo-pack/ HTTP/1.1" 404 150485 "-" "Mozilla/5.0 (Linux; Android 7.0; SM-G892A Build/NRD90M; wv) AppleWebKit/537.36 (KHTML, like Gecko) Version/4.0 Chrome/60.0.3112.107 Mobile Safari/537.36"
159.223.51.105 - - [04/Dec/2025:17:04:30 +0000] "GET /wp-content/plugins/elementor/core/app/modules/kit-library/connect/ HTTP/1.1" 200 961 "-" "Mozilla/5.0 (Macintosh; Intel Mac OS X 10_15_7) AppleWebKit/605.1.15 (KHTML, like Gecko) Version/16.4 Safari/605.1.15"
159.223.51.105 - - [04/Dec/2025:17:04:30 +0000] "GET /wp-content/plugins/elementor/core/app/modules/kit-library/connect/ HTTP/1.1" 200 961 "-" "Mozilla/5.0 (Macintosh; Intel Mac OS X 10_15_7) AppleWebKit/605.1.15 (KHTML, like Gecko) Version/16.4 Safari/605.1.15"
159.223.51.105 - - [04/Dec/2025:17:04:30 +0000] "GET /wp-content/plugins/elementor/core/app/modules/kit-library/connect/kit-library.php HTTP/1.1" 200 5 "-" "Mozilla/5.0 (Windows NT 10.0; Win64; x64) AppleWebKit/537.36 (KHTML, like Gecko) Chrome/114.0.0.0 Safari/537.36"
159.223.51.105 - - [04/Dec/2025:17:04:31 +0000] "GET /wp-content/plugins/elementor/core/app/modules/import-export/ HTTP/1.1" 200 932 "-" "Mozilla/5.0 (X11; Linux x86_64) AppleWebKit/537.36 (KHTML, like Gecko) Chrome/111.0.0.0 Safari/537.36"
159.223.51.105 - - [04/Dec/2025:17:04:31 +0000] "GET /wp-content/plugins/elementor/core/app/modules/import-export/ HTTP/1.1" 200 932 "-" "Mozilla/5.0 (iPad; CPU OS 16_4 like Mac OS X) AppleWebKit/605.1.15 (KHTML, like Gecko) Version/16.4 Mobile/15E148 Safari/604.1"
156.245.205.14 - - [04/Dec/2025:17:04:31 +0000] "POST /Public/webuploader/0.1.5/server/preview.php HTTP/1.1" 404 150528 "-" "Mozilla/5.0 AppleWebKit/601.1.46 (KHTML, like Gecko) Version/9.0"
212.2.240.147 - - [04/Dec/2025:17:04:31 +0000] "GET /wp-content/plugins/all-in-one-seo-pack/uploads/ HTTP/1.1" 404 150485 "-" "Mozilla/5.0 (Linux; Android 7.0; SM-G892A Build/NRD90M; wv) AppleWebKit/537.36 (KHTML, like Gecko) Version/4.0 Chrome/60.0.3112.107 Mobile Safari/537.36"
159.223.51.105 - - [04/Dec/2025:17:04:31 +0000] "GET /wp-content/plugins/elementor/core/app/modules/import-export/module.php HTTP/1.1" 200 5 "-" "Mozilla/5.0 (Windows NT 10.0; Win64; x64; rv:110.0) Gecko/20100101 Firefox/110.0"
159.223.51.105 - - [04/Dec/2025:17:04:31 +0000] "GET /wp-content/plugins/elementor/core/editor/ HTTP/1.1" 200 1966 "-" "Mozilla/5.0 (Windows NT 10.0; Win64; x64; rv:110.0) Gecko/20100101 Firefox/110.0"
159.223.51.105 - - [04/Dec/2025:17:04:31 +0000] "GET /wp-content/plugins/elementor/core/editor/ HTTP/1.1" 200 1966 "-" "Mozilla/5.0 (Windows NT 10.0; Win64; x64) AppleWebKit/537.36 (KHTML, like Gecko) Chrome/114.0.0.0 Safari/537.36"
159.223.51.105 - - [04/Dec/2025:17:04:32 +0000] "GET /wp-content/plugins/elementor/core/editor/promotion.php HTTP/1.1" 200 5 "-" "Mozilla/5.0 (Windows NT 10.0; Win64; x64) AppleWebKit/537.36 (KHTML, like Gecko) Chrome/110.0.0.0 Safari/537.36"
159.223.51.105 - - [04/Dec/2025:17:04:32 +0000] "GET /wp-content/plugins/elementor/core/editor/notice-bar.php HTTP/1.1" 200 5 "-" "Mozilla/5.0 (X11; Linux x86_64) AppleWebKit/537.36 (KHTML, like Gecko) Chrome/111.0.0.0 Safari/537.36"
212.2.240.147 - - [04/Dec/2025:17:04:32 +0000] "GET /wp-content/plugins/all-in-one-seo-pack/files/ HTTP/1.1" 404 150485 "-" "Mozilla/5.0 (Linux; Android 7.0; SM-G892A Build/NRD90M; wv) AppleWebKit/537.36 (KHTML, like Gecko) Version/4.0 Chrome/60.0.3112.107 Mobile Safari/537.36"
159.223.51.105 - - [04/Dec/2025:17:04:32 +0000] "GET /wp-content/plugins/elementor/core/editor/editor-loader.php HTTP/1.1" 200 5 "-" "Mozilla/5.0 (iPad; CPU OS 16_4 like Mac OS X) AppleWebKit/605.1.15 (KHTML, like Gecko) Version/16.4 Mobile/15E148 Safari/604.1"
159.223.51.105 - - [04/Dec/2025:17:04:32 +0000] "GET /wp-content/plugins/elementor/core/editor/editor.php HTTP/1.1" 200 5 "-" "Mozilla/5.0 (Windows NT 10.0; Win64; x64) AppleWebKit/537.36 (KHTML, like Gecko) Chrome/114.0.0.0 Safari/537.36"
159.223.51.105 - - [04/Dec/2025:17:04:33 +0000] "GET /wp-content/plugins/elementor/core/editor/templates/ HTTP/1.1" 200 1113 "-" "Mozilla/5.0 (Windows NT 10.0; Win64; x64) AppleWebKit/537.36 (KHTML, like Gecko) Chrome/114.0.0.0 Safari/537.36"
159.223.51.105 - - [04/Dec/2025:17:04:33 +0000] "GET /wp-content/plugins/elementor/core/editor/templates/ HTTP/1.1" 200 1113 "-" "Mozilla/5.0 (Macintosh; Intel Mac OS X 10_15_7) AppleWebKit/605.1.15 (KHTML, like Gecko) Version/16.4 Safari/605.1.15"
159.223.51.105 - - [04/Dec/2025:17:04:33 +0000] "GET /wp-content/plugins/elementor/core/editor/templates/editor-body-v1.view.php HTTP/1.1" 200 5 "-" "Mozilla/5.0 (Windows NT 10.0; Win64; x64; rv:110.0) Gecko/20100101 Firefox/110.0"
212.2.240.147 - - [04/Dec/2025:17:04:33 +0000] "GET /wp-content/plugins/all-in-one-seo-pack/cache/ HTTP/1.1" 404 150485 "-" "Mozilla/5.0 (Linux; Android 7.0; SM-G892A Build/NRD90M; wv) AppleWebKit/537.36 (KHTML, like Gecko) Version/4.0 Chrome/60.0.3112.107 Mobile Safari/537.36"
159.223.51.105 - - [04/Dec/2025:17:04:33 +0000] "GET /wp-content/plugins/elementor/core/editor/templates/editor-body-v2.view.php HTTP/1.1" 200 5 "-" "Mozilla/5.0 (Macintosh; Intel Mac OS X 10_15_7) AppleWebKit/605.1.15 (KHTML, like Gecko) Version/16.4 Safari/605.1.15"
159.223.51.105 - - [04/Dec/2025:17:04:34 +0000] "GET /wp-content/plugins/elementor/core/editor/config-providers/ HTTP/1.1" 200 1738 "-" "Mozilla/5.0 (Windows NT 10.0; Win64; x64) AppleWebKit/537.36 (KHTML, like Gecko) Chrome/110.0.0.0 Safari/537.36"
159.223.51.105 - - [04/Dec/2025:17:04:34 +0000] "GET /wp-content/plugins/elementor/core/editor/config-providers/ HTTP/1.1" 200 1738 "-" "Mozilla/5.0 (Windows NT 10.0; Win64; x64; rv:110.0) Gecko/20100101 Firefox/110.0"
159.223.51.105 - - [04/Dec/2025:17:04:34 +0000] "GET /wp-content/plugins/elementor/core/editor/config-providers/config-provider-interface.php HTTP/1.1" 200 5 "-" "Mozilla/5.0 (Macintosh; Intel Mac OS X 10_15_7) AppleWebKit/605.1.15 (KHTML, like Gecko) Version/16.4 Safari/605.1.15"
159.223.51.105 - - [04/Dec/2025:17:04:34 +0000] "GET /wp-content/plugins/elementor/core/editor/config-providers/config-provider-factory.php HTTP/1.1" 200 5 "-" "Mozilla/5.0 (Windows NT 10.0; Win64; x64; rv:110.0) Gecko/20100101 Firefox/110.0"
212.2.240.147 - - [04/Dec/2025:17:04:34 +0000] "GET /wp-content/plugins/custom-post-type-ui/ HTTP/1.1" 404 150485 "-" "Mozilla/5.0 (Linux; Android 7.0; SM-G892A Build/NRD90M; wv) AppleWebKit/537.36 (KHTML, like Gecko) Version/4.0 Chrome/60.0.3112.107 Mobile Safari/537.36"
159.223.51.105 - - [04/Dec/2025:17:04:34 +0000] "GET /wp-content/plugins/elementor/core/editor/config-providers/editor-common-assets.php HTTP/1.1" 200 5 "-" "Mozilla/5.0 (Macintosh; Intel Mac OS X 10_15_7) AppleWebKit/605.1.15 (KHTML, like Gecko) Version/16.4 Safari/605.1.15"
159.223.51.105 - - [04/Dec/2025:17:04:35 +0000] "GET /wp-content/plugins/elementor/core/editor/config-providers/editor-v1-config-provider.php HTTP/1.1" 200 5 "-" "Mozilla/5.0 (Windows NT 10.0; Win64; x64; rv:110.0) Gecko/20100101 Firefox/110.0"
159.223.51.105 - - [04/Dec/2025:17:04:35 +0000] "GET /wp-content/plugins/elementor/core/editor/config-providers/editor-v2-config-provider.php HTTP/1.1" 200 5 "-" "Mozilla/5.0 (Windows NT 10.0; Win64; x64; rv:110.0) Gecko/20100101 Firefox/110.0"
159.223.51.105 - - [04/Dec/2025:17:04:35 +0000] "GET /wp-content/plugins/elementor/core/editor/data/ HTTP/1.1" 200 897 "-" "Mozilla/5.0 (Windows NT 10.0; Win64; x64) AppleWebKit/537.36 (KHTML, like Gecko) Chrome/110.0.0.0 Safari/537.36"
159.223.51.105 - - [04/Dec/2025:17:04:35 +0000] "GET /wp-content/plugins/elementor/core/editor/data/ HTTP/1.1" 200 897 "-" "Mozilla/5.0 (iPad; CPU OS 16_4 like Mac OS X) AppleWebKit/605.1.15 (KHTML, like Gecko) Version/16.4 Mobile/15E148 Safari/604.1"
212.2.240.147 - - [04/Dec/2025:17:04:35 +0000] "GET /wp-content/plugins/custom-post-type-ui/uploads/ HTTP/1.1" 404 150485 "-" "Mozilla/5.0 (Linux; Android 7.0; SM-G892A Build/NRD90M; wv) AppleWebKit/537.36 (KHTML, like Gecko) Version/4.0 Chrome/60.0.3112.107 Mobile Safari/537.36"
159.223.51.105 - - [04/Dec/2025:17:04:36 +0000] "GET /wp-content/plugins/elementor/core/editor/data/globals/ HTTP/1.1" 200 1102 "-" "Mozilla/5.0 (iPad; CPU OS 16_4 like Mac OS X) AppleWebKit/605.1.15 (KHTML, like Gecko) Version/16.4 Mobile/15E148 Safari/604.1"
159.223.51.105 - - [04/Dec/2025:17:04:36 +0000] "GET /wp-content/plugins/elementor/core/editor/data/globals/ HTTP/1.1" 200 1102 "-" "Mozilla/5.0 (Windows NT 10.0; Win64; x64) AppleWebKit/537.36 (KHTML, like Gecko) Chrome/114.0.0.0 Safari/537.36"
159.223.51.105 - - [04/Dec/2025:17:04:36 +0000] "GET /wp-content/plugins/elementor/core/editor/data/globals/controller.php HTTP/1.1" 200 388 "-" "Mozilla/5.0 (Macintosh; Intel Mac OS X 10_15_7) AppleWebKit/605.1.15 (KHTML, like Gecko) Version/16.4 Safari/605.1.15"
159.223.51.105 - - [04/Dec/2025:17:04:36 +0000] "GET /wp-content/plugins/elementor/core/editor/data/globals/endpoints/ HTTP/1.1" 200 1306 "-" "Mozilla/5.0 (X11; Linux x86_64) AppleWebKit/537.36 (KHTML, like Gecko) Chrome/111.0.0.0 Safari/537.36"
159.223.51.105 - - [04/Dec/2025:17:04:36 +0000] "GET /wp-content/plugins/elementor/core/editor/data/globals/endpoints/ HTTP/1.1" 200 1306 "-" "Mozilla/5.0 (Windows NT 10.0; Win64; x64) AppleWebKit/537.36 (KHTML, like Gecko) Chrome/114.0.0.0 Safari/537.36"
212.2.240.147 - - [04/Dec/2025:17:04:37 +0000] "GET /wp-content/plugins/custom-post-type-ui/files/ HTTP/1.1" 404 150485 "-" "Mozilla/5.0 (Linux; Android 7.0; SM-G892A Build/NRD90M; wv) AppleWebKit/537.36 (KHTML, like Gecko) Version/4.0 Chrome/60.0.3112.107 Mobile Safari/537.36"
159.223.51.105 - - [04/Dec/2025:17:04:37 +0000] "GET /wp-content/plugins/elementor/core/editor/data/globals/endpoints/colors.php HTTP/1.1" 200 416 "-" "Mozilla/5.0 (Windows NT 10.0; Win64; x64; rv:110.0) Gecko/20100101 Firefox/110.0"
159.223.51.105 - - [04/Dec/2025:17:04:37 +0000] "GET /wp-content/plugins/elementor/core/editor/data/globals/endpoints/base.php HTTP/1.1" 200 394 "-" "Mozilla/5.0 (Macintosh; Intel Mac OS X 10_15_7) AppleWebKit/605.1.15 (KHTML, like Gecko) Version/16.4 Safari/605.1.15"
156.245.205.14 - - [04/Dec/2025:17:04:37 +0000] "POST /static/lib/webuploader/0.1.5/server/preview.php HTTP/1.1" 404 150528 "-" "Mozilla/5.0 AppleWebKit/601.1.46 (KHTML, like Gecko) Version/9.0"
159.223.51.105 - - [04/Dec/2025:17:04:37 +0000] "GET /wp-content/plugins/elementor/core/editor/data/globals/endpoints/typography.php HTTP/1.1" 200 424 "-" "Mozilla/5.0 (Windows NT 10.0; Win64; x64) AppleWebKit/537.36 (KHTML, like Gecko) Chrome/114.0.0.0 Safari/537.36"
159.223.51.105 - - [04/Dec/2025:17:04:37 +0000] "GET /wp-content/plugins/elementor/core/dynamic-tags/ HTTP/1.1" 200 1613 "-" "Mozilla/5.0 (iPad; CPU OS 16_4 like Mac OS X) AppleWebKit/605.1.15 (KHTML, like Gecko) Version/16.4 Mobile/15E148 Safari/604.1"
159.223.51.105 - - [04/Dec/2025:17:04:38 +0000] "GET /wp-content/plugins/elementor/core/dynamic-tags/ HTTP/1.1" 200 1613 "-" "Mozilla/5.0 (Windows NT 10.0; Win64; x64) AppleWebKit/537.36 (KHTML, like Gecko) Chrome/110.0.0.0 Safari/537.36"
212.2.240.147 - - [04/Dec/2025:17:04:38 +0000] "GET /wp-content/plugins/custom-post-type-ui/cache/ HTTP/1.1" 404 150485 "-" "Mozilla/5.0 (Linux; Android 7.0; SM-G892A Build/NRD90M; wv) AppleWebKit/537.36 (KHTML, like Gecko) Version/4.0 Chrome/60.0.3112.107 Mobile Safari/537.36"
159.223.51.105 - - [04/Dec/2025:17:04:38 +0000] "GET /wp-content/plugins/elementor/core/dynamic-tags/manager.php HTTP/1.1" 200 5 "-" "Mozilla/5.0 (Windows NT 10.0; Win64; x64) AppleWebKit/537.36 (KHTML, like Gecko) Chrome/110.0.0.0 Safari/537.36"
159.223.51.105 - - [04/Dec/2025:17:04:38 +0000] "GET /wp-content/plugins/elementor/core/dynamic-tags/data-tag.php HTTP/1.1" 200 5 "-" "Mozilla/5.0 (iPad; CPU OS 16_4 like Mac OS X) AppleWebKit/605.1.15 (KHTML, like Gecko) Version/16.4 Mobile/15E148 Safari/604.1"
159.223.51.105 - - [04/Dec/2025:17:04:38 +0000] "GET /wp-content/plugins/elementor/core/dynamic-tags/base-tag.php HTTP/1.1" 200 5 "-" "Mozilla/5.0 (iPad; CPU OS 16_4 like Mac OS X) AppleWebKit/605.1.15 (KHTML, like Gecko) Version/16.4 Mobile/15E148 Safari/604.1"
159.223.51.105 - - [04/Dec/2025:17:04:39 +0000] "GET /wp-content/plugins/elementor/core/dynamic-tags/tag.php HTTP/1.1" 200 5 "-" "Mozilla/5.0 (Windows NT 10.0; Win64; x64; rv:110.0) Gecko/20100101 Firefox/110.0"
159.223.51.105 - - [04/Dec/2025:17:04:39 +0000] "GET /wp-content/plugins/elementor/core/dynamic-tags/dynamic-css.php HTTP/1.1" 200 5 "-" "Mozilla/5.0 (Windows NT 10.0; Win64; x64; rv:110.0) Gecko/20100101 Firefox/110.0"
212.2.240.147 - - [04/Dec/2025:17:04:39 +0000] "GET /wp-content/plugins/wp-database-backup/ HTTP/1.1" 404 150485 "-" "Mozilla/5.0 (Linux; Android 7.0; SM-G892A Build/NRD90M; wv) AppleWebKit/537.36 (KHTML, like Gecko) Version/4.0 Chrome/60.0.3112.107 Mobile Safari/537.36"
159.223.51.105 - - [04/Dec/2025:17:04:40 +0000] "GET /wp-content/plugins/contact-form-7/ HTTP/1.1" 404 136875 "-" "Mozilla/5.0 (X11; Linux x86_64) AppleWebKit/537.36 (KHTML, like Gecko) Chrome/111.0.0.0 Safari/537.36"
212.2.240.147 - - [04/Dec/2025:17:04:40 +0000] "GET /wp-content/plugins/wp-database-backup/uploads/ HTTP/1.1" 404 150485 "-" "Mozilla/5.0 (Linux; Android 7.0; SM-G892A Build/NRD90M; wv) AppleWebKit/537.36 (KHTML, like Gecko) Version/4.0 Chrome/60.0.3112.107 Mobile Safari/537.36"
159.223.51.105 - - [04/Dec/2025:17:04:40 +0000] "GET /wp-content/themes/twentytwentythree/ HTTP/1.1" 200 2272 "-" "Mozilla/5.0 (X11; Linux x86_64) AppleWebKit/537.36 (KHTML, like Gecko) Chrome/111.0.0.0 Safari/537.36"
159.223.51.105 - - [04/Dec/2025:17:04:40 +0000] "GET /wp-content/themes/twentytwentythree/ HTTP/1.1" 200 2272 "-" "Mozilla/5.0 (Windows NT 10.0; Win64; x64) AppleWebKit/537.36 (KHTML, like Gecko) Chrome/114.0.0.0 Safari/537.36"
159.223.51.105 - - [04/Dec/2025:17:04:40 +0000] "GET /wp-content/themes/twentytwentythree/templates/ HTTP/1.1" 200 1366 "-" "Mozilla/5.0 (X11; Linux x86_64) AppleWebKit/537.36 (KHTML, like Gecko) Chrome/111.0.0.0 Safari/537.36"
159.223.51.105 - - [04/Dec/2025:17:04:41 +0000] "GET /wp-content/themes/ HTTP/1.1" 200 5 "-" "Mozilla/5.0 (X11; Linux x86_64) AppleWebKit/537.36 (KHTML, like Gecko) Chrome/111.0.0.0 Safari/537.36"
159.223.51.105 - - [04/Dec/2025:17:04:41 +0000] "GET /wp-content/themes/twentytwentythree/styles/ HTTP/1.1" 200 2515 "-" "Mozilla/5.0 (Windows NT 10.0; Win64; x64) AppleWebKit/537.36 (KHTML, like Gecko) Chrome/114.0.0.0 Safari/537.36"
212.2.240.147 - - [04/Dec/2025:17:04:41 +0000] "GET /wp-content/plugins/wp-database-backup/files/ HTTP/1.1" 404 150485 "-" "Mozilla/5.0 (Linux; Android 7.0; SM-G892A Build/NRD90M; wv) AppleWebKit/537.36 (KHTML, like Gecko) Version/4.0 Chrome/60.0.3112.107 Mobile Safari/537.36"
159.223.51.105 - - [04/Dec/2025:17:04:41 +0000] "GET /wp-content/themes/twentytwentythree/styles/ HTTP/1.1" 200 2515 "-" "Mozilla/5.0 (iPad; CPU OS 16_4 like Mac OS X) AppleWebKit/605.1.15 (KHTML, like Gecko) Version/16.4 Mobile/15E148 Safari/604.1"
159.223.51.105 - - [04/Dec/2025:17:04:41 +0000] "GET /wp-content/themes/twentytwentythree/patterns/ HTTP/1.1" 200 1825 "-" "Mozilla/5.0 (Windows NT 10.0; Win64; x64; rv:110.0) Gecko/20100101 Firefox/110.0"
159.223.51.105 - - [04/Dec/2025:17:04:41 +0000] "GET /wp-content/themes/twentytwentythree/patterns/ HTTP/1.1" 200 1825 "-" "Mozilla/5.0 (Macintosh; Intel Mac OS X 10_15_7) AppleWebKit/605.1.15 (KHTML, like Gecko) Version/16.4 Safari/605.1.15"
159.223.51.105 - - [04/Dec/2025:17:04:42 +0000] "GET /wp-content/themes/twentytwentythree/patterns/call-to-action.php HTTP/1.1" 200 637 "-" "Mozilla/5.0 (Windows NT 10.0; Win64; x64) AppleWebKit/537.36 (KHTML, like Gecko) Chrome/114.0.0.0 Safari/537.36"
159.223.51.105 - - [04/Dec/2025:17:04:42 +0000] "GET /wp-content/themes/twentytwentythree/patterns/hidden-comments.php HTTP/1.1" 200 882 "-" "Mozilla/5.0 (Macintosh; Intel Mac OS X 10_15_7) AppleWebKit/605.1.15 (KHTML, like Gecko) Version/16.4 Safari/605.1.15"
212.2.240.147 - - [04/Dec/2025:17:04:42 +0000] "GET /wp-content/plugins/wp-database-backup/cache/ HTTP/1.1" 404 150485 "-" "Mozilla/5.0 (Linux; Android 7.0; SM-G892A Build/NRD90M; wv) AppleWebKit/537.36 (KHTML, like Gecko) Version/4.0 Chrome/60.0.3112.107 Mobile Safari/537.36"
159.223.51.105 - - [04/Dec/2025:17:04:42 +0000] "GET /wp-content/themes/twentytwentythree/patterns/hidden-404.php HTTP/1.1" 200 604 "-" "Mozilla/5.0 (Windows NT 10.0; Win64; x64; rv:110.0) Gecko/20100101 Firefox/110.0"
159.223.51.105 - - [04/Dec/2025:17:04:42 +0000] "GET /wp-content/themes/twentytwentythree/patterns/hidden-no-results.php HTTP/1.1" 200 390 "-" "Mozilla/5.0 (iPad; CPU OS 16_4 like Mac OS X) AppleWebKit/605.1.15 (KHTML, like Gecko) Version/16.4 Mobile/15E148 Safari/604.1"
159.223.51.105 - - [04/Dec/2025:17:04:43 +0000] "GET /wp-content/themes/twentytwentythree/patterns/footer-default.php HTTP/1.1" 200 805 "-" "Mozilla/5.0 (Macintosh; Intel Mac OS X 10_15_7) AppleWebKit/605.1.15 (KHTML, like Gecko) Version/16.4 Safari/605.1.15"
159.223.51.105 - - [04/Dec/2025:17:04:43 +0000] "GET /wp-content/themes/twentytwentythree/patterns/post-meta.php HTTP/1.1" 200 1373 "-" "Mozilla/5.0 (iPad; CPU OS 16_4 like Mac OS X) AppleWebKit/605.1.15 (KHTML, like Gecko) Version/16.4 Mobile/15E148 Safari/604.1"
212.2.240.147 - - [04/Dec/2025:17:04:43 +0000] "GET /wp-content/plugins/really-simple-ssl/ HTTP/1.1" 404 150485 "-" "Mozilla/5.0 (Linux; Android 7.0; SM-G892A Build/NRD90M; wv) AppleWebKit/537.36 (KHTML, like Gecko) Version/4.0 Chrome/60.0.3112.107 Mobile Safari/537.36"
159.223.51.105 - - [04/Dec/2025:17:04:43 +0000] "GET /wp-content/themes/twentytwentythree/assets/ HTTP/1.1" 200 884 "-" "Mozilla/5.0 (Windows NT 10.0; Win64; x64; rv:110.0) Gecko/20100101 Firefox/110.0"
159.223.51.105 - - [04/Dec/2025:17:04:43 +0000] "GET /wp-content/themes/twentytwentythree/assets/ HTTP/1.1" 200 884 "-" "Mozilla/5.0 (Windows NT 10.0; Win64; x64) AppleWebKit/537.36 (KHTML, like Gecko) Chrome/110.0.0.0 Safari/537.36"
159.223.51.105 - - [04/Dec/2025:17:04:44 +0000] "GET /wp-content/themes/twentytwentythree/assets/fonts/ HTTP/1.1" 200 1446 "-" "Mozilla/5.0 (Windows NT 10.0; Win64; x64; rv:110.0) Gecko/20100101 Firefox/110.0"
159.223.51.105 - - [04/Dec/2025:17:04:44 +0000] "GET /wp-content/themes/twentytwentythree/assets/fonts/ HTTP/1.1" 200 1446 "-" "Mozilla/5.0 (X11; Linux x86_64) AppleWebKit/537.36 (KHTML, like Gecko) Chrome/111.0.0.0 Safari/537.36"
159.223.51.105 - - [04/Dec/2025:17:04:44 +0000] "GET /wp-content/themes/twentytwentythree/assets/fonts/inter/ HTTP/1.1" 200 1129 "-" "Mozilla/5.0 (Windows NT 10.0; Win64; x64) AppleWebKit/537.36 (KHTML, like Gecko) Chrome/110.0.0.0 Safari/537.36"
159.223.51.105 - - [04/Dec/2025:17:04:44 +0000] "GET /wp-content/themes/twentytwentythree/assets/fonts/inter/ HTTP/1.1" 200 1129 "-" "Mozilla/5.0 (Macintosh; Intel Mac OS X 10_15_7) AppleWebKit/605.1.15 (KHTML, like Gecko) Version/16.4 Safari/605.1.15"
212.2.240.147 - - [04/Dec/2025:17:04:44 +0000] "GET /wp-content/plugins/really-simple-ssl/uploads/ HTTP/1.1" 404 150485 "-" "Mozilla/5.0 (Linux; Android 7.0; SM-G892A Build/NRD90M; wv) AppleWebKit/537.36 (KHTML, like Gecko) Version/4.0 Chrome/60.0.3112.107 Mobile Safari/537.36"
159.223.51.105 - - [04/Dec/2025:17:04:44 +0000] "GET /wp-content/themes/twentytwentythree/assets/fonts/dm-sans/ HTTP/1.1" 200 1696 "-" "Mozilla/5.0 (Windows NT 10.0; Win64; x64) AppleWebKit/537.36 (KHTML, like Gecko) Chrome/114.0.0.0 Safari/537.36"
159.223.51.105 - - [04/Dec/2025:17:04:45 +0000] "GET /wp-content/themes/twentytwentythree/assets/fonts/dm-sans/ HTTP/1.1" 200 1696 "-" "Mozilla/5.0 (Windows NT 10.0; Win64; x64) AppleWebKit/537.36 (KHTML, like Gecko) Chrome/114.0.0.0 Safari/537.36"
159.223.51.105 - - [04/Dec/2025:17:04:45 +0000] "GET /wp-content/themes/twentytwentythree/assets/fonts/ibm-plex-mono/ HTTP/1.1" 200 1710 "-" "Mozilla/5.0 (X11; Linux x86_64) AppleWebKit/537.36 (KHTML, like Gecko) Chrome/111.0.0.0 Safari/537.36"
159.223.51.105 - - [04/Dec/2025:17:04:45 +0000] "GET /wp-content/themes/twentytwentythree/assets/fonts/ibm-plex-mono/ HTTP/1.1" 200 1710 "-" "Mozilla/5.0 (Windows NT 10.0; Win64; x64; rv:110.0) Gecko/20100101 Firefox/110.0"
212.2.240.147 - - [04/Dec/2025:17:04:45 +0000] "GET /wp-content/plugins/really-simple-ssl/files/ HTTP/1.1" 404 150485 "-" "Mozilla/5.0 (Linux; Android 7.0; SM-G892A Build/NRD90M; wv) AppleWebKit/537.36 (KHTML, like Gecko) Version/4.0 Chrome/60.0.3112.107 Mobile Safari/537.36"
159.223.51.105 - - [04/Dec/2025:17:04:45 +0000] "GET /wp-content/themes/twentytwentythree/assets/fonts/source-serif-pro/ HTTP/1.1" 200 1777 "-" "Mozilla/5.0 (Macintosh; Intel Mac OS X 10_15_7) AppleWebKit/605.1.15 (KHTML, like Gecko) Version/16.4 Safari/605.1.15"
159.223.51.105 - - [04/Dec/2025:17:04:45 +0000] "GET /wp-content/themes/twentytwentythree/assets/fonts/source-serif-pro/ HTTP/1.1" 200 1777 "-" "Mozilla/5.0 (X11; Linux x86_64) AppleWebKit/537.36 (KHTML, like Gecko) Chrome/111.0.0.0 Safari/537.36"
159.223.51.105 - - [04/Dec/2025:17:04:46 +0000] "GET /wp-content/themes/twentytwentythree/parts/ HTTP/1.1" 200 1429 "-" "Mozilla/5.0 (Windows NT 10.0; Win64; x64) AppleWebKit/537.36 (KHTML, like Gecko) Chrome/110.0.0.0 Safari/537.36"
159.223.51.105 - - [04/Dec/2025:17:04:46 +0000] "GET /wp-content/themes/twentytwentythree/parts/ HTTP/1.1" 200 1429 "-" "Mozilla/5.0 (Windows NT 10.0; Win64; x64) AppleWebKit/537.36 (KHTML, like Gecko) Chrome/114.0.0.0 Safari/537.36"
159.223.51.105 - - [04/Dec/2025:17:04:46 +0000] "GET /wp-content/themes/twentytwentytwo/ HTTP/1.1" 200 5 "-" "Mozilla/5.0 (X11; Linux x86_64) AppleWebKit/537.36 (KHTML, like Gecko) Chrome/111.0.0.0 Safari/537.36"
212.2.240.147 - - [04/Dec/2025:17:04:46 +0000] "GET /wp-content/plugins/really-simple-ssl/cache/ HTTP/1.1" 404 150485 "-" "Mozilla/5.0 (Linux; Android 7.0; SM-G892A Build/NRD90M; wv) AppleWebKit/537.36 (KHTML, like Gecko) Version/4.0 Chrome/60.0.3112.107 Mobile Safari/537.36"
212.2.240.147 - - [04/Dec/2025:17:04:48 +0000] "GET /wp-content/plugins/google-analytics-for-wordpress/ HTTP/1.1" 404 150485 "-" "Mozilla/5.0 (Linux; Android 7.0; SM-G892A Build/NRD90M; wv) AppleWebKit/537.36 (KHTML, like Gecko) Version/4.0 Chrome/60.0.3112.107 Mobile Safari/537.36"
212.2.240.147 - - [04/Dec/2025:17:04:49 +0000] "GET /wp-content/plugins/google-analytics-for-wordpress/uploads/ HTTP/1.1" 404 150485 "-" "Mozilla/5.0 (Linux; Android 7.0; SM-G892A Build/NRD90M; wv) AppleWebKit/537.36 (KHTML, like Gecko) Version/4.0 Chrome/60.0.3112.107 Mobile Safari/537.36"
212.2.240.147 - - [04/Dec/2025:17:04:50 +0000] "GET /wp-content/plugins/google-analytics-for-wordpress/files/ HTTP/1.1" 404 150485 "-" "Mozilla/5.0 (Linux; Android 7.0; SM-G892A Build/NRD90M; wv) AppleWebKit/537.36 (KHTML, like Gecko) Version/4.0 Chrome/60.0.3112.107 Mobile Safari/537.36"
212.2.240.147 - - [04/Dec/2025:17:04:51 +0000] "GET /wp-content/plugins/google-analytics-for-wordpress/cache/ HTTP/1.1" 404 150485 "-" "Mozilla/5.0 (Linux; Android 7.0; SM-G892A Build/NRD90M; wv) AppleWebKit/537.36 (KHTML, like Gecko) Version/4.0 Chrome/60.0.3112.107 Mobile Safari/537.36"
212.2.240.147 - - [04/Dec/2025:17:04:53 +0000] "GET /wp-content/plugins/wp-google-maps/ HTTP/1.1" 404 150485 "-" "Mozilla/5.0 (Linux; Android 7.0; SM-G892A Build/NRD90M; wv) AppleWebKit/537.36 (KHTML, like Gecko) Version/4.0 Chrome/60.0.3112.107 Mobile Safari/537.36"
212.2.240.147 - - [04/Dec/2025:17:04:54 +0000] "GET /wp-content/plugins/wp-google-maps/uploads/ HTTP/1.1" 404 150485 "-" "Mozilla/5.0 (Linux; Android 7.0; SM-G892A Build/NRD90M; wv) AppleWebKit/537.36 (KHTML, like Gecko) Version/4.0 Chrome/60.0.3112.107 Mobile Safari/537.36"
212.2.240.147 - - [04/Dec/2025:17:04:55 +0000] "GET /wp-content/plugins/wp-google-maps/files/ HTTP/1.1" 404 150485 "-" "Mozilla/5.0 (Linux; Android 7.0; SM-G892A Build/NRD90M; wv) AppleWebKit/537.36 (KHTML, like Gecko) Version/4.0 Chrome/60.0.3112.107 Mobile Safari/537.36"
212.2.240.147 - - [04/Dec/2025:17:04:56 +0000] "GET /wp-content/plugins/wp-google-maps/cache/ HTTP/1.1" 404 150485 "-" "Mozilla/5.0 (Linux; Android 7.0; SM-G892A Build/NRD90M; wv) AppleWebKit/537.36 (KHTML, like Gecko) Version/4.0 Chrome/60.0.3112.107 Mobile Safari/537.36"
156.245.205.14 - - [04/Dec/2025:17:04:56 +0000] "POST /admin/lib/webuploader/0.1.5/server/preview.php HTTP/1.1" 404 136875 "-" "Mozilla/5.0 AppleWebKit/601.1.46 (KHTML, like Gecko) Version/9.0"
212.2.240.147 - - [04/Dec/2025:17:04:57 +0000] "GET /wp-content/plugins/nextgen-gallery/ HTTP/1.1" 404 150485 "-" "Mozilla/5.0 (Linux; Android 7.0; SM-G892A Build/NRD90M; wv) AppleWebKit/537.36 (KHTML, like Gecko) Version/4.0 Chrome/60.0.3112.107 Mobile Safari/537.36"
212.2.240.147 - - [04/Dec/2025:17:04:58 +0000] "GET /wp-content/plugins/nextgen-gallery/uploads/ HTTP/1.1" 404 150485 "-" "Mozilla/5.0 (Linux; Android 7.0; SM-G892A Build/NRD90M; wv) AppleWebKit/537.36 (KHTML, like Gecko) Version/4.0 Chrome/60.0.3112.107 Mobile Safari/537.36"
212.2.240.147 - - [04/Dec/2025:17:04:59 +0000] "GET /wp-content/plugins/nextgen-gallery/files/ HTTP/1.1" 404 150485 "-" "Mozilla/5.0 (Linux; Android 7.0; SM-G892A Build/NRD90M; wv) AppleWebKit/537.36 (KHTML, like Gecko) Version/4.0 Chrome/60.0.3112.107 Mobile Safari/537.36"
212.2.240.147 - - [04/Dec/2025:17:05:00 +0000] "GET /wp-content/plugins/nextgen-gallery/cache/ HTTP/1.1" 404 150485 "-" "Mozilla/5.0 (Linux; Android 7.0; SM-G892A Build/NRD90M; wv) AppleWebKit/537.36 (KHTML, like Gecko) Version/4.0 Chrome/60.0.3112.107 Mobile Safari/537.36"
212.2.240.147 - - [04/Dec/2025:17:05:01 +0000] "GET /wp-content/plugins/wp-job-manager/ HTTP/1.1" 404 150485 "-" "Mozilla/5.0 (Linux; Android 7.0; SM-G892A Build/NRD90M; wv) AppleWebKit/537.36 (KHTML, like Gecko) Version/4.0 Chrome/60.0.3112.107 Mobile Safari/537.36"
212.2.240.147 - - [04/Dec/2025:17:05:02 +0000] "GET /wp-content/plugins/wp-job-manager/uploads/ HTTP/1.1" 404 150485 "-" "Mozilla/5.0 (Linux; Android 7.0; SM-G892A Build/NRD90M; wv) AppleWebKit/537.36 (KHTML, like Gecko) Version/4.0 Chrome/60.0.3112.107 Mobile Safari/537.36"
212.2.240.147 - - [04/Dec/2025:17:05:03 +0000] "GET /wp-content/plugins/wp-job-manager/files/ HTTP/1.1" 404 150485 "-" "Mozilla/5.0 (Linux; Android 7.0; SM-G892A Build/NRD90M; wv) AppleWebKit/537.36 (KHTML, like Gecko) Version/4.0 Chrome/60.0.3112.107 Mobile Safari/537.36"
212.2.240.147 - - [04/Dec/2025:17:05:05 +0000] "GET /wp-content/plugins/wp-job-manager/cache/ HTTP/1.1" 404 150485 "-" "Mozilla/5.0 (Linux; Android 7.0; SM-G892A Build/NRD90M; wv) AppleWebKit/537.36 (KHTML, like Gecko) Version/4.0 Chrome/60.0.3112.107 Mobile Safari/537.36"
212.2.240.147 - - [04/Dec/2025:17:05:06 +0000] "GET /wp-content/plugins/learndash/ HTTP/1.1" 404 150485 "-" "Mozilla/5.0 (Linux; Android 7.0; SM-G892A Build/NRD90M; wv) AppleWebKit/537.36 (KHTML, like Gecko) Version/4.0 Chrome/60.0.3112.107 Mobile Safari/537.36"
