212.2.240.147 - - [04/Dec/2025:17:00:58 +0000] "GET /wp-content/upgrade//wp-content/ HTTP/1.1" 301 5 "-" "Mozilla/5.0 (Linux; Android 7.0; SM-G892A Build/NRD90M; wv) AppleWebKit/537.36 (KHTML, like Gecko) Version/4.0 Chrome/60.0.3112.107 Mobile Safari/537.36"
159.223.51.105 - - [04/Dec/2025:17:00:58 +0000] "GET /wp-includes/IXR/class-IXR-request.php HTTP/1.1" 200 5 "-" "Mozilla/5.0 (iPad; CPU OS 16_4 like Mac OS X) AppleWebKit/605.1.15 (KHTML, like Gecko) Version/16.4 Mobile/15E148 Safari/604.1"
159.223.51.105 - - [04/Dec/2025:17:00:58 +0000] "GET /wp-includes/IXR/class-IXR-server.php HTTP/1.1" 200 5 "-" "Mozilla/5.0 (Macintosh; Intel Mac OS X 10_15_7) AppleWebKit/605.1.15 (KHTML, like Gecko) Version/16.4 Safari/605.1.15"
159.223.51.105 - - [04/Dec/2025:17:00:58 +0000] "GET /wp-includes/IXR/class-IXR-value.php HTTP/1.1" 200 5 "-" "Mozilla/5.0 (Windows NT 10.0; Win64; x64) AppleWebKit/537.36 (KHTML, like Gecko) Chrome/110.0.0.0 Safari/537.36"
159.223.51.105 - - [04/Dec/2025:17:00:58 +0000] "GET /wp-includes/IXR/class-IXR-clientmulticall.php HTTP/1.1" 200 319 "-" "Mozilla/5.0 (Macintosh; Intel Mac OS X 10_15_7) AppleWebKit/605.1.15 (KHTML, like Gecko) Version/16.4 Safari/605.1.15"
212.2.240.147 - - [04/Dec/2025:17:00:59 +0000] "GET /wp-content/upgrade/wp-content/ HTTP/1.1" 404 150485 "http://ondostate.gov.ng/wp-content/upgrade//wp-content/" "Mozilla/5.0 (Linux; Android 7.0; SM-G892A Build/NRD90M; wv) AppleWebKit/537.36 (KHTML, like Gecko) Version/4.0 Chrome/60.0.3112.107 Mobile Safari/537.36"
159.223.51.105 - - [04/Dec/2025:17:00:59 +0000] "GET /wp-includes/IXR/class-IXR-client.php HTTP/1.1" 200 5 "-" "Mozilla/5.0 (Windows NT 10.0; Win64; x64) AppleWebKit/537.36 (KHTML, like Gecko) Chrome/110.0.0.0 Safari/537.36"
159.223.51.105 - - [04/Dec/2025:17:00:59 +0000] "GET /wp-includes/IXR/class-IXR-error.php HTTP/1.1" 200 5 "-" "Mozilla/5.0 (Windows NT 10.0; Win64; x64) AppleWebKit/537.36 (KHTML, like Gecko) Chrome/110.0.0.0 Safari/537.36"
159.223.51.105 - - [04/Dec/2025:17:00:59 +0000] "GET /wp-includes/PHPMailer/ HTTP/1.1" 200 1182 "-" "Mozilla/5.0 (Windows NT 10.0; Win64; x64) AppleWebKit/537.36 (KHTML, like Gecko) Chrome/110.0.0.0 Safari/537.36"
159.223.51.105 - - [04/Dec/2025:17:00:59 +0000] "GET /wp-includes/PHPMailer/ HTTP/1.1" 200 1182 "-" "Mozilla/5.0 (iPad; CPU OS 16_4 like Mac OS X) AppleWebKit/605.1.15 (KHTML, like Gecko) Version/16.4 Mobile/15E148 Safari/604.1"
159.223.51.105 - - [04/Dec/2025:17:01:00 +0000] "GET /wp-includes/PHPMailer/PHPMailer.php HTTP/1.1" 200 5 "-" "Mozilla/5.0 (Windows NT 10.0; Win64; x64) AppleWebKit/537.36 (KHTML, like Gecko) Chrome/114.0.0.0 Safari/537.36"
212.2.240.147 - - [04/Dec/2025:17:01:00 +0000] "GET /wp-content/backup/ HTTP/1.1" 404 150485 "-" "Mozilla/5.0 (Linux; Android 7.0; SM-G892A Build/NRD90M; wv) AppleWebKit/537.36 (KHTML, like Gecko) Version/4.0 Chrome/60.0.3112.107 Mobile Safari/537.36"
159.223.51.105 - - [04/Dec/2025:17:01:00 +0000] "GET /wp-includes/PHPMailer/SMTP.php HTTP/1.1" 200 5 "-" "Mozilla/5.0 (Windows NT 10.0; Win64; x64) AppleWebKit/537.36 (KHTML, like Gecko) Chrome/110.0.0.0 Safari/537.36"
159.223.51.105 - - [04/Dec/2025:17:01:00 +0000] "GET /wp-includes/PHPMailer/Exception.php HTTP/1.1" 200 5 "-" "Mozilla/5.0 (iPad; CPU OS 16_4 like Mac OS X) AppleWebKit/605.1.15 (KHTML, like Gecko) Version/16.4 Mobile/15E148 Safari/604.1"
159.223.51.105 - - [04/Dec/2025:17:01:01 +0000] "GET /wp-admin/ HTTP/1.1" 302 5 "-" "Mozilla/5.0 (iPad; CPU OS 16_4 like Mac OS X) AppleWebKit/605.1.15 (KHTML, like Gecko) Version/16.4 Mobile/15E148 Safari/604.1"
212.2.240.147 - - [04/Dec/2025:17:01:01 +0000] "GET /wp-content/backups/ HTTP/1.1" 404 150485 "-" "Mozilla/5.0 (Linux; Android 7.0; SM-G892A Build/NRD90M; wv) AppleWebKit/537.36 (KHTML, like Gecko) Version/4.0 Chrome/60.0.3112.107 Mobile Safari/537.36"
212.2.240.147 - - [04/Dec/2025:17:01:01 +0000] "GET /wp-content/ai1wm-backups/ HTTP/1.1" 200 37 "-" "Mozilla/5.0 (Linux; Android 7.0; SM-G892A Build/NRD90M; wv) AppleWebKit/537.36 (KHTML, like Gecko) Version/4.0 Chrome/60.0.3112.107 Mobile Safari/537.36"
212.2.240.147 - - [04/Dec/2025:17:01:01 +0000] "GET /wp-content/uploads/2025/ HTTP/1.1" 200 2707 "-" "Mozilla/5.0 (Linux; Android 7.0; SM-G892A Build/NRD90M; wv) AppleWebKit/537.36 (KHTML, like Gecko) Version/4.0 Chrome/60.0.3112.107 Mobile Safari/537.36"
212.2.240.147 - - [04/Dec/2025:17:01:02 +0000] "GET /wp-content/uploads/2025//wp-content/uploads/ HTTP/1.1" 301 5 "-" "Mozilla/5.0 (Linux; Android 7.0; SM-G892A Build/NRD90M; wv) AppleWebKit/537.36 (KHTML, like Gecko) Version/4.0 Chrome/60.0.3112.107 Mobile Safari/537.36"
159.223.51.105 - - [04/Dec/2025:17:01:02 +0000] "GET /wp-content/plugins/elementor/ HTTP/1.1" 200 2426 "-" "Mozilla/5.0 (iPad; CPU OS 16_4 like Mac OS X) AppleWebKit/605.1.15 (KHTML, like Gecko) Version/16.4 Mobile/15E148 Safari/604.1"
159.223.51.105 - - [04/Dec/2025:17:01:02 +0000] "GET /wp-content/plugins/elementor/ HTTP/1.1" 200 2426 "-" "Mozilla/5.0 (X11; Linux x86_64) AppleWebKit/537.36 (KHTML, like Gecko) Chrome/111.0.0.0 Safari/537.36"
212.2.240.147 - - [04/Dec/2025:17:01:03 +0000] "GET /wp-content/uploads/2025/wp-content/uploads/ HTTP/1.1" 404 150485 "http://ondostate.gov.ng/wp-content/uploads/2025//wp-content/uploads/" "Mozilla/5.0 (Linux; Android 7.0; SM-G892A Build/NRD90M; wv) AppleWebKit/537.36 (KHTML, like Gecko) Version/4.0 Chrome/60.0.3112.107 Mobile Safari/537.36"
159.223.51.105 - - [04/Dec/2025:17:01:03 +0000] "GET /wp-content/plugins/elementor/elementor.php HTTP/1.1" 200 5 "-" "Mozilla/5.0 (Windows NT 10.0; Win64; x64) AppleWebKit/537.36 (KHTML, like Gecko) Chrome/114.0.0.0 Safari/537.36"
159.223.51.105 - - [04/Dec/2025:17:01:03 +0000] "GET /wp-content/plugins/elementor/app/ HTTP/1.1" 200 1395 "-" "Mozilla/5.0 (X11; Linux x86_64) AppleWebKit/537.36 (KHTML, like Gecko) Chrome/111.0.0.0 Safari/537.36"
212.2.240.147 - - [04/Dec/2025:17:01:03 +0000] "GET /wp-content/uploads/2025/01/ HTTP/1.1" 200 99004 "-" "Mozilla/5.0 (Linux; Android 7.0; SM-G892A Build/NRD90M; wv) AppleWebKit/537.36 (KHTML, like Gecko) Version/4.0 Chrome/60.0.3112.107 Mobile Safari/537.36"
159.223.51.105 - - [04/Dec/2025:17:01:03 +0000] "GET /wp-content/plugins/elementor/app/ HTTP/1.1" 200 1395 "-" "Mozilla/5.0 (X11; Linux x86_64) AppleWebKit/537.36 (KHTML, like Gecko) Chrome/111.0.0.0 Safari/537.36"
159.223.51.105 - - [04/Dec/2025:17:01:03 +0000] "GET /wp-content/plugins/elementor/app/app.php HTTP/1.1" 200 5 "-" "Mozilla/5.0 (Windows NT 10.0; Win64; x64) AppleWebKit/537.36 (KHTML, like Gecko) Chrome/114.0.0.0 Safari/537.36"
212.2.240.147 - - [04/Dec/2025:17:01:03 +0000] "GET /wp-content/uploads/2025/01//wp-content/uploads/2025/ HTTP/1.1" 301 5 "-" "Mozilla/5.0 (Linux; Android 7.0; SM-G892A Build/NRD90M; wv) AppleWebKit/537.36 (KHTML, like Gecko) Version/4.0 Chrome/60.0.3112.107 Mobile Safari/537.36"
159.223.51.105 - - [04/Dec/2025:17:01:03 +0000] "GET /wp-content/plugins/elementor/app/view.php HTTP/1.1" 200 5 "-" "Mozilla/5.0 (Windows NT 10.0; Win64; x64) AppleWebKit/537.36 (KHTML, like Gecko) Chrome/114.0.0.0 Safari/537.36"
159.223.51.105 - - [04/Dec/2025:17:01:04 +0000] "GET /wp-content/plugins/elementor/app/modules/ HTTP/1.1" 200 1424 "-" "Mozilla/5.0 (iPad; CPU OS 16_4 like Mac OS X) AppleWebKit/605.1.15 (KHTML, like Gecko) Version/16.4 Mobile/15E148 Safari/604.1"
159.223.51.105 - - [04/Dec/2025:17:01:04 +0000] "GET /wp-content/plugins/elementor/app/modules/ HTTP/1.1" 200 1424 "-" "Mozilla/5.0 (Windows NT 10.0; Win64; x64) AppleWebKit/537.36 (KHTML, like Gecko) Chrome/110.0.0.0 Safari/537.36"
159.223.51.105 - - [04/Dec/2025:17:01:04 +0000] "GET /wp-content/plugins/elementor/app/modules/import-export/ HTTP/1.1" 200 1985 "-" "Mozilla/5.0 (Windows NT 10.0; Win64; x64) AppleWebKit/537.36 (KHTML, like Gecko) Chrome/114.0.0.0 Safari/537.36"
212.2.240.147 - - [04/Dec/2025:17:01:04 +0000] "GET /wp-content/uploads/2025/01/wp-content/uploads/2025/ HTTP/1.1" 404 150485 "http://ondostate.gov.ng/wp-content/uploads/2025/01//wp-content/uploads/2025/" "Mozilla/5.0 (Linux; Android 7.0; SM-G892A Build/NRD90M; wv) AppleWebKit/537.36 (KHTML, like Gecko) Version/4.0 Chrome/60.0.3112.107 Mobile Safari/537.36"
159.223.51.105 - - [04/Dec/2025:17:01:04 +0000] "GET /wp-content/plugins/elementor/app/modules/import-export/ HTTP/1.1" 200 1985 "-" "Mozilla/5.0 (Windows NT 10.0; Win64; x64) AppleWebKit/537.36 (KHTML, like Gecko) Chrome/114.0.0.0 Safari/537.36"
159.223.51.105 - - [04/Dec/2025:17:01:04 +0000] "GET /wp-content/plugins/elementor/app/modules/import-export/usage.php HTTP/1.1" 200 5 "-" "Mozilla/5.0 (Macintosh; Intel Mac OS X 10_15_7) AppleWebKit/605.1.15 (KHTML, like Gecko) Version/16.4 Safari/605.1.15"
212.2.240.147 - - [04/Dec/2025:17:01:05 +0000] "GET /wp-content/uploads/2025/02/ HTTP/1.1" 200 143813 "-" "Mozilla/5.0 (Linux; Android 7.0; SM-G892A Build/NRD90M; wv) AppleWebKit/537.36 (KHTML, like Gecko) Version/4.0 Chrome/60.0.3112.107 Mobile Safari/537.36"
159.223.51.105 - - [04/Dec/2025:17:01:05 +0000] "GET /wp-content/plugins/elementor/app/modules/import-export/wp-cli.php HTTP/1.1" 200 5 "-" "Mozilla/5.0 (iPad; CPU OS 16_4 like Mac OS X) AppleWebKit/605.1.15 (KHTML, like Gecko) Version/16.4 Mobile/15E148 Safari/604.1"
159.223.51.105 - - [04/Dec/2025:17:01:05 +0000] "GET /wp-content/plugins/elementor/app/modules/import-export/module.php HTTP/1.1" 200 5 "-" "Mozilla/5.0 (iPad; CPU OS 16_4 like Mac OS X) AppleWebKit/605.1.15 (KHTML, like Gecko) Version/16.4 Mobile/15E148 Safari/604.1"
212.2.240.147 - - [04/Dec/2025:17:01:05 +0000] "GET /wp-content/uploads/2025/02//wp-content/uploads/2025/ HTTP/1.1" 301 5 "-" "Mozilla/5.0 (Linux; Android 7.0; SM-G892A Build/NRD90M; wv) AppleWebKit/537.36 (KHTML, like Gecko) Version/4.0 Chrome/60.0.3112.107 Mobile Safari/537.36"
159.223.51.105 - - [04/Dec/2025:17:01:05 +0000] "GET /wp-content/plugins/elementor/app/modules/import-export/utils.php HTTP/1.1" 200 5 "-" "Mozilla/5.0 (Windows NT 10.0; Win64; x64; rv:110.0) Gecko/20100101 Firefox/110.0"
159.223.51.105 - - [04/Dec/2025:17:01:05 +0000] "GET /wp-content/plugins/elementor/app/modules/import-export/runners/ HTTP/1.1" 200 1482 "-" "Mozilla/5.0 (Windows NT 10.0; Win64; x64) AppleWebKit/537.36 (KHTML, like Gecko) Chrome/110.0.0.0 Safari/537.36"
159.223.51.105 - - [04/Dec/2025:17:01:06 +0000] "GET /wp-content/plugins/elementor/app/modules/import-export/runners/ HTTP/1.1" 200 1482 "-" "Mozilla/5.0 (X11; Linux x86_64) AppleWebKit/537.36 (KHTML, like Gecko) Chrome/111.0.0.0 Safari/537.36"
159.223.51.105 - - [04/Dec/2025:17:01:06 +0000] "GET /wp-content/plugins/elementor/app/modules/import-export/runners/runner-interface.php HTTP/1.1" 200 5 "-" "Mozilla/5.0 (iPad; CPU OS 16_4 like Mac OS X) AppleWebKit/605.1.15 (KHTML, like Gecko) Version/16.4 Mobile/15E148 Safari/604.1"
212.2.240.147 - - [04/Dec/2025:17:01:06 +0000] "GET /wp-content/uploads/2025/02/wp-content/uploads/2025/ HTTP/1.1" 404 150485 "http://ondostate.gov.ng/wp-content/uploads/2025/02//wp-content/uploads/2025/" "Mozilla/5.0 (Linux; Android 7.0; SM-G892A Build/NRD90M; wv) AppleWebKit/537.36 (KHTML, like Gecko) Version/4.0 Chrome/60.0.3112.107 Mobile Safari/537.36"
159.223.51.105 - - [04/Dec/2025:17:01:06 +0000] "GET /wp-content/plugins/elementor/app/modules/import-export/runners/import/ HTTP/1.1" 200 2079 "-" "Mozilla/5.0 (Windows NT 10.0; Win64; x64) AppleWebKit/537.36 (KHTML, like Gecko) Chrome/110.0.0.0 Safari/537.36"
212.2.240.147 - - [04/Dec/2025:17:01:06 +0000] "GET /wp-content/uploads/2025/03/ HTTP/1.1" 200 227905 "-" "Mozilla/5.0 (Linux; Android 7.0; SM-G892A Build/NRD90M; wv) AppleWebKit/537.36 (KHTML, like Gecko) Version/4.0 Chrome/60.0.3112.107 Mobile Safari/537.36"
159.223.51.105 - - [04/Dec/2025:17:01:06 +0000] "GET /wp-content/plugins/elementor/app/modules/import-export/runners/import/ HTTP/1.1" 200 2079 "-" "Mozilla/5.0 (X11; Linux x86_64) AppleWebKit/537.36 (KHTML, like Gecko) Chrome/111.0.0.0 Safari/537.36"
159.223.51.105 - - [04/Dec/2025:17:01:06 +0000] "GET /wp-content/plugins/elementor/app/modules/import-export/runners/import/plugins.php HTTP/1.1" 200 449 "-" "Mozilla/5.0 (X11; Linux x86_64) AppleWebKit/537.36 (KHTML, like Gecko) Chrome/111.0.0.0 Safari/537.36"
159.223.51.105 - - [04/Dec/2025:17:01:07 +0000] "GET /wp-content/plugins/elementor/app/modules/import-export/runners/import/templates.php HTTP/1.1" 200 455 "-" "Mozilla/5.0 (Windows NT 10.0; Win64; x64; rv:110.0) Gecko/20100101 Firefox/110.0"
212.2.240.147 - - [04/Dec/2025:17:01:07 +0000] "GET /wp-content/uploads/2025/03//wp-content/uploads/2025/ HTTP/1.1" 301 5 "-" "Mozilla/5.0 (Linux; Android 7.0; SM-G892A Build/NRD90M; wv) AppleWebKit/537.36 (KHTML, like Gecko) Version/4.0 Chrome/60.0.3112.107 Mobile Safari/537.36"
159.223.51.105 - - [04/Dec/2025:17:01:07 +0000] "GET /wp-content/plugins/elementor/app/modules/import-export/runners/import/taxonomies.php HTTP/1.1" 200 455 "-" "Mozilla/5.0 (Macintosh; Intel Mac OS X 10_15_7) AppleWebKit/605.1.15 (KHTML, like Gecko) Version/16.4 Safari/605.1.15"
159.223.51.105 - - [04/Dec/2025:17:01:07 +0000] "GET /wp-content/plugins/elementor/app/modules/import-export/runners/import/elementor-content.php HTTP/1.1" 200 469 "-" "Mozilla/5.0 (Windows NT 10.0; Win64; x64) AppleWebKit/537.36 (KHTML, like Gecko) Chrome/114.0.0.0 Safari/537.36"
159.223.51.105 - - [04/Dec/2025:17:01:07 +0000] "GET /wp-content/plugins/elementor/app/modules/import-export/runners/import/site-settings.php HTTP/1.1" 200 461 "-" "Mozilla/5.0 (X11; Linux x86_64) AppleWebKit/537.36 (KHTML, like Gecko) Chrome/111.0.0.0 Safari/537.36"
159.223.51.105 - - [04/Dec/2025:17:01:08 +0000] "GET /wp-content/plugins/elementor/app/modules/import-export/runners/import/wp-content.php HTTP/1.1" 200 455 "-" "Mozilla/5.0 (iPad; CPU OS 16_4 like Mac OS X) AppleWebKit/605.1.15 (KHTML, like Gecko) Version/16.4 Mobile/15E148 Safari/604.1"
212.2.240.147 - - [04/Dec/2025:17:01:08 +0000] "GET /wp-content/uploads/2025/03/wp-content/uploads/2025/ HTTP/1.1" 404 150485 "http://ondostate.gov.ng/wp-content/uploads/2025/03//wp-content/uploads/2025/" "Mozilla/5.0 (Linux; Android 7.0; SM-G892A Build/NRD90M; wv) AppleWebKit/537.36 (KHTML, like Gecko) Version/4.0 Chrome/60.0.3112.107 Mobile Safari/537.36"
159.223.51.105 - - [04/Dec/2025:17:01:08 +0000] "GET /wp-content/plugins/elementor/app/modules/import-export/runners/import/import-runner-base.php HTTP/1.1" 200 466 "-" "Mozilla/5.0 (X11; Linux x86_64) AppleWebKit/537.36 (KHTML, like Gecko) Chrome/111.0.0.0 Safari/537.36"
212.2.240.147 - - [04/Dec/2025:17:01:08 +0000] "GET /wp-content/uploads/2025/04/ HTTP/1.1" 200 71472 "-" "Mozilla/5.0 (Linux; Android 7.0; SM-G892A Build/NRD90M; wv) AppleWebKit/537.36 (KHTML, like Gecko) Version/4.0 Chrome/60.0.3112.107 Mobile Safari/537.36"
159.223.51.105 - - [04/Dec/2025:17:01:08 +0000] "GET /wp-content/plugins/elementor/app/modules/import-export/runners/revert/ HTTP/1.1" 200 2079 "-" "Mozilla/5.0 (Windows NT 10.0; Win64; x64) AppleWebKit/537.36 (KHTML, like Gecko) Chrome/114.0.0.0 Safari/537.36"
159.223.51.105 - - [04/Dec/2025:17:01:08 +0000] "GET /wp-content/plugins/elementor/app/modules/import-export/runners/revert/ HTTP/1.1" 200 2079 "-" "Mozilla/5.0 (Macintosh; Intel Mac OS X 10_15_7) AppleWebKit/605.1.15 (KHTML, like Gecko) Version/16.4 Safari/605.1.15"
212.2.240.147 - - [04/Dec/2025:17:01:08 +0000] "GET /wp-content/uploads/2025/04//wp-content/uploads/2025/ HTTP/1.1" 301 5 "-" "Mozilla/5.0 (Linux; Android 7.0; SM-G892A Build/NRD90M; wv) AppleWebKit/537.36 (KHTML, like Gecko) Version/4.0 Chrome/60.0.3112.107 Mobile Safari/537.36"
159.223.51.105 - - [04/Dec/2025:17:01:09 +0000] "GET /wp-content/plugins/elementor/app/modules/import-export/runners/revert/plugins.php HTTP/1.1" 200 449 "-" "Mozilla/5.0 (X11; Linux x86_64) AppleWebKit/537.36 (KHTML, like Gecko) Chrome/111.0.0.0 Safari/537.36"
159.223.51.105 - - [04/Dec/2025:17:01:09 +0000] "GET /wp-content/plugins/elementor/app/modules/import-export/runners/revert/templates.php HTTP/1.1" 200 453 "-" "Mozilla/5.0 (Windows NT 10.0; Win64; x64) AppleWebKit/537.36 (KHTML, like Gecko) Chrome/110.0.0.0 Safari/537.36"
159.223.51.105 - - [04/Dec/2025:17:01:09 +0000] "GET /wp-content/plugins/elementor/app/modules/import-export/runners/revert/taxonomies.php HTTP/1.1" 200 455 "-" "Mozilla/5.0 (Macintosh; Intel Mac OS X 10_15_7) AppleWebKit/605.1.15 (KHTML, like Gecko) Version/16.4 Safari/605.1.15"
212.2.240.147 - - [04/Dec/2025:17:01:09 +0000] "GET /wp-content/uploads/2025/04/wp-content/uploads/2025/ HTTP/1.1" 404 150485 "http://ondostate.gov.ng/wp-content/uploads/2025/04//wp-content/uploads/2025/" "Mozilla/5.0 (Linux; Android 7.0; SM-G892A Build/NRD90M; wv) AppleWebKit/537.36 (KHTML, like Gecko) Version/4.0 Chrome/60.0.3112.107 Mobile Safari/537.36"
159.223.51.105 - - [04/Dec/2025:17:01:09 +0000] "GET /wp-content/plugins/elementor/app/modules/import-export/runners/revert/elementor-content.php HTTP/1.1" 200 469 "-" "Mozilla/5.0 (Macintosh; Intel Mac OS X 10_15_7) AppleWebKit/605.1.15 (KHTML, like Gecko) Version/16.4 Safari/605.1.15"
159.223.51.105 - - [04/Dec/2025:17:01:10 +0000] "GET /wp-content/plugins/elementor/app/modules/import-export/runners/revert/site-settings.php HTTP/1.1" 200 461 "-" "Mozilla/5.0 (iPad; CPU OS 16_4 like Mac OS X) AppleWebKit/605.1.15 (KHTML, like Gecko) Version/16.4 Mobile/15E148 Safari/604.1"
212.2.240.147 - - [04/Dec/2025:17:01:10 +0000] "GET /wp-content/uploads/2025/05/ HTTP/1.1" 200 136368 "-" "Mozilla/5.0 (Linux; Android 7.0; SM-G892A Build/NRD90M; wv) AppleWebKit/537.36 (KHTML, like Gecko) Version/4.0 Chrome/60.0.3112.107 Mobile Safari/537.36"
159.223.51.105 - - [04/Dec/2025:17:01:10 +0000] "GET /wp-content/plugins/elementor/app/modules/import-export/runners/revert/wp-content.php HTTP/1.1" 200 455 "-" "Mozilla/5.0 (iPad; CPU OS 16_4 like Mac OS X) AppleWebKit/605.1.15 (KHTML, like Gecko) Version/16.4 Mobile/15E148 Safari/604.1"
159.223.51.105 - - [04/Dec/2025:17:01:10 +0000] "GET /wp-content/plugins/elementor/app/modules/import-export/runners/revert/revert-runner-base.php HTTP/1.1" 200 466 "-" "Mozilla/5.0 (Windows NT 10.0; Win64; x64) AppleWebKit/537.36 (KHTML, like Gecko) Chrome/110.0.0.0 Safari/537.36"
212.2.240.147 - - [04/Dec/2025:17:01:10 +0000] "GET /wp-content/uploads/2025/05//wp-content/uploads/2025/ HTTP/1.1" 301 5 "-" "Mozilla/5.0 (Linux; Android 7.0; SM-G892A Build/NRD90M; wv) AppleWebKit/537.36 (KHTML, like Gecko) Version/4.0 Chrome/60.0.3112.107 Mobile Safari/537.36"
159.223.51.105 - - [04/Dec/2025:17:01:10 +0000] "GET /wp-content/plugins/elementor/app/modules/import-export/runners/export/ HTTP/1.1" 200 2079 "-" "Mozilla/5.0 (iPad; CPU OS 16_4 like Mac OS X) AppleWebKit/605.1.15 (KHTML, like Gecko) Version/16.4 Mobile/15E148 Safari/604.1"
159.223.51.105 - - [04/Dec/2025:17:01:10 +0000] "GET /wp-content/plugins/elementor/app/modules/import-export/runners/export/ HTTP/1.1" 200 2079 "-" "Mozilla/5.0 (Windows NT 10.0; Win64; x64) AppleWebKit/537.36 (KHTML, like Gecko) Chrome/114.0.0.0 Safari/537.36"
159.223.51.105 - - [04/Dec/2025:17:01:11 +0000] "GET /wp-content/plugins/elementor/app/modules/import-export/runners/export/plugins.php HTTP/1.1" 200 449 "-" "Mozilla/5.0 (Macintosh; Intel Mac OS X 10_15_7) AppleWebKit/605.1.15 (KHTML, like Gecko) Version/16.4 Safari/605.1.15"
159.223.51.105 - - [04/Dec/2025:17:01:11 +0000] "GET /wp-content/plugins/elementor/app/modules/import-export/runners/export/templates.php HTTP/1.1" 200 455 "-" "Mozilla/5.0 (X11; Linux x86_64) AppleWebKit/537.36 (KHTML, like Gecko) Chrome/111.0.0.0 Safari/537.36"
212.2.240.147 - - [04/Dec/2025:17:01:11 +0000] "GET /wp-content/uploads/2025/05/wp-content/uploads/2025/ HTTP/1.1" 404 150485 "http://ondostate.gov.ng/wp-content/uploads/2025/05//wp-content/uploads/2025/" "Mozilla/5.0 (Linux; Android 7.0; SM-G892A Build/NRD90M; wv) AppleWebKit/537.36 (KHTML, like Gecko) Version/4.0 Chrome/60.0.3112.107 Mobile Safari/537.36"
159.223.51.105 - - [04/Dec/2025:17:01:11 +0000] "GET /wp-content/plugins/elementor/app/modules/import-export/runners/export/taxonomies.php HTTP/1.1" 200 455 "-" "Mozilla/5.0 (Windows NT 10.0; Win64; x64) AppleWebKit/537.36 (KHTML, like Gecko) Chrome/114.0.0.0 Safari/537.36"
212.2.240.147 - - [04/Dec/2025:17:01:11 +0000] "GET /wp-content/uploads/2025/06/ HTTP/1.1" 200 140111 "-" "Mozilla/5.0 (Linux; Android 7.0; SM-G892A Build/NRD90M; wv) AppleWebKit/537.36 (KHTML, like Gecko) Version/4.0 Chrome/60.0.3112.107 Mobile Safari/537.36"
159.223.51.105 - - [04/Dec/2025:17:01:12 +0000] "GET /wp-content/plugins/elementor/app/modules/import-export/runners/export/elementor-content.php HTTP/1.1" 200 469 "-" "Mozilla/5.0 (X11; Linux x86_64) AppleWebKit/537.36 (KHTML, like Gecko) Chrome/111.0.0.0 Safari/537.36"
212.2.240.147 - - [04/Dec/2025:17:01:12 +0000] "GET /wp-content/uploads/2025/06//wp-content/uploads/2025/ HTTP/1.1" 301 5 "-" "Mozilla/5.0 (Linux; Android 7.0; SM-G892A Build/NRD90M; wv) AppleWebKit/537.36 (KHTML, like Gecko) Version/4.0 Chrome/60.0.3112.107 Mobile Safari/537.36"
159.223.51.105 - - [04/Dec/2025:17:01:12 +0000] "GET /wp-content/plugins/elementor/app/modules/import-export/runners/export/site-settings.php HTTP/1.1" 200 461 "-" "Mozilla/5.0 (Windows NT 10.0; Win64; x64; rv:110.0) Gecko/20100101 Firefox/110.0"
159.223.51.105 - - [04/Dec/2025:17:01:12 +0000] "GET /wp-content/plugins/elementor/app/modules/import-export/runners/export/wp-content.php HTTP/1.1" 200 455 "-" "Mozilla/5.0 (X11; Linux x86_64) AppleWebKit/537.36 (KHTML, like Gecko) Chrome/111.0.0.0 Safari/537.36"
159.223.51.105 - - [04/Dec/2025:17:01:12 +0000] "GET /wp-content/plugins/elementor/app/modules/import-export/runners/export/export-runner-base.php HTTP/1.1" 200 466 "-" "Mozilla/5.0 (X11; Linux x86_64) AppleWebKit/537.36 (KHTML, like Gecko) Chrome/111.0.0.0 Safari/537.36"
159.223.51.105 - - [04/Dec/2025:17:01:13 +0000] "GET /wp-content/plugins/elementor/app/modules/import-export/processes/ HTTP/1.1" 200 1307 "-" "Mozilla/5.0 (Windows NT 10.0; Win64; x64) AppleWebKit/537.36 (KHTML, like Gecko) Chrome/114.0.0.0 Safari/537.36"
212.2.240.147 - - [04/Dec/2025:17:01:13 +0000] "GET /wp-content/uploads/2025/06/wp-content/uploads/2025/ HTTP/1.1" 404 150485 "http://ondostate.gov.ng/wp-content/uploads/2025/06//wp-content/uploads/2025/" "Mozilla/5.0 (Linux; Android 7.0; SM-G892A Build/NRD90M; wv) AppleWebKit/537.36 (KHTML, like Gecko) Version/4.0 Chrome/60.0.3112.107 Mobile Safari/537.36"
159.223.51.105 - - [04/Dec/2025:17:01:13 +0000] "GET /wp-content/plugins/elementor/app/modules/import-export/processes/ HTTP/1.1" 200 1307 "-" "Mozilla/5.0 (Windows NT 10.0; Win64; x64) AppleWebKit/537.36 (KHTML, like Gecko) Chrome/110.0.0.0 Safari/537.36"
159.223.51.105 - - [04/Dec/2025:17:01:13 +0000] "GET /wp-content/plugins/elementor/app/modules/import-export/processes/import.php HTTP/1.1" 200 5 "-" "Mozilla/5.0 (X11; Linux x86_64) AppleWebKit/537.36 (KHTML, like Gecko) Chrome/111.0.0.0 Safari/537.36"
212.2.240.147 - - [04/Dec/2025:17:01:13 +0000] "GET /wp-content/uploads/2025/07/ HTTP/1.1" 200 270827 "-" "Mozilla/5.0 (Linux; Android 7.0; SM-G892A Build/NRD90M; wv) AppleWebKit/537.36 (KHTML, like Gecko) Version/4.0 Chrome/60.0.3112.107 Mobile Safari/537.36"
159.223.51.105 - - [04/Dec/2025:17:01:13 +0000] "GET /wp-content/plugins/elementor/app/modules/import-export/processes/revert.php HTTP/1.1" 200 5 "-" "Mozilla/5.0 (Windows NT 10.0; Win64; x64) AppleWebKit/537.36 (KHTML, like Gecko) Chrome/110.0.0.0 Safari/537.36"
159.223.51.105 - - [04/Dec/2025:17:01:13 +0000] "GET /wp-content/plugins/elementor/app/modules/import-export/processes/export.php HTTP/1.1" 200 5 "-" "Mozilla/5.0 (Windows NT 10.0; Win64; x64; rv:110.0) Gecko/20100101 Firefox/110.0"
212.2.240.147 - - [04/Dec/2025:17:01:14 +0000] "GET /wp-content/uploads/2025/07//wp-content/uploads/2025/ HTTP/1.1" 301 5 "-" "Mozilla/5.0 (Linux; Android 7.0; SM-G892A Build/NRD90M; wv) AppleWebKit/537.36 (KHTML, like Gecko) Version/4.0 Chrome/60.0.3112.107 Mobile Safari/537.36"
159.223.51.105 - - [04/Dec/2025:17:01:14 +0000] "GET /wp-content/plugins/elementor/app/modules/import-export/compatibility/ HTTP/1.1" 200 1326 "-" "Mozilla/5.0 (Macintosh; Intel Mac OS X 10_15_7) AppleWebKit/605.1.15 (KHTML, like Gecko) Version/16.4 Safari/605.1.15"
159.223.51.105 - - [04/Dec/2025:17:01:14 +0000] "GET /wp-content/plugins/elementor/app/modules/import-export/compatibility/ HTTP/1.1" 200 1326 "-" "Mozilla/5.0 (Windows NT 10.0; Win64; x64) AppleWebKit/537.36 (KHTML, like Gecko) Chrome/110.0.0.0 Safari/537.36"
159.223.51.105 - - [04/Dec/2025:17:01:14 +0000] "GET /wp-content/plugins/elementor/app/modules/import-export/compatibility/base-adapter.php HTTP/1.1" 200 5 "-" "Mozilla/5.0 (Windows NT 10.0; Win64; x64; rv:110.0) Gecko/20100101 Firefox/110.0"
159.223.51.105 - - [04/Dec/2025:17:01:14 +0000] "GET /wp-content/plugins/elementor/app/modules/import-export/compatibility/kit-library.php HTTP/1.1" 200 5 "-" "Mozilla/5.0 (Windows NT 10.0; Win64; x64; rv:110.0) Gecko/20100101 Firefox/110.0"
212.2.240.147 - - [04/Dec/2025:17:01:14 +0000] "GET /wp-content/uploads/2025/07/wp-content/uploads/2025/ HTTP/1.1" 404 150485 "http://ondostate.gov.ng/wp-content/uploads/2025/07//wp-content/uploads/2025/" "Mozilla/5.0 (Linux; Android 7.0; SM-G892A Build/NRD90M; wv) AppleWebKit/537.36 (KHTML, like Gecko) Version/4.0 Chrome/60.0.3112.107 Mobile Safari/537.36"
159.223.51.105 - - [04/Dec/2025:17:01:15 +0000] "GET /wp-content/plugins/elementor/app/modules/import-export/compatibility/envato.php HTTP/1.1" 200 5 "-" "Mozilla/5.0 (Windows NT 10.0; Win64; x64; rv:110.0) Gecko/20100101 Firefox/110.0"
212.2.240.147 - - [04/Dec/2025:17:01:15 +0000] "GET /wp-content/uploads/2025/08/ HTTP/1.1" 200 115842 "-" "Mozilla/5.0 (Linux; Android 7.0; SM-G892A Build/NRD90M; wv) AppleWebKit/537.36 (KHTML, like Gecko) Version/4.0 Chrome/60.0.3112.107 Mobile Safari/537.36"
159.223.51.105 - - [04/Dec/2025:17:01:15 +0000] "GET /wp-content/plugins/elementor/app/modules/site-editor/ HTTP/1.1" 200 913 "-" "Mozilla/5.0 (Windows NT 10.0; Win64; x64) AppleWebKit/537.36 (KHTML, like Gecko) Chrome/110.0.0.0 Safari/537.36"
159.223.51.105 - - [04/Dec/2025:17:01:15 +0000] "GET /wp-content/plugins/elementor/app/modules/site-editor/ HTTP/1.1" 200 913 "-" "Mozilla/5.0 (Windows NT 10.0; Win64; x64) AppleWebKit/537.36 (KHTML, like Gecko) Chrome/110.0.0.0 Safari/537.36"
212.2.240.147 - - [04/Dec/2025:17:01:15 +0000] "GET /wp-content/uploads/2025/08//wp-content/uploads/2025/ HTTP/1.1" 301 5 "-" "Mozilla/5.0 (Linux; Android 7.0; SM-G892A Build/NRD90M; wv) AppleWebKit/537.36 (KHTML, like Gecko) Version/4.0 Chrome/60.0.3112.107 Mobile Safari/537.36"
159.223.51.105 - - [04/Dec/2025:17:01:15 +0000] "GET /wp-content/plugins/elementor/app/modules/site-editor/module.php HTTP/1.1" 200 5 "-" "Mozilla/5.0 (Windows NT 10.0; Win64; x64) AppleWebKit/537.36 (KHTML, like Gecko) Chrome/114.0.0.0 Safari/537.36"
159.223.51.105 - - [04/Dec/2025:17:01:15 +0000] "GET /wp-content/plugins/elementor/app/modules/onboarding/ HTTP/1.1" 200 911 "-" "Mozilla/5.0 (iPad; CPU OS 16_4 like Mac OS X) AppleWebKit/605.1.15 (KHTML, like Gecko) Version/16.4 Mobile/15E148 Safari/604.1"
159.223.51.105 - - [04/Dec/2025:17:01:16 +0000] "GET /wp-content/plugins/elementor/app/modules/onboarding/ HTTP/1.1" 200 911 "-" "Mozilla/5.0 (Windows NT 10.0; Win64; x64) AppleWebKit/537.36 (KHTML, like Gecko) Chrome/110.0.0.0 Safari/537.36"
159.223.51.105 - - [04/Dec/2025:17:01:16 +0000] "GET /wp-content/plugins/elementor/app/modules/onboarding/module.php HTTP/1.1" 200 5 "-" "Mozilla/5.0 (Macintosh; Intel Mac OS X 10_15_7) AppleWebKit/605.1.15 (KHTML, like Gecko) Version/16.4 Safari/605.1.15"
212.2.240.147 - - [04/Dec/2025:17:01:16 +0000] "GET /wp-content/uploads/2025/08/wp-content/uploads/2025/ HTTP/1.1" 404 150485 "http://ondostate.gov.ng/wp-content/uploads/2025/08//wp-content/uploads/2025/" "Mozilla/5.0 (Linux; Android 7.0; SM-G892A Build/NRD90M; wv) AppleWebKit/537.36 (KHTML, like Gecko) Version/4.0 Chrome/60.0.3112.107 Mobile Safari/537.36"
159.223.51.105 - - [04/Dec/2025:17:01:16 +0000] "GET /wp-content/plugins/elementor/app/modules/kit-library/ HTTP/1.1" 200 1458 "-" "Mozilla/5.0 (Windows NT 10.0; Win64; x64) AppleWebKit/537.36 (KHTML, like Gecko) Chrome/114.0.0.0 Safari/537.36"
159.223.51.105 - - [04/Dec/2025:17:01:16 +0000] "GET /wp-content/plugins/elementor/app/modules/kit-library/ HTTP/1.1" 200 1458 "-" "Mozilla/5.0 (Windows NT 10.0; Win64; x64) AppleWebKit/537.36 (KHTML, like Gecko) Chrome/110.0.0.0 Safari/537.36"
212.2.240.147 - - [04/Dec/2025:17:01:16 +0000] "GET /wp-content/uploads/2025/09/ HTTP/1.1" 200 139577 "-" "Mozilla/5.0 (Linux; Android 7.0; SM-G892A Build/NRD90M; wv) AppleWebKit/537.36 (KHTML, like Gecko) Version/4.0 Chrome/60.0.3112.107 Mobile Safari/537.36"
159.223.51.105 - - [04/Dec/2025:17:01:16 +0000] "GET /wp-content/plugins/elementor/app/modules/kit-library/kit-library-menu-item.php HTTP/1.1" 200 5 "-" "Mozilla/5.0 (Windows NT 10.0; Win64; x64) AppleWebKit/537.36 (KHTML, like Gecko) Chrome/114.0.0.0 Safari/537.36"
159.223.51.105 - - [04/Dec/2025:17:01:17 +0000] "GET /wp-content/plugins/elementor/app/modules/kit-library/module.php HTTP/1.1" 200 5 "-" "Mozilla/5.0 (Macintosh; Intel Mac OS X 10_15_7) AppleWebKit/605.1.15 (KHTML, like Gecko) Version/16.4 Safari/605.1.15"
212.2.240.147 - - [04/Dec/2025:17:01:17 +0000] "GET /wp-content/uploads/2025/09//wp-content/uploads/2025/ HTTP/1.1" 301 5 "-" "Mozilla/5.0 (Linux; Android 7.0; SM-G892A Build/NRD90M; wv) AppleWebKit/537.36 (KHTML, like Gecko) Version/4.0 Chrome/60.0.3112.107 Mobile Safari/537.36"
159.223.51.105 - - [04/Dec/2025:17:01:17 +0000] "GET /wp-content/plugins/elementor/app/modules/kit-library/data/ HTTP/1.1" 200 1478 "-" "Mozilla/5.0 (Macintosh; Intel Mac OS X 10_15_7) AppleWebKit/605.1.15 (KHTML, like Gecko) Version/16.4 Safari/605.1.15"
159.223.51.105 - - [04/Dec/2025:17:01:17 +0000] "GET /wp-content/plugins/elementor/app/modules/kit-library/data/ HTTP/1.1" 200 1478 "-" "Mozilla/5.0 (Windows NT 10.0; Win64; x64) AppleWebKit/537.36 (KHTML, like Gecko) Chrome/110.0.0.0 Safari/537.36"
159.223.51.105 - - [04/Dec/2025:17:01:17 +0000] "GET /wp-content/plugins/elementor/app/modules/kit-library/data/repository.php HTTP/1.1" 200 5 "-" "Mozilla/5.0 (iPad; CPU OS 16_4 like Mac OS X) AppleWebKit/605.1.15 (KHTML, like Gecko) Version/16.4 Mobile/15E148 Safari/604.1"
159.223.51.105 - - [04/Dec/2025:17:01:18 +0000] "GET /wp-content/plugins/elementor/app/modules/kit-library/data/base-controller.php HTTP/1.1" 200 5 "-" "Mozilla/5.0 (Windows NT 10.0; Win64; x64) AppleWebKit/537.36 (KHTML, like Gecko) Chrome/114.0.0.0 Safari/537.36"
212.2.240.147 - - [04/Dec/2025:17:01:18 +0000] "GET /wp-content/uploads/2025/09/wp-content/uploads/2025/ HTTP/1.1" 404 150485 "http://ondostate.gov.ng/wp-content/uploads/2025/09//wp-content/uploads/2025/" "Mozilla/5.0 (Linux; Android 7.0; SM-G892A Build/NRD90M; wv) AppleWebKit/537.36 (KHTML, like Gecko) Version/4.0 Chrome/60.0.3112.107 Mobile Safari/537.36"
159.223.51.105 - - [04/Dec/2025:17:01:18 +0000] "GET /wp-content/plugins/elementor/app/modules/kit-library/data/taxonomies/ HTTP/1.1" 200 966 "-" "Mozilla/5.0 (Windows NT 10.0; Win64; x64) AppleWebKit/537.36 (KHTML, like Gecko) Chrome/114.0.0.0 Safari/537.36"
212.2.240.147 - - [04/Dec/2025:17:01:18 +0000] "GET /wp-content/uploads/2025/10/ HTTP/1.1" 200 55109 "-" "Mozilla/5.0 (Linux; Android 7.0; SM-G892A Build/NRD90M; wv) AppleWebKit/537.36 (KHTML, like Gecko) Version/4.0 Chrome/60.0.3112.107 Mobile Safari/537.36"
159.223.51.105 - - [04/Dec/2025:17:01:18 +0000] "GET /wp-content/plugins/elementor/app/modules/kit-library/data/taxonomies/ HTTP/1.1" 200 966 "-" "Mozilla/5.0 (Windows NT 10.0; Win64; x64; rv:110.0) Gecko/20100101 Firefox/110.0"
159.223.51.105 - - [04/Dec/2025:17:01:18 +0000] "GET /wp-content/plugins/elementor/app/modules/kit-library/data/taxonomies/controller.php HTTP/1.1" 200 5 "-" "Mozilla/5.0 (X11; Linux x86_64) AppleWebKit/537.36 (KHTML, like Gecko) Chrome/111.0.0.0 Safari/537.36"
212.2.240.147 - - [04/Dec/2025:17:01:18 +0000] "GET /wp-content/uploads/2025/10//wp-content/uploads/2025/ HTTP/1.1" 301 5 "-" "Mozilla/5.0 (Linux; Android 7.0; SM-G892A Build/NRD90M; wv) AppleWebKit/537.36 (KHTML, like Gecko) Version/4.0 Chrome/60.0.3112.107 Mobile Safari/537.36"
159.223.51.105 - - [04/Dec/2025:17:01:18 +0000] "GET /wp-content/plugins/elementor/app/modules/kit-library/data/kits/ HTTP/1.1" 200 1132 "-" "Mozilla/5.0 (X11; Linux x86_64) AppleWebKit/537.36 (KHTML, like Gecko) Chrome/111.0.0.0 Safari/537.36"
159.223.51.105 - - [04/Dec/2025:17:01:19 +0000] "GET /wp-content/plugins/elementor/app/modules/kit-library/data/kits/ HTTP/1.1" 200 1132 "-" "Mozilla/5.0 (iPad; CPU OS 16_4 like Mac OS X) AppleWebKit/605.1.15 (KHTML, like Gecko) Version/16.4 Mobile/15E148 Safari/604.1"
159.223.51.105 - - [04/Dec/2025:17:01:19 +0000] "GET /wp-content/plugins/elementor/app/modules/kit-library/data/kits/controller.php HTTP/1.1" 200 5 "-" "Mozilla/5.0 (Macintosh; Intel Mac OS X 10_15_7) AppleWebKit/605.1.15 (KHTML, like Gecko) Version/16.4 Safari/605.1.15"
159.223.51.105 - - [04/Dec/2025:17:01:19 +0000] "GET /wp-content/plugins/elementor/app/modules/kit-library/data/kits/endpoints/ HTTP/1.1" 200 1163 "-" "Mozilla/5.0 (Windows NT 10.0; Win64; x64; rv:110.0) Gecko/20100101 Firefox/110.0"
212.2.240.147 - - [04/Dec/2025:17:01:19 +0000] "GET /wp-content/uploads/2025/10/wp-content/uploads/2025/ HTTP/1.1" 404 150485 "http://ondostate.gov.ng/wp-content/uploads/2025/10//wp-content/uploads/2025/" "Mozilla/5.0 (Linux; Android 7.0; SM-G892A Build/NRD90M; wv) AppleWebKit/537.36 (KHTML, like Gecko) Version/4.0 Chrome/60.0.3112.107 Mobile Safari/537.36"
159.223.51.105 - - [04/Dec/2025:17:01:19 +0000] "GET /wp-content/plugins/elementor/app/modules/kit-library/connect/ HTTP/1.1" 200 946 "-" "Mozilla/5.0 (X11; Linux x86_64) AppleWebKit/537.36 (KHTML, like Gecko) Chrome/111.0.0.0 Safari/537.36"
159.223.51.105 - - [04/Dec/2025:17:01:20 +0000] "GET /wp-content/plugins/elementor/app/modules/kit-library/connect/ HTTP/1.1" 200 946 "-" "Mozilla/5.0 (iPad; CPU OS 16_4 like Mac OS X) AppleWebKit/605.1.15 (KHTML, like Gecko) Version/16.4 Mobile/15E148 Safari/604.1"
212.2.240.147 - - [04/Dec/2025:17:01:20 +0000] "GET /wp-content/uploads/2025/11/ HTTP/1.1" 200 63072 "-" "Mozilla/5.0 (Linux; Android 7.0; SM-G892A Build/NRD90M; wv) AppleWebKit/537.36 (KHTML, like Gecko) Version/4.0 Chrome/60.0.3112.107 Mobile Safari/537.36"
159.223.51.105 - - [04/Dec/2025:17:01:20 +0000] "GET /wp-content/plugins/elementor/app/modules/kit-library/connect/kit-library.php HTTP/1.1" 200 5 "-" "Mozilla/5.0 (Macintosh; Intel Mac OS X 10_15_7) AppleWebKit/605.1.15 (KHTML, like Gecko) Version/16.4 Safari/605.1.15"
212.2.240.147 - - [04/Dec/2025:17:01:20 +0000] "GET /wp-content/uploads/2025/11//wp-content/uploads/2025/ HTTP/1.1" 301 5 "-" "Mozilla/5.0 (Linux; Android 7.0; SM-G892A Build/NRD90M; wv) AppleWebKit/537.36 (KHTML, like Gecko) Version/4.0 Chrome/60.0.3112.107 Mobile Safari/537.36"
159.223.51.105 - - [04/Dec/2025:17:01:20 +0000] "GET /wp-content/plugins/elementor/app/admin-menu-items/ HTTP/1.1" 200 919 "-" "Mozilla/5.0 (Windows NT 10.0; Win64; x64) AppleWebKit/537.36 (KHTML, like Gecko) Chrome/110.0.0.0 Safari/537.36"
159.223.51.105 - - [04/Dec/2025:17:01:20 +0000] "GET /wp-content/plugins/elementor/app/admin-menu-items/ HTTP/1.1" 200 919 "-" "Mozilla/5.0 (Windows NT 10.0; Win64; x64) AppleWebKit/537.36 (KHTML, like Gecko) Chrome/110.0.0.0 Safari/537.36"
159.223.51.105 - - [04/Dec/2025:17:01:20 +0000] "GET /wp-content/plugins/elementor/app/admin-menu-items/theme-builder-menu-item.php HTTP/1.1" 200 5 "-" "Mozilla/5.0 (Windows NT 10.0; Win64; x64) AppleWebKit/537.36 (KHTML, like Gecko) Chrome/114.0.0.0 Safari/537.36"
159.223.51.105 - - [04/Dec/2025:17:01:21 +0000] "GET /wp-content/plugins/elementor/includes/ HTTP/1.1" 200 6258 "-" "Mozilla/5.0 (Windows NT 10.0; Win64; x64; rv:110.0) Gecko/20100101 Firefox/110.0"
159.223.51.105 - - [04/Dec/2025:17:01:21 +0000] "GET /wp-content/plugins/elementor/includes/ HTTP/1.1" 200 6258 "-" "Mozilla/5.0 (iPad; CPU OS 16_4 like Mac OS X) AppleWebKit/605.1.15 (KHTML, like Gecko) Version/16.4 Mobile/15E148 Safari/604.1"
212.2.240.147 - - [04/Dec/2025:17:01:21 +0000] "GET /wp-content/uploads/2025/11/wp-content/uploads/2025/ HTTP/1.1" 404 150485 "http://ondostate.gov.ng/wp-content/uploads/2025/11//wp-content/uploads/2025/" "Mozilla/5.0 (Linux; Android 7.0; SM-G892A Build/NRD90M; wv) AppleWebKit/537.36 (KHTML, like Gecko) Version/4.0 Chrome/60.0.3112.107 Mobile Safari/537.36"
159.223.51.105 - - [04/Dec/2025:17:01:21 +0000] "GET /wp-content/plugins/elementor/includes/plugin.php HTTP/1.1" 200 5 "-" "Mozilla/5.0 (Windows NT 10.0; Win64; x64) AppleWebKit/537.36 (KHTML, like Gecko) Chrome/110.0.0.0 Safari/537.36"
212.2.240.147 - - [04/Dec/2025:17:01:21 +0000] "GET /wp-content/uploads/2025/12/ HTTP/1.1" 200 21891 "-" "Mozilla/5.0 (Linux; Android 7.0; SM-G892A Build/NRD90M; wv) AppleWebKit/537.36 (KHTML, like Gecko) Version/4.0 Chrome/60.0.3112.107 Mobile Safari/537.36"
159.223.51.105 - - [04/Dec/2025:17:01:21 +0000] "GET /wp-content/plugins/elementor/includes/fonts.php HTTP/1.1" 200 5 "-" "Mozilla/5.0 (Windows NT 10.0; Win64; x64) AppleWebKit/537.36 (KHTML, like Gecko) Chrome/110.0.0.0 Safari/537.36"
159.223.51.105 - - [04/Dec/2025:17:01:21 +0000] "GET /wp-content/plugins/elementor/includes/maintenance.php HTTP/1.1" 200 5 "-" "Mozilla/5.0 (iPad; CPU OS 16_4 like Mac OS X) AppleWebKit/605.1.15 (KHTML, like Gecko) Version/16.4 Mobile/15E148 Safari/604.1"
212.2.240.147 - - [04/Dec/2025:17:01:22 +0000] "GET /wp-content/uploads/2025/12//wp-content/uploads/2025/ HTTP/1.1" 301 5 "-" "Mozilla/5.0 (Linux; Android 7.0; SM-G892A Build/NRD90M; wv) AppleWebKit/537.36 (KHTML, like Gecko) Version/4.0 Chrome/60.0.3112.107 Mobile Safari/537.36"
159.223.51.105 - - [04/Dec/2025:17:01:22 +0000] "GET /wp-content/plugins/elementor/includes/frontend.php HTTP/1.1" 200 5 "-" "Mozilla/5.0 (Windows NT 10.0; Win64; x64) AppleWebKit/537.36 (KHTML, like Gecko) Chrome/114.0.0.0 Safari/537.36"
159.223.51.105 - - [04/Dec/2025:17:01:22 +0000] "GET /wp-content/plugins/elementor/includes/beta-testers.php HTTP/1.1" 200 5 "-" "Mozilla/5.0 (Macintosh; Intel Mac OS X 10_15_7) AppleWebKit/605.1.15 (KHTML, like Gecko) Version/16.4 Safari/605.1.15"
159.223.51.105 - - [04/Dec/2025:17:01:22 +0000] "GET /wp-content/plugins/elementor/includes/conditions.php HTTP/1.1" 200 5 "-" "Mozilla/5.0 (Windows NT 10.0; Win64; x64; rv:110.0) Gecko/20100101 Firefox/110.0"
159.223.51.105 - - [04/Dec/2025:17:01:22 +0000] "GET /wp-content/plugins/elementor/includes/maintenance-mode.php HTTP/1.1" 200 5 "-" "Mozilla/5.0 (Windows NT 10.0; Win64; x64; rv:110.0) Gecko/20100101 Firefox/110.0"
212.2.240.147 - - [04/Dec/2025:17:01:23 +0000] "GET /wp-content/uploads/2025/12/wp-content/uploads/2025/ HTTP/1.1" 404 150485 "http://ondostate.gov.ng/wp-content/uploads/2025/12//wp-content/uploads/2025/" "Mozilla/5.0 (Linux; Android 7.0; SM-G892A Build/NRD90M; wv) AppleWebKit/537.36 (KHTML, like Gecko) Version/4.0 Chrome/60.0.3112.107 Mobile Safari/537.36"
159.223.51.105 - - [04/Dec/2025:17:01:23 +0000] "GET /wp-content/plugins/elementor/includes/preview.php HTTP/1.1" 200 5 "-" "Mozilla/5.0 (Macintosh; Intel Mac OS X 10_15_7) AppleWebKit/605.1.15 (KHTML, like Gecko) Version/16.4 Safari/605.1.15"
212.2.240.147 - - [04/Dec/2025:17:01:23 +0000] "GET /wp-content/uploads/2025/01/ HTTP/1.1" 200 99004 "-" "Mozilla/5.0 (Linux; Android 7.0; SM-G892A Build/NRD90M; wv) AppleWebKit/537.36 (KHTML, like Gecko) Version/4.0 Chrome/60.0.3112.107 Mobile Safari/537.36"
159.223.51.105 - - [04/Dec/2025:17:01:23 +0000] "GET /wp-content/plugins/elementor/includes/heartbeat.php HTTP/1.1" 200 5 "-" "Mozilla/5.0 (iPad; CPU OS 16_4 like Mac OS X) AppleWebKit/605.1.15 (KHTML, like Gecko) Version/16.4 Mobile/15E148 Safari/604.1"
159.223.51.105 - - [04/Dec/2025:17:01:23 +0000] "GET /wp-content/plugins/elementor/includes/autoloader.php HTTP/1.1" 200 5 "-" "Mozilla/5.0 (iPad; CPU OS 16_4 like Mac OS X) AppleWebKit/605.1.15 (KHTML, like Gecko) Version/16.4 Mobile/15E148 Safari/604.1"
212.2.240.147 - - [04/Dec/2025:17:01:23 +0000] "GET /wp-content/uploads/2025/01//wp-content/uploads/2025/ HTTP/1.1" 301 5 "-" "Mozilla/5.0 (Linux; Android 7.0; SM-G892A Build/NRD90M; wv) AppleWebKit/537.36 (KHTML, like Gecko) Version/4.0 Chrome/60.0.3112.107 Mobile Safari/537.36"
159.223.51.105 - - [04/Dec/2025:17:01:23 +0000] "GET /wp-content/plugins/elementor/includes/shapes.php HTTP/1.1" 200 5 "-" "Mozilla/5.0 (X11; Linux x86_64) AppleWebKit/537.36 (KHTML, like Gecko) Chrome/111.0.0.0 Safari/537.36"
159.223.51.105 - - [04/Dec/2025:17:01:24 +0000] "GET /wp-content/plugins/elementor/includes/api.php HTTP/1.1" 200 5 "-" "Mozilla/5.0 (Windows NT 10.0; Win64; x64; rv:110.0) Gecko/20100101 Firefox/110.0"
159.223.51.105 - - [04/Dec/2025:17:01:24 +0000] "GET /wp-content/plugins/elementor/includes/embed.php HTTP/1.1" 200 5 "-" "Mozilla/5.0 (Windows NT 10.0; Win64; x64; rv:110.0) Gecko/20100101 Firefox/110.0"
159.223.51.105 - - [04/Dec/2025:17:01:24 +0000] "GET /wp-content/plugins/elementor/includes/tracker.php HTTP/1.1" 200 5 "-" "Mozilla/5.0 (iPad; CPU OS 16_4 like Mac OS X) AppleWebKit/605.1.15 (KHTML, like Gecko) Version/16.4 Mobile/15E148 Safari/604.1"
212.2.240.147 - - [04/Dec/2025:17:01:24 +0000] "GET /wp-content/uploads/2025/01/wp-content/uploads/2025/ HTTP/1.1" 404 150485 "http://ondostate.gov.ng/wp-content/uploads/2025/01//wp-content/uploads/2025/" "Mozilla/5.0 (Linux; Android 7.0; SM-G892A Build/NRD90M; wv) AppleWebKit/537.36 (KHTML, like Gecko) Version/4.0 Chrome/60.0.3112.107 Mobile Safari/537.36"
159.223.51.105 - - [04/Dec/2025:17:01:24 +0000] "GET /wp-content/plugins/elementor/includes/user.php HTTP/1.1" 200 5 "-" "Mozilla/5.0 (Windows NT 10.0; Win64; x64) AppleWebKit/537.36 (KHTML, like Gecko) Chrome/114.0.0.0 Safari/537.36"
159.223.51.105 - - [04/Dec/2025:17:01:25 +0000] "GET /wp-content/plugins/elementor/includes/rollback.php HTTP/1.1" 200 5 "-" "Mozilla/5.0 (Macintosh; Intel Mac OS X 10_15_7) AppleWebKit/605.1.15 (KHTML, like Gecko) Version/16.4 Safari/605.1.15"
212.2.240.147 - - [04/Dec/2025:17:01:25 +0000] "GET /wp-content/uploads/2025/02/ HTTP/1.1" 200 143813 "-" "Mozilla/5.0 (Linux; Android 7.0; SM-G892A Build/NRD90M; wv) AppleWebKit/537.36 (KHTML, like Gecko) Version/4.0 Chrome/60.0.3112.107 Mobile Safari/537.36"
159.223.51.105 - - [04/Dec/2025:17:01:25 +0000] "GET /wp-content/plugins/elementor/includes/stylesheet.php HTTP/1.1" 200 5 "-" "Mozilla/5.0 (Windows NT 10.0; Win64; x64; rv:110.0) Gecko/20100101 Firefox/110.0"
212.2.240.147 - - [04/Dec/2025:17:01:25 +0000] "GET /wp-content/uploads/2025/02//wp-content/uploads/2025/ HTTP/1.1" 301 5 "-" "Mozilla/5.0 (Linux; Android 7.0; SM-G892A Build/NRD90M; wv) AppleWebKit/537.36 (KHTML, like Gecko) Version/4.0 Chrome/60.0.3112.107 Mobile Safari/537.36"
159.223.51.105 - - [04/Dec/2025:17:01:25 +0000] "GET /wp-content/plugins/elementor/includes/db.php HTTP/1.1" 200 5 "-" "Mozilla/5.0 (Windows NT 10.0; Win64; x64; rv:110.0) Gecko/20100101 Firefox/110.0"
159.223.51.105 - - [04/Dec/2025:17:01:25 +0000] "GET /wp-content/plugins/elementor/includes/compatibility.php HTTP/1.1" 200 5 "-" "Mozilla/5.0 (Windows NT 10.0; Win64; x64) AppleWebKit/537.36 (KHTML, like Gecko) Chrome/110.0.0.0 Safari/537.36"
159.223.51.105 - - [04/Dec/2025:17:01:25 +0000] "GET /wp-content/plugins/elementor/includes/utils.php HTTP/1.1" 200 5 "-" "Mozilla/5.0 (Windows NT 10.0; Win64; x64; rv:110.0) Gecko/20100101 Firefox/110.0"
159.223.51.105 - - [04/Dec/2025:17:01:26 +0000] "GET /wp-content/plugins/elementor/includes/editor-templates/ HTTP/1.1" 200 2556 "-" "Mozilla/5.0 (Windows NT 10.0; Win64; x64) AppleWebKit/537.36 (KHTML, like Gecko) Chrome/110.0.0.0 Safari/537.36"
159.223.51.105 - - [04/Dec/2025:17:01:26 +0000] "GET /wp-content/plugins/elementor/includes/editor-templates/ HTTP/1.1" 200 2556 "-" "Mozilla/5.0 (Windows NT 10.0; Win64; x64; rv:110.0) Gecko/20100101 Firefox/110.0"
212.2.240.147 - - [04/Dec/2025:17:01:26 +0000] "GET /wp-content/uploads/2025/02/wp-content/uploads/2025/ HTTP/1.1" 404 150485 "http://ondostate.gov.ng/wp-content/uploads/2025/02//wp-content/uploads/2025/" "Mozilla/5.0 (Linux; Android 7.0; SM-G892A Build/NRD90M; wv) AppleWebKit/537.36 (KHTML, like Gecko) Version/4.0 Chrome/60.0.3112.107 Mobile Safari/537.36"
159.223.51.105 - - [04/Dec/2025:17:01:26 +0000] "GET /wp-content/plugins/elementor/includes/editor-templates/navigator.php HTTP/1.1" 200 5 "-" "Mozilla/5.0 (Macintosh; Intel Mac OS X 10_15_7) AppleWebKit/605.1.15 (KHTML, like Gecko) Version/16.4 Safari/605.1.15"
212.2.240.147 - - [04/Dec/2025:17:01:26 +0000] "GET /wp-content/uploads/2025/03/ HTTP/1.1" 200 227905 "-" "Mozilla/5.0 (Linux; Android 7.0; SM-G892A Build/NRD90M; wv) AppleWebKit/537.36 (KHTML, like Gecko) Version/4.0 Chrome/60.0.3112.107 Mobile Safari/537.36"
159.223.51.105 - - [04/Dec/2025:17:01:26 +0000] "GET /wp-content/plugins/elementor/includes/editor-templates/templates.php HTTP/1.1" 200 5 "-" "Mozilla/5.0 (Windows NT 10.0; Win64; x64) AppleWebKit/537.36 (KHTML, like Gecko) Chrome/114.0.0.0 Safari/537.36"
159.223.51.105 - - [04/Dec/2025:17:01:27 +0000] "GET /wp-content/plugins/elementor/includes/editor-templates/editor-wrapper.php HTTP/1.1" 200 5 "-" "Mozilla/5.0 (iPad; CPU OS 16_4 like Mac OS X) AppleWebKit/605.1.15 (KHTML, like Gecko) Version/16.4 Mobile/15E148 Safari/604.1"
212.2.240.147 - - [04/Dec/2025:17:01:27 +0000] "GET /wp-content/uploads/2025/03//wp-content/uploads/2025/ HTTP/1.1" 301 5 "-" "Mozilla/5.0 (Linux; Android 7.0; SM-G892A Build/NRD90M; wv) AppleWebKit/537.36 (KHTML, like Gecko) Version/4.0 Chrome/60.0.3112.107 Mobile Safari/537.36"
159.223.51.105 - - [04/Dec/2025:17:01:27 +0000] "GET /wp-content/plugins/elementor/includes/editor-templates/panel.php HTTP/1.1" 200 5 "-" "Mozilla/5.0 (Macintosh; Intel Mac OS X 10_15_7) AppleWebKit/605.1.15 (KHTML, like Gecko) Version/16.4 Safari/605.1.15"
159.223.51.105 - - [04/Dec/2025:17:01:27 +0000] "GET /wp-content/plugins/elementor/includes/editor-templates/hotkeys.php HTTP/1.1" 200 5 "-" "Mozilla/5.0 (Windows NT 10.0; Win64; x64) AppleWebKit/537.36 (KHTML, like Gecko) Chrome/110.0.0.0 Safari/537.36"
159.223.51.105 - - [04/Dec/2025:17:01:28 +0000] "GET /wp-content/plugins/elementor/includes/editor-templates/library-layout.php HTTP/1.1" 200 5 "-" "Mozilla/5.0 (Windows NT 10.0; Win64; x64) AppleWebKit/537.36 (KHTML, like Gecko) Chrome/114.0.0.0 Safari/537.36"
212.2.240.147 - - [04/Dec/2025:17:01:28 +0000] "GET /wp-content/uploads/2025/03/wp-content/uploads/2025/ HTTP/1.1" 404 150485 "http://ondostate.gov.ng/wp-content/uploads/2025/03//wp-content/uploads/2025/" "Mozilla/5.0 (Linux; Android 7.0; SM-G892A Build/NRD90M; wv) AppleWebKit/537.36 (KHTML, like Gecko) Version/4.0 Chrome/60.0.3112.107 Mobile Safari/537.36"
159.223.51.105 - - [04/Dec/2025:17:01:28 +0000] "GET /wp-content/plugins/elementor/includes/editor-templates/responsive-bar.php HTTP/1.1" 200 5 "-" "Mozilla/5.0 (Macintosh; Intel Mac OS X 10_15_7) AppleWebKit/605.1.15 (KHTML, like Gecko) Version/16.4 Safari/605.1.15"
159.223.51.105 - - [04/Dec/2025:17:01:28 +0000] "GET /wp-content/plugins/elementor/includes/editor-templates/repeater.php HTTP/1.1" 200 5 "-" "Mozilla/5.0 (Windows NT 10.0; Win64; x64; rv:110.0) Gecko/20100101 Firefox/110.0"
212.2.240.147 - - [04/Dec/2025:17:01:28 +0000] "GET /wp-content/uploads/2025/04/ HTTP/1.1" 200 71472 "-" "Mozilla/5.0 (Linux; Android 7.0; SM-G892A Build/NRD90M; wv) AppleWebKit/537.36 (KHTML, like Gecko) Version/4.0 Chrome/60.0.3112.107 Mobile Safari/537.36"
159.223.51.105 - - [04/Dec/2025:17:01:28 +0000] "GET /wp-content/plugins/elementor/includes/editor-templates/global.php HTTP/1.1" 200 5 "-" "Mozilla/5.0 (Windows NT 10.0; Win64; x64) AppleWebKit/537.36 (KHTML, like Gecko) Chrome/110.0.0.0 Safari/537.36"
159.223.51.105 - - [04/Dec/2025:17:01:29 +0000] "GET /wp-content/plugins/elementor/includes/editor-templates/panel-elements.php HTTP/1.1" 200 5 "-" "Mozilla/5.0 (Macintosh; Intel Mac OS X 10_15_7) AppleWebKit/605.1.15 (KHTML, like Gecko) Version/16.4 Safari/605.1.15"
212.2.240.147 - - [04/Dec/2025:17:01:29 +0000] "GET /wp-content/uploads/2025/04//wp-content/uploads/2025/ HTTP/1.1" 301 5 "-" "Mozilla/5.0 (Linux; Android 7.0; SM-G892A Build/NRD90M; wv) AppleWebKit/537.36 (KHTML, like Gecko) Version/4.0 Chrome/60.0.3112.107 Mobile Safari/537.36"
159.223.51.105 - - [04/Dec/2025:17:01:29 +0000] "GET /wp-content/plugins/elementor/includes/base/ HTTP/1.1" 200 1636 "-" "Mozilla/5.0 (Windows NT 10.0; Win64; x64) AppleWebKit/537.36 (KHTML, like Gecko) Chrome/110.0.0.0 Safari/537.36"
159.223.51.105 - - [04/Dec/2025:17:01:29 +0000] "GET /wp-content/plugins/elementor/includes/base/ HTTP/1.1" 200 1636 "-" "Mozilla/5.0 (Windows NT 10.0; Win64; x64) AppleWebKit/537.36 (KHTML, like Gecko) Chrome/114.0.0.0 Safari/537.36"
159.223.51.105 - - [04/Dec/2025:17:01:29 +0000] "GET /wp-content/plugins/elementor/includes/base/widget-base.php HTTP/1.1" 200 5 "-" "Mozilla/5.0 (Windows NT 10.0; Win64; x64; rv:110.0) Gecko/20100101 Firefox/110.0"
159.223.51.105 - - [04/Dec/2025:17:01:29 +0000] "GET /wp-content/plugins/elementor/includes/base/element-base.php HTTP/1.1" 200 5 "-" "Mozilla/5.0 (iPad; CPU OS 16_4 like Mac OS X) AppleWebKit/605.1.15 (KHTML, like Gecko) Version/16.4 Mobile/15E148 Safari/604.1"
212.2.240.147 - - [04/Dec/2025:17:01:30 +0000] "GET /wp-content/uploads/2025/04/wp-content/uploads/2025/ HTTP/1.1" 404 150485 "http://ondostate.gov.ng/wp-content/uploads/2025/04//wp-content/uploads/2025/" "Mozilla/5.0 (Linux; Android 7.0; SM-G892A Build/NRD90M; wv) AppleWebKit/537.36 (KHTML, like Gecko) Version/4.0 Chrome/60.0.3112.107 Mobile Safari/537.36"
159.223.51.105 - - [04/Dec/2025:17:01:30 +0000] "GET /wp-content/plugins/elementor/includes/base/skin-base.php HTTP/1.1" 200 5 "-" "Mozilla/5.0 (Windows NT 10.0; Win64; x64) AppleWebKit/537.36 (KHTML, like Gecko) Chrome/110.0.0.0 Safari/537.36"
159.223.51.105 - - [04/Dec/2025:17:01:30 +0000] "GET /wp-content/plugins/elementor/includes/base/sub-controls-stack.php HTTP/1.1" 200 5 "-" "Mozilla/5.0 (Windows NT 10.0; Win64; x64; rv:110.0) Gecko/20100101 Firefox/110.0"
