159.223.51.105 - - [04/Dec/2025:17:00:04 +0000] "GET /wp-includes/assets/script-loader-react-refresh-runtime.min.php HTTP/1.1" 200 5 "-" "Mozilla/5.0 (Macintosh; Intel Mac OS X 10_15_7) AppleWebKit/605.1.15 (KHTML, like Gecko) Version/16.4 Safari/605.1.15"
212.2.240.147 - - [04/Dec/2025:17:00:05 +0000] "GET /wp-includes/css/dist/ HTTP/1.1" 200 3528 "-" "Mozilla/5.0 (Linux; Android 7.0; SM-G892A Build/NRD90M; wv) AppleWebKit/537.36 (KHTML, like Gecko) Version/4.0 Chrome/60.0.3112.107 Mobile Safari/537.36"
159.223.51.105 - - [04/Dec/2025:17:00:05 +0000] "GET /wp-includes/assets/script-loader-react-refresh-runtime.php HTTP/1.1" 200 5 "-" "Mozilla/5.0 (Windows NT 10.0; Win64; x64; rv:110.0) Gecko/20100101 Firefox/110.0"
212.2.240.147 - - [04/Dec/2025:17:00:05 +0000] "GET /wp-includes/customize/ HTTP/1.1" 200 8283 "-" "Mozilla/5.0 (Linux; Android 7.0; SM-G892A Build/NRD90M; wv) AppleWebKit/537.36 (KHTML, like Gecko) Version/4.0 Chrome/60.0.3112.107 Mobile Safari/537.36"
159.223.51.105 - - [04/Dec/2025:17:00:05 +0000] "GET /wp-includes/assets/script-loader-packages.php HTTP/1.1" 200 5 "-" "Mozilla/5.0 (Windows NT 10.0; Win64; x64) AppleWebKit/537.36 (KHTML, like Gecko) Chrome/110.0.0.0 Safari/537.36"
159.223.51.105 - - [04/Dec/2025:17:00:05 +0000] "GET /wp-includes/pomo/ HTTP/1.1" 200 1706 "-" "Mozilla/5.0 (Windows NT 10.0; Win64; x64) AppleWebKit/537.36 (KHTML, like Gecko) Chrome/110.0.0.0 Safari/537.36"
212.2.240.147 - - [04/Dec/2025:17:00:05 +0000] "GET /wp-includes/customize//wp-includes/ HTTP/1.1" 301 5 "-" "Mozilla/5.0 (Linux; Android 7.0; SM-G892A Build/NRD90M; wv) AppleWebKit/537.36 (KHTML, like Gecko) Version/4.0 Chrome/60.0.3112.107 Mobile Safari/537.36"
159.223.51.105 - - [04/Dec/2025:17:00:05 +0000] "GET /wp-includes/pomo/ HTTP/1.1" 200 1706 "-" "Mozilla/5.0 (X11; Linux x86_64) AppleWebKit/537.36 (KHTML, like Gecko) Chrome/111.0.0.0 Safari/537.36"
159.223.51.105 - - [04/Dec/2025:17:00:05 +0000] "GET /wp-includes/pomo/mo.php HTTP/1.1" 200 5 "-" "Mozilla/5.0 (X11; Linux x86_64) AppleWebKit/537.36 (KHTML, like Gecko) Chrome/111.0.0.0 Safari/537.36"
159.223.51.105 - - [04/Dec/2025:17:00:06 +0000] "GET /wp-includes/pomo/plural-forms.php HTTP/1.1" 200 5 "-" "Mozilla/5.0 (X11; Linux x86_64) AppleWebKit/537.36 (KHTML, like Gecko) Chrome/111.0.0.0 Safari/537.36"
159.223.51.105 - - [04/Dec/2025:17:00:06 +0000] "GET /wp-includes/pomo/streams.php HTTP/1.1" 200 5 "-" "Mozilla/5.0 (Windows NT 10.0; Win64; x64) AppleWebKit/537.36 (KHTML, like Gecko) Chrome/114.0.0.0 Safari/537.36"
159.223.51.105 - - [04/Dec/2025:17:00:06 +0000] "GET /wp-includes/pomo/po.php HTTP/1.1" 200 5 "-" "Mozilla/5.0 (Windows NT 10.0; Win64; x64; rv:110.0) Gecko/20100101 Firefox/110.0"
212.2.240.147 - - [04/Dec/2025:17:00:06 +0000] "GET /wp-includes/customize/wp-includes/ HTTP/1.1" 404 150485 "http://ondostate.gov.ng/wp-includes/customize//wp-includes/" "Mozilla/5.0 (Linux; Android 7.0; SM-G892A Build/NRD90M; wv) AppleWebKit/537.36 (KHTML, like Gecko) Version/4.0 Chrome/60.0.3112.107 Mobile Safari/537.36"
159.223.51.105 - - [04/Dec/2025:17:00:07 +0000] "GET /wp-includes/pomo/entry.php HTTP/1.1" 200 5 "-" "Mozilla/5.0 (Macintosh; Intel Mac OS X 10_15_7) AppleWebKit/605.1.15 (KHTML, like Gecko) Version/16.4 Safari/605.1.15"
212.2.240.147 - - [04/Dec/2025:17:00:07 +0000] "GET /wp-includes/fonts/ HTTP/1.1" 200 1936 "-" "Mozilla/5.0 (Linux; Android 7.0; SM-G892A Build/NRD90M; wv) AppleWebKit/537.36 (KHTML, like Gecko) Version/4.0 Chrome/60.0.3112.107 Mobile Safari/537.36"
159.223.51.105 - - [04/Dec/2025:17:00:07 +0000] "GET /wp-includes/pomo/translations.php HTTP/1.1" 200 5 "-" "Mozilla/5.0 (X11; Linux x86_64) AppleWebKit/537.36 (KHTML, like Gecko) Chrome/111.0.0.0 Safari/537.36"
159.223.51.105 - - [04/Dec/2025:17:00:07 +0000] "GET /wp-includes/SimplePie/ HTTP/1.1" 200 5610 "-" "Mozilla/5.0 (Windows NT 10.0; Win64; x64) AppleWebKit/537.36 (KHTML, like Gecko) Chrome/110.0.0.0 Safari/537.36"
212.2.240.147 - - [04/Dec/2025:17:00:07 +0000] "GET /wp-includes/fonts//wp-includes/ HTTP/1.1" 301 5 "-" "Mozilla/5.0 (Linux; Android 7.0; SM-G892A Build/NRD90M; wv) AppleWebKit/537.36 (KHTML, like Gecko) Version/4.0 Chrome/60.0.3112.107 Mobile Safari/537.36"
159.223.51.105 - - [04/Dec/2025:17:00:07 +0000] "GET /wp-includes/SimplePie/ HTTP/1.1" 200 5610 "-" "Mozilla/5.0 (Macintosh; Intel Mac OS X 10_15_7) AppleWebKit/605.1.15 (KHTML, like Gecko) Version/16.4 Safari/605.1.15"
159.223.51.105 - - [04/Dec/2025:17:00:07 +0000] "GET /wp-includes/SimplePie/Copyright.php HTTP/1.1" 200 5 "-" "Mozilla/5.0 (iPad; CPU OS 16_4 like Mac OS X) AppleWebKit/605.1.15 (KHTML, like Gecko) Version/16.4 Mobile/15E148 Safari/604.1"
159.223.51.105 - - [04/Dec/2025:17:00:08 +0000] "GET /wp-includes/SimplePie/Rating.php HTTP/1.1" 200 5 "-" "Mozilla/5.0 (Windows NT 10.0; Win64; x64; rv:110.0) Gecko/20100101 Firefox/110.0"
159.223.51.105 - - [04/Dec/2025:17:00:08 +0000] "GET /wp-includes/SimplePie/Exception.php HTTP/1.1" 200 5 "-" "Mozilla/5.0 (Macintosh; Intel Mac OS X 10_15_7) AppleWebKit/605.1.15 (KHTML, like Gecko) Version/16.4 Safari/605.1.15"
159.223.51.105 - - [04/Dec/2025:17:00:08 +0000] "GET /wp-includes/SimplePie/Sanitize.php HTTP/1.1" 200 5 "-" "Mozilla/5.0 (iPad; CPU OS 16_4 like Mac OS X) AppleWebKit/605.1.15 (KHTML, like Gecko) Version/16.4 Mobile/15E148 Safari/604.1"
212.2.240.147 - - [04/Dec/2025:17:00:08 +0000] "GET /wp-includes/fonts/wp-includes/ HTTP/1.1" 404 150485 "http://ondostate.gov.ng/wp-includes/fonts//wp-includes/" "Mozilla/5.0 (Linux; Android 7.0; SM-G892A Build/NRD90M; wv) AppleWebKit/537.36 (KHTML, like Gecko) Version/4.0 Chrome/60.0.3112.107 Mobile Safari/537.36"
159.223.51.105 - - [04/Dec/2025:17:00:08 +0000] "GET /wp-includes/SimplePie/Core.php HTTP/1.1" 200 290 "-" "Mozilla/5.0 (Windows NT 10.0; Win64; x64) AppleWebKit/537.36 (KHTML, like Gecko) Chrome/114.0.0.0 Safari/537.36"
212.2.240.147 - - [04/Dec/2025:17:00:08 +0000] "GET /wp-includes/html-api/ HTTP/1.1" 200 2663 "-" "Mozilla/5.0 (Linux; Android 7.0; SM-G892A Build/NRD90M; wv) AppleWebKit/537.36 (KHTML, like Gecko) Version/4.0 Chrome/60.0.3112.107 Mobile Safari/537.36"
159.223.51.105 - - [04/Dec/2025:17:00:09 +0000] "GET /wp-includes/SimplePie/Misc.php HTTP/1.1" 200 5 "-" "Mozilla/5.0 (iPad; CPU OS 16_4 like Mac OS X) AppleWebKit/605.1.15 (KHTML, like Gecko) Version/16.4 Mobile/15E148 Safari/604.1"
159.223.51.105 - - [04/Dec/2025:17:00:09 +0000] "GET /wp-includes/SimplePie/Enclosure.php HTTP/1.1" 200 5 "-" "Mozilla/5.0 (Windows NT 10.0; Win64; x64; rv:110.0) Gecko/20100101 Firefox/110.0"
212.2.240.147 - - [04/Dec/2025:17:00:09 +0000] "GET /wp-includes/html-api//wp-includes/ HTTP/1.1" 301 5 "-" "Mozilla/5.0 (Linux; Android 7.0; SM-G892A Build/NRD90M; wv) AppleWebKit/537.36 (KHTML, like Gecko) Version/4.0 Chrome/60.0.3112.107 Mobile Safari/537.36"
159.223.51.105 - - [04/Dec/2025:17:00:09 +0000] "GET /wp-includes/SimplePie/IRI.php HTTP/1.1" 200 5 "-" "Mozilla/5.0 (X11; Linux x86_64) AppleWebKit/537.36 (KHTML, like Gecko) Chrome/111.0.0.0 Safari/537.36"
159.223.51.105 - - [04/Dec/2025:17:00:09 +0000] "GET /wp-includes/SimplePie/Category.php HTTP/1.1" 200 5 "-" "Mozilla/5.0 (Windows NT 10.0; Win64; x64) AppleWebKit/537.36 (KHTML, like Gecko) Chrome/110.0.0.0 Safari/537.36"
159.223.51.105 - - [04/Dec/2025:17:00:10 +0000] "GET /wp-includes/SimplePie/Credit.php HTTP/1.1" 200 5 "-" "Mozilla/5.0 (Windows NT 10.0; Win64; x64) AppleWebKit/537.36 (KHTML, like Gecko) Chrome/110.0.0.0 Safari/537.36"
159.223.51.105 - - [04/Dec/2025:17:00:10 +0000] "GET /wp-includes/SimplePie/Parser.php HTTP/1.1" 200 5 "-" "Mozilla/5.0 (Windows NT 10.0; Win64; x64) AppleWebKit/537.36 (KHTML, like Gecko) Chrome/110.0.0.0 Safari/537.36"
212.2.240.147 - - [04/Dec/2025:17:00:10 +0000] "GET /wp-includes/html-api/wp-includes/ HTTP/1.1" 404 150485 "http://ondostate.gov.ng/wp-includes/html-api//wp-includes/" "Mozilla/5.0 (Linux; Android 7.0; SM-G892A Build/NRD90M; wv) AppleWebKit/537.36 (KHTML, like Gecko) Version/4.0 Chrome/60.0.3112.107 Mobile Safari/537.36"
159.223.51.105 - - [04/Dec/2025:17:00:10 +0000] "GET /wp-includes/SimplePie/Locator.php HTTP/1.1" 200 5 "-" "Mozilla/5.0 (Windows NT 10.0; Win64; x64) AppleWebKit/537.36 (KHTML, like Gecko) Chrome/110.0.0.0 Safari/537.36"
212.2.240.147 - - [04/Dec/2025:17:00:10 +0000] "GET /wp-includes/images/ HTTP/1.1" 200 5768 "-" "Mozilla/5.0 (Linux; Android 7.0; SM-G892A Build/NRD90M; wv) AppleWebKit/537.36 (KHTML, like Gecko) Version/4.0 Chrome/60.0.3112.107 Mobile Safari/537.36"
159.223.51.105 - - [04/Dec/2025:17:00:10 +0000] "GET /wp-includes/SimplePie/Author.php HTTP/1.1" 200 5 "-" "Mozilla/5.0 (Windows NT 10.0; Win64; x64; rv:110.0) Gecko/20100101 Firefox/110.0"
159.223.51.105 - - [04/Dec/2025:17:00:11 +0000] "GET /wp-includes/SimplePie/Caption.php HTTP/1.1" 200 5 "-" "Mozilla/5.0 (Macintosh; Intel Mac OS X 10_15_7) AppleWebKit/605.1.15 (KHTML, like Gecko) Version/16.4 Safari/605.1.15"
212.2.240.147 - - [04/Dec/2025:17:00:11 +0000] "GET /wp-includes/images//wp-includes/ HTTP/1.1" 301 5 "-" "Mozilla/5.0 (Linux; Android 7.0; SM-G892A Build/NRD90M; wv) AppleWebKit/537.36 (KHTML, like Gecko) Version/4.0 Chrome/60.0.3112.107 Mobile Safari/537.36"
159.223.51.105 - - [04/Dec/2025:17:00:11 +0000] "GET /wp-includes/SimplePie/gzdecode.php HTTP/1.1" 200 5 "-" "Mozilla/5.0 (Windows NT 10.0; Win64; x64) AppleWebKit/537.36 (KHTML, like Gecko) Chrome/114.0.0.0 Safari/537.36"
159.223.51.105 - - [04/Dec/2025:17:00:11 +0000] "GET /wp-includes/SimplePie/Restriction.php HTTP/1.1" 200 5 "-" "Mozilla/5.0 (Windows NT 10.0; Win64; x64; rv:110.0) Gecko/20100101 Firefox/110.0"
159.223.51.105 - - [04/Dec/2025:17:00:11 +0000] "GET /wp-includes/SimplePie/Registry.php HTTP/1.1" 200 5 "-" "Mozilla/5.0 (X11; Linux x86_64) AppleWebKit/537.36 (KHTML, like Gecko) Chrome/111.0.0.0 Safari/537.36"
159.223.51.105 - - [04/Dec/2025:17:00:11 +0000] "GET /wp-includes/SimplePie/Cache.php HTTP/1.1" 200 5 "-" "Mozilla/5.0 (Windows NT 10.0; Win64; x64) AppleWebKit/537.36 (KHTML, like Gecko) Chrome/114.0.0.0 Safari/537.36"
159.223.51.105 - - [04/Dec/2025:17:00:12 +0000] "GET /wp-includes/SimplePie/Item.php HTTP/1.1" 200 5 "-" "Mozilla/5.0 (Macintosh; Intel Mac OS X 10_15_7) AppleWebKit/605.1.15 (KHTML, like Gecko) Version/16.4 Safari/605.1.15"
212.2.240.147 - - [04/Dec/2025:17:00:12 +0000] "GET /wp-includes/images/wp-includes/ HTTP/1.1" 404 150485 "http://ondostate.gov.ng/wp-includes/images//wp-includes/" "Mozilla/5.0 (Linux; Android 7.0; SM-G892A Build/NRD90M; wv) AppleWebKit/537.36 (KHTML, like Gecko) Version/4.0 Chrome/60.0.3112.107 Mobile Safari/537.36"
159.223.51.105 - - [04/Dec/2025:17:00:12 +0000] "GET /wp-includes/SimplePie/File.php HTTP/1.1" 200 5 "-" "Mozilla/5.0 (X11; Linux x86_64) AppleWebKit/537.36 (KHTML, like Gecko) Chrome/111.0.0.0 Safari/537.36"
212.2.240.147 - - [04/Dec/2025:17:00:12 +0000] "GET /wp-includes/images/crystal/ HTTP/1.1" 200 2450 "-" "Mozilla/5.0 (Linux; Android 7.0; SM-G892A Build/NRD90M; wv) AppleWebKit/537.36 (KHTML, like Gecko) Version/4.0 Chrome/60.0.3112.107 Mobile Safari/537.36"
159.223.51.105 - - [04/Dec/2025:17:00:12 +0000] "GET /wp-includes/SimplePie/Source.php HTTP/1.1" 200 5 "-" "Mozilla/5.0 (iPad; CPU OS 16_4 like Mac OS X) AppleWebKit/605.1.15 (KHTML, like Gecko) Version/16.4 Mobile/15E148 Safari/604.1"
212.2.240.147 - - [04/Dec/2025:17:00:12 +0000] "GET /wp-includes/images/media/ HTTP/1.1" 200 2267 "-" "Mozilla/5.0 (Linux; Android 7.0; SM-G892A Build/NRD90M; wv) AppleWebKit/537.36 (KHTML, like Gecko) Version/4.0 Chrome/60.0.3112.107 Mobile Safari/537.36"
212.2.240.147 - - [04/Dec/2025:17:00:12 +0000] "GET /wp-includes/images/smilies/ HTTP/1.1" 200 5397 "-" "Mozilla/5.0 (Linux; Android 7.0; SM-G892A Build/NRD90M; wv) AppleWebKit/537.36 (KHTML, like Gecko) Version/4.0 Chrome/60.0.3112.107 Mobile Safari/537.36"
159.223.51.105 - - [04/Dec/2025:17:00:12 +0000] "GET /wp-includes/SimplePie/Cache/ HTTP/1.1" 200 1907 "-" "Mozilla/5.0 (Macintosh; Intel Mac OS X 10_15_7) AppleWebKit/605.1.15 (KHTML, like Gecko) Version/16.4 Safari/605.1.15"
212.2.240.147 - - [04/Dec/2025:17:00:12 +0000] "GET /wp-includes/js/ HTTP/1.1" 200 21099 "-" "Mozilla/5.0 (Linux; Android 7.0; SM-G892A Build/NRD90M; wv) AppleWebKit/537.36 (KHTML, like Gecko) Version/4.0 Chrome/60.0.3112.107 Mobile Safari/537.36"
159.223.51.105 - - [04/Dec/2025:17:00:13 +0000] "GET /wp-includes/SimplePie/Cache/ HTTP/1.1" 200 1907 "-" "Mozilla/5.0 (iPad; CPU OS 16_4 like Mac OS X) AppleWebKit/605.1.15 (KHTML, like Gecko) Version/16.4 Mobile/15E148 Safari/604.1"
159.223.51.105 - - [04/Dec/2025:17:00:13 +0000] "GET /wp-includes/SimplePie/Cache/Redis.php HTTP/1.1" 200 319 "-" "Mozilla/5.0 (Windows NT 10.0; Win64; x64) AppleWebKit/537.36 (KHTML, like Gecko) Chrome/110.0.0.0 Safari/537.36"
212.2.240.147 - - [04/Dec/2025:17:00:13 +0000] "GET /wp-includes/js//wp-includes/ HTTP/1.1" 301 5 "-" "Mozilla/5.0 (Linux; Android 7.0; SM-G892A Build/NRD90M; wv) AppleWebKit/537.36 (KHTML, like Gecko) Version/4.0 Chrome/60.0.3112.107 Mobile Safari/537.36"
159.223.51.105 - - [04/Dec/2025:17:00:13 +0000] "GET /wp-includes/SimplePie/Cache/Memcached.php HTTP/1.1" 200 327 "-" "Mozilla/5.0 (Macintosh; Intel Mac OS X 10_15_7) AppleWebKit/605.1.15 (KHTML, like Gecko) Version/16.4 Safari/605.1.15"
159.223.51.105 - - [04/Dec/2025:17:00:13 +0000] "GET /wp-includes/SimplePie/Cache/Memcache.php HTTP/1.1" 200 325 "-" "Mozilla/5.0 (Windows NT 10.0; Win64; x64) AppleWebKit/537.36 (KHTML, like Gecko) Chrome/114.0.0.0 Safari/537.36"
159.223.51.105 - - [04/Dec/2025:17:00:14 +0000] "GET /wp-includes/SimplePie/Cache/MySQL.php HTTP/1.1" 200 313 "-" "Mozilla/5.0 (Windows NT 10.0; Win64; x64; rv:110.0) Gecko/20100101 Firefox/110.0"
159.223.51.105 - - [04/Dec/2025:17:00:14 +0000] "GET /wp-includes/SimplePie/Cache/Base.php HTTP/1.1" 200 5 "-" "Mozilla/5.0 (iPad; CPU OS 16_4 like Mac OS X) AppleWebKit/605.1.15 (KHTML, like Gecko) Version/16.4 Mobile/15E148 Safari/604.1"
212.2.240.147 - - [04/Dec/2025:17:00:14 +0000] "GET /wp-includes/js/wp-includes/ HTTP/1.1" 404 150485 "http://ondostate.gov.ng/wp-includes/js//wp-includes/" "Mozilla/5.0 (Linux; Android 7.0; SM-G892A Build/NRD90M; wv) AppleWebKit/537.36 (KHTML, like Gecko) Version/4.0 Chrome/60.0.3112.107 Mobile Safari/537.36"
159.223.51.105 - - [04/Dec/2025:17:00:14 +0000] "GET /wp-includes/SimplePie/Cache/File.php HTTP/1.1" 200 317 "-" "Mozilla/5.0 (Windows NT 10.0; Win64; x64) AppleWebKit/537.36 (KHTML, like Gecko) Chrome/114.0.0.0 Safari/537.36"
159.223.51.105 - - [04/Dec/2025:17:00:14 +0000] "GET /wp-includes/SimplePie/Cache/DB.php HTTP/1.1" 200 313 "-" "Mozilla/5.0 (iPad; CPU OS 16_4 like Mac OS X) AppleWebKit/605.1.15 (KHTML, like Gecko) Version/16.4 Mobile/15E148 Safari/604.1"
212.2.240.147 - - [04/Dec/2025:17:00:14 +0000] "GET /wp-includes/js/codemirror/ HTTP/1.1" 200 2105 "-" "Mozilla/5.0 (Linux; Android 7.0; SM-G892A Build/NRD90M; wv) AppleWebKit/537.36 (KHTML, like Gecko) Version/4.0 Chrome/60.0.3112.107 Mobile Safari/537.36"
212.2.240.147 - - [04/Dec/2025:17:00:14 +0000] "GET /wp-includes/js/crop/ HTTP/1.1" 200 1367 "-" "Mozilla/5.0 (Linux; Android 7.0; SM-G892A Build/NRD90M; wv) AppleWebKit/537.36 (KHTML, like Gecko) Version/4.0 Chrome/60.0.3112.107 Mobile Safari/537.36"
159.223.51.105 - - [04/Dec/2025:17:00:14 +0000] "GET /wp-includes/SimplePie/Content/ HTTP/1.1" 200 843 "-" "Mozilla/5.0 (Macintosh; Intel Mac OS X 10_15_7) AppleWebKit/605.1.15 (KHTML, like Gecko) Version/16.4 Safari/605.1.15"
212.2.240.147 - - [04/Dec/2025:17:00:14 +0000] "GET /wp-includes/js/dist/ HTTP/1.1" 200 23399 "-" "Mozilla/5.0 (Linux; Android 7.0; SM-G892A Build/NRD90M; wv) AppleWebKit/537.36 (KHTML, like Gecko) Version/4.0 Chrome/60.0.3112.107 Mobile Safari/537.36"
212.2.240.147 - - [04/Dec/2025:17:00:15 +0000] "GET /wp-includes/js/imgareaselect/ HTTP/1.1" 200 1605 "-" "Mozilla/5.0 (Linux; Android 7.0; SM-G892A Build/NRD90M; wv) AppleWebKit/537.36 (KHTML, like Gecko) Version/4.0 Chrome/60.0.3112.107 Mobile Safari/537.36"
212.2.240.147 - - [04/Dec/2025:17:00:15 +0000] "GET /wp-includes/js/jcrop/ HTTP/1.1" 200 1197 "-" "Mozilla/5.0 (Linux; Android 7.0; SM-G892A Build/NRD90M; wv) AppleWebKit/537.36 (KHTML, like Gecko) Version/4.0 Chrome/60.0.3112.107 Mobile Safari/537.36"
159.223.51.105 - - [04/Dec/2025:17:00:15 +0000] "GET /wp-includes/SimplePie/Content/ HTTP/1.1" 200 843 "-" "Mozilla/5.0 (iPad; CPU OS 16_4 like Mac OS X) AppleWebKit/605.1.15 (KHTML, like Gecko) Version/16.4 Mobile/15E148 Safari/604.1"
212.2.240.147 - - [04/Dec/2025:17:00:15 +0000] "GET /wp-includes/js/jquery/ HTTP/1.1" 200 4178 "-" "Mozilla/5.0 (Linux; Android 7.0; SM-G892A Build/NRD90M; wv) AppleWebKit/537.36 (KHTML, like Gecko) Version/4.0 Chrome/60.0.3112.107 Mobile Safari/537.36"
159.223.51.105 - - [04/Dec/2025:17:00:15 +0000] "GET /wp-includes/SimplePie/Content/Type/ HTTP/1.1" 200 867 "-" "Mozilla/5.0 (iPad; CPU OS 16_4 like Mac OS X) AppleWebKit/605.1.15 (KHTML, like Gecko) Version/16.4 Mobile/15E148 Safari/604.1"
212.2.240.147 - - [04/Dec/2025:17:00:15 +0000] "GET /wp-includes/js/mediaelement/ HTTP/1.1" 200 4277 "-" "Mozilla/5.0 (Linux; Android 7.0; SM-G892A Build/NRD90M; wv) AppleWebKit/537.36 (KHTML, like Gecko) Version/4.0 Chrome/60.0.3112.107 Mobile Safari/537.36"
212.2.240.147 - - [04/Dec/2025:17:00:15 +0000] "GET /wp-includes/js/plupload/ HTTP/1.1" 200 2278 "-" "Mozilla/5.0 (Linux; Android 7.0; SM-G892A Build/NRD90M; wv) AppleWebKit/537.36 (KHTML, like Gecko) Version/4.0 Chrome/60.0.3112.107 Mobile Safari/537.36"
159.223.51.105 - - [04/Dec/2025:17:00:15 +0000] "GET /wp-includes/SimplePie/Content/Type/ HTTP/1.1" 200 867 "-" "Mozilla/5.0 (X11; Linux x86_64) AppleWebKit/537.36 (KHTML, like Gecko) Chrome/111.0.0.0 Safari/537.36"
212.2.240.147 - - [04/Dec/2025:17:00:15 +0000] "GET /wp-includes/js/swfupload/ HTTP/1.1" 200 1374 "-" "Mozilla/5.0 (Linux; Android 7.0; SM-G892A Build/NRD90M; wv) AppleWebKit/537.36 (KHTML, like Gecko) Version/4.0 Chrome/60.0.3112.107 Mobile Safari/537.36"
212.2.240.147 - - [04/Dec/2025:17:00:15 +0000] "GET /wp-includes/js/thickbox/ HTTP/1.1" 200 1381 "-" "Mozilla/5.0 (Linux; Android 7.0; SM-G892A Build/NRD90M; wv) AppleWebKit/537.36 (KHTML, like Gecko) Version/4.0 Chrome/60.0.3112.107 Mobile Safari/537.36"
159.223.51.105 - - [04/Dec/2025:17:00:15 +0000] "GET /wp-includes/SimplePie/Content/Type/Sniffer.php HTTP/1.1" 200 5 "-" "Mozilla/5.0 (X11; Linux x86_64) AppleWebKit/537.36 (KHTML, like Gecko) Chrome/111.0.0.0 Safari/537.36"
212.2.240.147 - - [04/Dec/2025:17:00:15 +0000] "GET /wp-includes/js/tinymce/ HTTP/1.1" 200 2431 "-" "Mozilla/5.0 (Linux; Android 7.0; SM-G892A Build/NRD90M; wv) AppleWebKit/537.36 (KHTML, like Gecko) Version/4.0 Chrome/60.0.3112.107 Mobile Safari/537.36"
159.223.51.105 - - [04/Dec/2025:17:00:16 +0000] "GET /wp-includes/SimplePie/Parse/ HTTP/1.1" 200 842 "-" "Mozilla/5.0 (Macintosh; Intel Mac OS X 10_15_7) AppleWebKit/605.1.15 (KHTML, like Gecko) Version/16.4 Safari/605.1.15"
212.2.240.147 - - [04/Dec/2025:17:00:16 +0000] "GET /wp-includes/js/tinymce/wp-tinymce.php HTTP/1.1" 200 369739 "-" "Mozilla/5.0 (Linux; Android 7.0; SM-G892A Build/NRD90M; wv) AppleWebKit/537.36 (KHTML, like Gecko) Version/4.0 Chrome/60.0.3112.107 Mobile Safari/537.36"
159.223.51.105 - - [04/Dec/2025:17:00:16 +0000] "GET /wp-includes/SimplePie/Parse/ HTTP/1.1" 200 842 "-" "Mozilla/5.0 (Windows NT 10.0; Win64; x64) AppleWebKit/537.36 (KHTML, like Gecko) Chrome/110.0.0.0 Safari/537.36"
159.223.51.105 - - [04/Dec/2025:17:00:16 +0000] "GET /wp-includes/SimplePie/Parse/Date.php HTTP/1.1" 200 5 "-" "Mozilla/5.0 (Windows NT 10.0; Win64; x64; rv:110.0) Gecko/20100101 Firefox/110.0"
212.2.240.147 - - [04/Dec/2025:17:00:16 +0000] "GET /wp-includes/php-compat/ HTTP/1.1" 200 826 "-" "Mozilla/5.0 (Linux; Android 7.0; SM-G892A Build/NRD90M; wv) AppleWebKit/537.36 (KHTML, like Gecko) Version/4.0 Chrome/60.0.3112.107 Mobile Safari/537.36"
159.223.51.105 - - [04/Dec/2025:17:00:16 +0000] "GET /wp-includes/SimplePie/XML/ HTTP/1.1" 200 842 "-" "Mozilla/5.0 (X11; Linux x86_64) AppleWebKit/537.36 (KHTML, like Gecko) Chrome/111.0.0.0 Safari/537.36"
212.2.240.147 - - [04/Dec/2025:17:00:16 +0000] "GET /wp-includes/php-compat/readonly.php HTTP/1.1" 200 5 "-" "Mozilla/5.0 (Linux; Android 7.0; SM-G892A Build/NRD90M; wv) AppleWebKit/537.36 (KHTML, like Gecko) Version/4.0 Chrome/60.0.3112.107 Mobile Safari/537.36"
159.223.51.105 - - [04/Dec/2025:17:00:16 +0000] "GET /wp-includes/SimplePie/XML/ HTTP/1.1" 200 842 "-" "Mozilla/5.0 (iPad; CPU OS 16_4 like Mac OS X) AppleWebKit/605.1.15 (KHTML, like Gecko) Version/16.4 Mobile/15E148 Safari/604.1"
159.223.51.105 - - [04/Dec/2025:17:00:17 +0000] "GET /wp-includes/SimplePie/XML/Declaration/ HTTP/1.1" 200 868 "-" "Mozilla/5.0 (Windows NT 10.0; Win64; x64) AppleWebKit/537.36 (KHTML, like Gecko) Chrome/110.0.0.0 Safari/537.36"
212.2.240.147 - - [04/Dec/2025:17:00:17 +0000] "GET /wp-includes/php-compat//wp-includes/ HTTP/1.1" 301 5 "-" "Mozilla/5.0 (Linux; Android 7.0; SM-G892A Build/NRD90M; wv) AppleWebKit/537.36 (KHTML, like Gecko) Version/4.0 Chrome/60.0.3112.107 Mobile Safari/537.36"
159.223.51.105 - - [04/Dec/2025:17:00:17 +0000] "GET /wp-includes/SimplePie/XML/Declaration/ HTTP/1.1" 200 868 "-" "Mozilla/5.0 (iPad; CPU OS 16_4 like Mac OS X) AppleWebKit/605.1.15 (KHTML, like Gecko) Version/16.4 Mobile/15E148 Safari/604.1"
159.223.51.105 - - [04/Dec/2025:17:00:17 +0000] "GET /wp-includes/SimplePie/XML/Declaration/Parser.php HTTP/1.1" 200 5 "-" "Mozilla/5.0 (iPad; CPU OS 16_4 like Mac OS X) AppleWebKit/605.1.15 (KHTML, like Gecko) Version/16.4 Mobile/15E148 Safari/604.1"
159.223.51.105 - - [04/Dec/2025:17:00:17 +0000] "GET /wp-includes/SimplePie/Net/ HTTP/1.1" 200 838 "-" "Mozilla/5.0 (X11; Linux x86_64) AppleWebKit/537.36 (KHTML, like Gecko) Chrome/111.0.0.0 Safari/537.36"
159.223.51.105 - - [04/Dec/2025:17:00:18 +0000] "GET /wp-includes/SimplePie/Net/ HTTP/1.1" 200 838 "-" "Mozilla/5.0 (iPad; CPU OS 16_4 like Mac OS X) AppleWebKit/605.1.15 (KHTML, like Gecko) Version/16.4 Mobile/15E148 Safari/604.1"
212.2.240.147 - - [04/Dec/2025:17:00:18 +0000] "GET /wp-includes/php-compat/wp-includes/ HTTP/1.1" 404 150485 "http://ondostate.gov.ng/wp-includes/php-compat//wp-includes/" "Mozilla/5.0 (Linux; Android 7.0; SM-G892A Build/NRD90M; wv) AppleWebKit/537.36 (KHTML, like Gecko) Version/4.0 Chrome/60.0.3112.107 Mobile Safari/537.36"
159.223.51.105 - - [04/Dec/2025:17:00:18 +0000] "GET /wp-includes/SimplePie/Net/IPv6.php HTTP/1.1" 200 5 "-" "Mozilla/5.0 (X11; Linux x86_64) AppleWebKit/537.36 (KHTML, like Gecko) Chrome/111.0.0.0 Safari/537.36"
212.2.240.147 - - [04/Dec/2025:17:00:18 +0000] "GET /wp-includes/pomo/ HTTP/1.1" 200 1706 "-" "Mozilla/5.0 (Linux; Android 7.0; SM-G892A Build/NRD90M; wv) AppleWebKit/537.36 (KHTML, like Gecko) Version/4.0 Chrome/60.0.3112.107 Mobile Safari/537.36"
159.223.51.105 - - [04/Dec/2025:17:00:18 +0000] "GET /wp-includes/SimplePie/Decode/ HTTP/1.1" 200 841 "-" "Mozilla/5.0 (Macintosh; Intel Mac OS X 10_15_7) AppleWebKit/605.1.15 (KHTML, like Gecko) Version/16.4 Safari/605.1.15"
159.223.51.105 - - [04/Dec/2025:17:00:18 +0000] "GET /wp-includes/SimplePie/Decode/ HTTP/1.1" 200 841 "-" "Mozilla/5.0 (Windows NT 10.0; Win64; x64) AppleWebKit/537.36 (KHTML, like Gecko) Chrome/114.0.0.0 Safari/537.36"
159.223.51.105 - - [04/Dec/2025:17:00:18 +0000] "GET /wp-includes/SimplePie/Decode/HTML/ HTTP/1.1" 200 865 "-" "Mozilla/5.0 (Macintosh; Intel Mac OS X 10_15_7) AppleWebKit/605.1.15 (KHTML, like Gecko) Version/16.4 Safari/605.1.15"
212.2.240.147 - - [04/Dec/2025:17:00:18 +0000] "GET /wp-includes/pomo//wp-includes/ HTTP/1.1" 301 5 "-" "Mozilla/5.0 (Linux; Android 7.0; SM-G892A Build/NRD90M; wv) AppleWebKit/537.36 (KHTML, like Gecko) Version/4.0 Chrome/60.0.3112.107 Mobile Safari/537.36"
159.223.51.105 - - [04/Dec/2025:17:00:19 +0000] "GET /wp-includes/SimplePie/Decode/HTML/ HTTP/1.1" 200 865 "-" "Mozilla/5.0 (Windows NT 10.0; Win64; x64) AppleWebKit/537.36 (KHTML, like Gecko) Chrome/110.0.0.0 Safari/537.36"
159.223.51.105 - - [04/Dec/2025:17:00:19 +0000] "GET /wp-includes/SimplePie/Decode/HTML/Entities.php HTTP/1.1" 200 5 "-" "Mozilla/5.0 (Macintosh; Intel Mac OS X 10_15_7) AppleWebKit/605.1.15 (KHTML, like Gecko) Version/16.4 Safari/605.1.15"
159.223.51.105 - - [04/Dec/2025:17:00:19 +0000] "GET /wp-includes/SimplePie/HTTP/ HTTP/1.1" 200 842 "-" "Mozilla/5.0 (Macintosh; Intel Mac OS X 10_15_7) AppleWebKit/605.1.15 (KHTML, like Gecko) Version/16.4 Safari/605.1.15"
159.223.51.105 - - [04/Dec/2025:17:00:19 +0000] "GET /wp-includes/SimplePie/HTTP/ HTTP/1.1" 200 842 "-" "Mozilla/5.0 (Windows NT 10.0; Win64; x64) AppleWebKit/537.36 (KHTML, like Gecko) Chrome/110.0.0.0 Safari/537.36"
212.2.240.147 - - [04/Dec/2025:17:00:19 +0000] "GET /wp-includes/pomo/wp-includes/ HTTP/1.1" 404 150485 "http://ondostate.gov.ng/wp-includes/pomo//wp-includes/" "Mozilla/5.0 (Linux; Android 7.0; SM-G892A Build/NRD90M; wv) AppleWebKit/537.36 (KHTML, like Gecko) Version/4.0 Chrome/60.0.3112.107 Mobile Safari/537.36"
159.223.51.105 - - [04/Dec/2025:17:00:20 +0000] "GET /wp-includes/SimplePie/HTTP/Parser.php HTTP/1.1" 200 5 "-" "Mozilla/5.0 (Windows NT 10.0; Win64; x64) AppleWebKit/537.36 (KHTML, like Gecko) Chrome/114.0.0.0 Safari/537.36"
212.2.240.147 - - [04/Dec/2025:17:00:20 +0000] "GET /wp-includes/rest-api/ HTTP/1.1" 200 1758 "-" "Mozilla/5.0 (Linux; Android 7.0; SM-G892A Build/NRD90M; wv) AppleWebKit/537.36 (KHTML, like Gecko) Version/4.0 Chrome/60.0.3112.107 Mobile Safari/537.36"
159.223.51.105 - - [04/Dec/2025:17:00:20 +0000] "GET /wp-includes/css/ HTTP/1.1" 200 8348 "-" "Mozilla/5.0 (Windows NT 10.0; Win64; x64) AppleWebKit/537.36 (KHTML, like Gecko) Chrome/114.0.0.0 Safari/537.36"
159.223.51.105 - - [04/Dec/2025:17:00:20 +0000] "GET /wp-includes/css/ HTTP/1.1" 200 8348 "-" "Mozilla/5.0 (Windows NT 10.0; Win64; x64) AppleWebKit/537.36 (KHTML, like Gecko) Chrome/110.0.0.0 Safari/537.36"
212.2.240.147 - - [04/Dec/2025:17:00:20 +0000] "GET /wp-includes/rest-api//wp-includes/ HTTP/1.1" 301 5 "-" "Mozilla/5.0 (Linux; Android 7.0; SM-G892A Build/NRD90M; wv) AppleWebKit/537.36 (KHTML, like Gecko) Version/4.0 Chrome/60.0.3112.107 Mobile Safari/537.36"
159.223.51.105 - - [04/Dec/2025:17:00:20 +0000] "GET /wp-includes/css/dist/ HTTP/1.1" 200 3528 "-" "Mozilla/5.0 (Windows NT 10.0; Win64; x64) AppleWebKit/537.36 (KHTML, like Gecko) Chrome/110.0.0.0 Safari/537.36"
159.223.51.105 - - [04/Dec/2025:17:00:20 +0000] "GET /wp-includes/css/dist/ HTTP/1.1" 200 3528 "-" "Mozilla/5.0 (Macintosh; Intel Mac OS X 10_15_7) AppleWebKit/605.1.15 (KHTML, like Gecko) Version/16.4 Safari/605.1.15"
159.223.51.105 - - [04/Dec/2025:17:00:21 +0000] "GET /wp-includes/css/dist/format-library/ HTTP/1.1" 200 1405 "-" "Mozilla/5.0 (iPad; CPU OS 16_4 like Mac OS X) AppleWebKit/605.1.15 (KHTML, like Gecko) Version/16.4 Mobile/15E148 Safari/604.1"
159.223.51.105 - - [04/Dec/2025:17:00:21 +0000] "GET /wp-includes/css/dist/format-library/ HTTP/1.1" 200 1405 "-" "Mozilla/5.0 (Windows NT 10.0; Win64; x64) AppleWebKit/537.36 (KHTML, like Gecko) Chrome/114.0.0.0 Safari/537.36"
159.223.51.105 - - [04/Dec/2025:17:00:21 +0000] "GET /wp-includes/css/dist/widgets/ HTTP/1.1" 200 1391 "-" "Mozilla/5.0 (Windows NT 10.0; Win64; x64) AppleWebKit/537.36 (KHTML, like Gecko) Chrome/114.0.0.0 Safari/537.36"
212.2.240.147 - - [04/Dec/2025:17:00:21 +0000] "GET /wp-includes/rest-api/wp-includes/ HTTP/1.1" 404 150485 "http://ondostate.gov.ng/wp-includes/rest-api//wp-includes/" "Mozilla/5.0 (Linux; Android 7.0; SM-G892A Build/NRD90M; wv) AppleWebKit/537.36 (KHTML, like Gecko) Version/4.0 Chrome/60.0.3112.107 Mobile Safari/537.36"
159.223.51.105 - - [04/Dec/2025:17:00:21 +0000] "GET /wp-includes/css/dist/widgets/ HTTP/1.1" 200 1391 "-" "Mozilla/5.0 (Macintosh; Intel Mac OS X 10_15_7) AppleWebKit/605.1.15 (KHTML, like Gecko) Version/16.4 Safari/605.1.15"
159.223.51.105 - - [04/Dec/2025:17:00:21 +0000] "GET /wp-includes/css/dist/customize-widgets/ HTTP/1.1" 200 1411 "-" "Mozilla/5.0 (Windows NT 10.0; Win64; x64) AppleWebKit/537.36 (KHTML, like Gecko) Chrome/114.0.0.0 Safari/537.36"
212.2.240.147 - - [04/Dec/2025:17:00:21 +0000] "GET /wp-includes/rest-api/endpoints/ HTTP/1.1" 200 8711 "-" "Mozilla/5.0 (Linux; Android 7.0; SM-G892A Build/NRD90M; wv) AppleWebKit/537.36 (KHTML, like Gecko) Version/4.0 Chrome/60.0.3112.107 Mobile Safari/537.36"
159.223.51.105 - - [04/Dec/2025:17:00:21 +0000] "GET /wp-includes/css/dist/customize-widgets/ HTTP/1.1" 200 1411 "-" "Mozilla/5.0 (X11; Linux x86_64) AppleWebKit/537.36 (KHTML, like Gecko) Chrome/111.0.0.0 Safari/537.36"
212.2.240.147 - - [04/Dec/2025:17:00:22 +0000] "GET /wp-includes/rest-api/fields/ HTTP/1.1" 200 1688 "-" "Mozilla/5.0 (Linux; Android 7.0; SM-G892A Build/NRD90M; wv) AppleWebKit/537.36 (KHTML, like Gecko) Version/4.0 Chrome/60.0.3112.107 Mobile Safari/537.36"
212.2.240.147 - - [04/Dec/2025:17:00:22 +0000] "GET /wp-includes/rest-api/search/ HTTP/1.1" 200 1499 "-" "Mozilla/5.0 (Linux; Android 7.0; SM-G892A Build/NRD90M; wv) AppleWebKit/537.36 (KHTML, like Gecko) Version/4.0 Chrome/60.0.3112.107 Mobile Safari/537.36"
212.2.240.147 - - [04/Dec/2025:17:00:22 +0000] "GET /wp-includes/sitemaps/ HTTP/1.1" 200 2013 "-" "Mozilla/5.0 (Linux; Android 7.0; SM-G892A Build/NRD90M; wv) AppleWebKit/537.36 (KHTML, like Gecko) Version/4.0 Chrome/60.0.3112.107 Mobile Safari/537.36"
159.223.51.105 - - [04/Dec/2025:17:00:22 +0000] "GET /wp-includes/css/dist/block-editor/ HTTP/1.1" 200 2933 "-" "Mozilla/5.0 (X11; Linux x86_64) AppleWebKit/537.36 (KHTML, like Gecko) Chrome/111.0.0.0 Safari/537.36"
159.223.51.105 - - [04/Dec/2025:17:00:22 +0000] "GET /wp-includes/css/dist/block-editor/ HTTP/1.1" 200 2933 "-" "Mozilla/5.0 (Windows NT 10.0; Win64; x64) AppleWebKit/537.36 (KHTML, like Gecko) Chrome/114.0.0.0 Safari/537.36"
159.223.51.105 - - [04/Dec/2025:17:00:22 +0000] "GET /wp-includes/css/dist/list-reusable-blocks/ HTTP/1.1" 200 1417 "-" "Mozilla/5.0 (Macintosh; Intel Mac OS X 10_15_7) AppleWebKit/605.1.15 (KHTML, like Gecko) Version/16.4 Safari/605.1.15"
212.2.240.147 - - [04/Dec/2025:17:00:22 +0000] "GET /wp-includes/sitemaps//wp-includes/ HTTP/1.1" 301 5 "-" "Mozilla/5.0 (Linux; Android 7.0; SM-G892A Build/NRD90M; wv) AppleWebKit/537.36 (KHTML, like Gecko) Version/4.0 Chrome/60.0.3112.107 Mobile Safari/537.36"
159.223.51.105 - - [04/Dec/2025:17:00:22 +0000] "GET /wp-includes/css/dist/list-reusable-blocks/ HTTP/1.1" 200 1417 "-" "Mozilla/5.0 (Windows NT 10.0; Win64; x64) AppleWebKit/537.36 (KHTML, like Gecko) Chrome/114.0.0.0 Safari/537.36"
159.223.51.105 - - [04/Dec/2025:17:00:23 +0000] "GET /wp-includes/css/dist/patterns/ HTTP/1.1" 200 1393 "-" "Mozilla/5.0 (iPad; CPU OS 16_4 like Mac OS X) AppleWebKit/605.1.15 (KHTML, like Gecko) Version/16.4 Mobile/15E148 Safari/604.1"
159.223.51.105 - - [04/Dec/2025:17:00:23 +0000] "GET /wp-includes/css/dist/patterns/ HTTP/1.1" 200 1393 "-" "Mozilla/5.0 (Macintosh; Intel Mac OS X 10_15_7) AppleWebKit/605.1.15 (KHTML, like Gecko) Version/16.4 Safari/605.1.15"
159.223.51.105 - - [04/Dec/2025:17:00:23 +0000] "GET /wp-includes/css/dist/reusable-blocks/ HTTP/1.1" 200 1407 "-" "Mozilla/5.0 (Macintosh; Intel Mac OS X 10_15_7) AppleWebKit/605.1.15 (KHTML, like Gecko) Version/16.4 Safari/605.1.15"
159.223.51.105 - - [04/Dec/2025:17:00:23 +0000] "GET /wp-includes/css/dist/reusable-blocks/ HTTP/1.1" 200 1407 "-" "Mozilla/5.0 (Macintosh; Intel Mac OS X 10_15_7) AppleWebKit/605.1.15 (KHTML, like Gecko) Version/16.4 Safari/605.1.15"
212.2.240.147 - - [04/Dec/2025:17:00:23 +0000] "GET /wp-includes/sitemaps/wp-includes/ HTTP/1.1" 404 150485 "http://ondostate.gov.ng/wp-includes/sitemaps//wp-includes/" "Mozilla/5.0 (Linux; Android 7.0; SM-G892A Build/NRD90M; wv) AppleWebKit/537.36 (KHTML, like Gecko) Version/4.0 Chrome/60.0.3112.107 Mobile Safari/537.36"
159.223.51.105 - - [04/Dec/2025:17:00:23 +0000] "GET /wp-includes/css/dist/block-library/ HTTP/1.1" 200 6542 "-" "Mozilla/5.0 (iPad; CPU OS 16_4 like Mac OS X) AppleWebKit/605.1.15 (KHTML, like Gecko) Version/16.4 Mobile/15E148 Safari/604.1"
212.2.240.147 - - [04/Dec/2025:17:00:23 +0000] "GET /wp-includes/sitemaps/providers/ HTTP/1.1" 200 1270 "-" "Mozilla/5.0 (Linux; Android 7.0; SM-G892A Build/NRD90M; wv) AppleWebKit/537.36 (KHTML, like Gecko) Version/4.0 Chrome/60.0.3112.107 Mobile Safari/537.36"
159.223.51.105 - - [04/Dec/2025:17:00:24 +0000] "GET /wp-includes/css/dist/block-library/ HTTP/1.1" 200 6542 "-" "Mozilla/5.0 (X11; Linux x86_64) AppleWebKit/537.36 (KHTML, like Gecko) Chrome/111.0.0.0 Safari/537.36"
212.2.240.147 - - [04/Dec/2025:17:00:24 +0000] "GET /wp-includes/sodium_compat/ HTTP/1.1" 200 1896 "-" "Mozilla/5.0 (Linux; Android 7.0; SM-G892A Build/NRD90M; wv) AppleWebKit/537.36 (KHTML, like Gecko) Version/4.0 Chrome/60.0.3112.107 Mobile Safari/537.36"
159.223.51.105 - - [04/Dec/2025:17:00:24 +0000] "GET /wp-includes/css/dist/edit-site/ HTTP/1.1" 200 1395 "-" "Mozilla/5.0 (Windows NT 10.0; Win64; x64) AppleWebKit/537.36 (KHTML, like Gecko) Chrome/114.0.0.0 Safari/537.36"
159.223.51.105 - - [04/Dec/2025:17:00:24 +0000] "GET /wp-includes/css/dist/edit-site/ HTTP/1.1" 200 1395 "-" "Mozilla/5.0 (Windows NT 10.0; Win64; x64) AppleWebKit/537.36 (KHTML, like Gecko) Chrome/110.0.0.0 Safari/537.36"
212.2.240.147 - - [04/Dec/2025:17:00:24 +0000] "GET /wp-includes/sodium_compat//wp-includes/ HTTP/1.1" 301 5 "-" "Mozilla/5.0 (Linux; Android 7.0; SM-G892A Build/NRD90M; wv) AppleWebKit/537.36 (KHTML, like Gecko) Version/4.0 Chrome/60.0.3112.107 Mobile Safari/537.36"
159.223.51.105 - - [04/Dec/2025:17:00:24 +0000] "GET /wp-includes/css/dist/edit-post/ HTTP/1.1" 200 2127 "-" "Mozilla/5.0 (Macintosh; Intel Mac OS X 10_15_7) AppleWebKit/605.1.15 (KHTML, like Gecko) Version/16.4 Safari/605.1.15"
159.223.51.105 - - [04/Dec/2025:17:00:24 +0000] "GET /wp-includes/css/dist/edit-post/ HTTP/1.1" 200 2127 "-" "Mozilla/5.0 (iPad; CPU OS 16_4 like Mac OS X) AppleWebKit/605.1.15 (KHTML, like Gecko) Version/16.4 Mobile/15E148 Safari/604.1"
159.223.51.105 - - [04/Dec/2025:17:00:25 +0000] "GET /wp-includes/css/dist/components/ HTTP/1.1" 200 1397 "-" "Mozilla/5.0 (X11; Linux x86_64) AppleWebKit/537.36 (KHTML, like Gecko) Chrome/111.0.0.0 Safari/537.36"
159.223.51.105 - - [04/Dec/2025:17:00:25 +0000] "GET /wp-includes/css/dist/components/ HTTP/1.1" 200 1397 "-" "Mozilla/5.0 (Windows NT 10.0; Win64; x64) AppleWebKit/537.36 (KHTML, like Gecko) Chrome/110.0.0.0 Safari/537.36"
159.223.51.105 - - [04/Dec/2025:17:00:25 +0000] "GET /wp-includes/css/dist/editor/ HTTP/1.1" 200 1389 "-" "Mozilla/5.0 (Windows NT 10.0; Win64; x64) AppleWebKit/537.36 (KHTML, like Gecko) Chrome/114.0.0.0 Safari/537.36"
212.2.240.147 - - [04/Dec/2025:17:00:25 +0000] "GET /wp-includes/sodium_compat/wp-includes/ HTTP/1.1" 404 150485 "http://ondostate.gov.ng/wp-includes/sodium_compat//wp-includes/" "Mozilla/5.0 (Linux; Android 7.0; SM-G892A Build/NRD90M; wv) AppleWebKit/537.36 (KHTML, like Gecko) Version/4.0 Chrome/60.0.3112.107 Mobile Safari/537.36"
159.223.51.105 - - [04/Dec/2025:17:00:25 +0000] "GET /wp-includes/css/dist/editor/ HTTP/1.1" 200 1389 "-" "Mozilla/5.0 (Windows NT 10.0; Win64; x64) AppleWebKit/537.36 (KHTML, like Gecko) Chrome/114.0.0.0 Safari/537.36"
159.223.51.105 - - [04/Dec/2025:17:00:25 +0000] "GET /wp-includes/css/dist/nux/ HTTP/1.1" 200 1383 "-" "Mozilla/5.0 (X11; Linux x86_64) AppleWebKit/537.36 (KHTML, like Gecko) Chrome/111.0.0.0 Safari/537.36"
159.223.51.105 - - [04/Dec/2025:17:00:26 +0000] "GET /wp-includes/css/dist/nux/ HTTP/1.1" 200 1383 "-" "Mozilla/5.0 (iPad; CPU OS 16_4 like Mac OS X) AppleWebKit/605.1.15 (KHTML, like Gecko) Version/16.4 Mobile/15E148 Safari/604.1"
159.223.51.105 - - [04/Dec/2025:17:00:26 +0000] "GET /wp-includes/css/dist/edit-widgets/ HTTP/1.1" 200 1401 "-" "Mozilla/5.0 (Macintosh; Intel Mac OS X 10_15_7) AppleWebKit/605.1.15 (KHTML, like Gecko) Version/16.4 Safari/605.1.15"
159.223.51.105 - - [04/Dec/2025:17:00:26 +0000] "GET /wp-includes/css/dist/edit-widgets/ HTTP/1.1" 200 1401 "-" "Mozilla/5.0 (Windows NT 10.0; Win64; x64) AppleWebKit/537.36 (KHTML, like Gecko) Chrome/114.0.0.0 Safari/537.36"
212.2.240.147 - - [04/Dec/2025:17:00:26 +0000] "GET /wp-includes/sodium_compat/LICENSE/ HTTP/1.1" 404 150485 "-" "Mozilla/5.0 (Linux; Android 7.0; SM-G892A Build/NRD90M; wv) AppleWebKit/537.36 (KHTML, like Gecko) Version/4.0 Chrome/60.0.3112.107 Mobile Safari/537.36"
159.223.51.105 - - [04/Dec/2025:17:00:26 +0000] "GET /wp-includes/css/dist/commands/ HTTP/1.1" 200 1393 "-" "Mozilla/5.0 (Windows NT 10.0; Win64; x64) AppleWebKit/537.36 (KHTML, like Gecko) Chrome/110.0.0.0 Safari/537.36"
212.2.240.147 - - [04/Dec/2025:17:00:26 +0000] "GET /wp-includes/sodium_compat/lib/ HTTP/1.1" 200 1966 "-" "Mozilla/5.0 (Linux; Android 7.0; SM-G892A Build/NRD90M; wv) AppleWebKit/537.36 (KHTML, like Gecko) Version/4.0 Chrome/60.0.3112.107 Mobile Safari/537.36"
159.223.51.105 - - [04/Dec/2025:17:00:26 +0000] "GET /wp-includes/css/dist/commands/ HTTP/1.1" 200 1393 "-" "Mozilla/5.0 (Windows NT 10.0; Win64; x64) AppleWebKit/537.36 (KHTML, like Gecko) Chrome/110.0.0.0 Safari/537.36"
212.2.240.147 - - [04/Dec/2025:17:00:27 +0000] "GET /wp-includes/sodium_compat/lib/constants.php HTTP/1.1" 200 5 "-" "Mozilla/5.0 (Linux; Android 7.0; SM-G892A Build/NRD90M; wv) AppleWebKit/537.36 (KHTML, like Gecko) Version/4.0 Chrome/60.0.3112.107 Mobile Safari/537.36"
159.223.51.105 - - [04/Dec/2025:17:00:27 +0000] "GET /wp-includes/css/dist/block-directory/ HTTP/1.1" 200 1407 "-" "Mozilla/5.0 (Macintosh; Intel Mac OS X 10_15_7) AppleWebKit/605.1.15 (KHTML, like Gecko) Version/16.4 Safari/605.1.15"
212.2.240.147 - - [04/Dec/2025:17:00:27 +0000] "GET /wp-includes/sodium_compat/lib/namespaced.php HTTP/1.1" 200 5 "-" "Mozilla/5.0 (Linux; Android 7.0; SM-G892A Build/NRD90M; wv) AppleWebKit/537.36 (KHTML, like Gecko) Version/4.0 Chrome/60.0.3112.107 Mobile Safari/537.36"
159.223.51.105 - - [04/Dec/2025:17:00:27 +0000] "GET /wp-includes/css/dist/block-directory/ HTTP/1.1" 200 1407 "-" "Mozilla/5.0 (X11; Linux x86_64) AppleWebKit/537.36 (KHTML, like Gecko) Chrome/111.0.0.0 Safari/537.36"
212.2.240.147 - - [04/Dec/2025:17:00:27 +0000] "GET /wp-includes/sodium_compat/lib/ristretto255.php HTTP/1.1" 200 334 "-" "Mozilla/5.0 (Linux; Android 7.0; SM-G892A Build/NRD90M; wv) AppleWebKit/537.36 (KHTML, like Gecko) Version/4.0 Chrome/60.0.3112.107 Mobile Safari/537.36"
212.2.240.147 - - [04/Dec/2025:17:00:27 +0000] "GET /wp-includes/sodium_compat/lib/stream-xchacha20.php HTTP/1.1" 200 5 "-" "Mozilla/5.0 (Linux; Android 7.0; SM-G892A Build/NRD90M; wv) AppleWebKit/537.36 (KHTML, like Gecko) Version/4.0 Chrome/60.0.3112.107 Mobile Safari/537.36"
159.223.51.105 - - [04/Dec/2025:17:00:27 +0000] "GET /wp-includes/block-supports/ HTTP/1.1" 200 3543 "-" "Mozilla/5.0 (Windows NT 10.0; Win64; x64) AppleWebKit/537.36 (KHTML, like Gecko) Chrome/110.0.0.0 Safari/537.36"
212.2.240.147 - - [04/Dec/2025:17:00:27 +0000] "GET /wp-includes/sodium_compat/namespaced/ HTTP/1.1" 200 1393 "-" "Mozilla/5.0 (Linux; Android 7.0; SM-G892A Build/NRD90M; wv) AppleWebKit/537.36 (KHTML, like Gecko) Version/4.0 Chrome/60.0.3112.107 Mobile Safari/537.36"
212.2.240.147 - - [04/Dec/2025:17:00:27 +0000] "GET /wp-includes/sodium_compat/namespaced/Compat.php HTTP/1.1" 200 336 "-" "Mozilla/5.0 (Linux; Android 7.0; SM-G892A Build/NRD90M; wv) AppleWebKit/537.36 (KHTML, like Gecko) Version/4.0 Chrome/60.0.3112.107 Mobile Safari/537.36"
159.223.51.105 - - [04/Dec/2025:17:00:27 +0000] "GET /wp-includes/block-supports/ HTTP/1.1" 200 3543 "-" "Mozilla/5.0 (Windows NT 10.0; Win64; x64) AppleWebKit/537.36 (KHTML, like Gecko) Chrome/114.0.0.0 Safari/537.36"
212.2.240.147 - - [04/Dec/2025:17:00:27 +0000] "GET /wp-includes/sodium_compat/namespaced/Crypto.php HTTP/1.1" 200 336 "-" "Mozilla/5.0 (Linux; Android 7.0; SM-G892A Build/NRD90M; wv) AppleWebKit/537.36 (KHTML, like Gecko) Version/4.0 Chrome/60.0.3112.107 Mobile Safari/537.36"
212.2.240.147 - - [04/Dec/2025:17:00:27 +0000] "GET /wp-includes/sodium_compat/src/ HTTP/1.1" 200 2095 "-" "Mozilla/5.0 (Linux; Android 7.0; SM-G892A Build/NRD90M; wv) AppleWebKit/537.36 (KHTML, like Gecko) Version/4.0 Chrome/60.0.3112.107 Mobile Safari/537.36"
159.223.51.105 - - [04/Dec/2025:17:00:28 +0000] "GET /wp-includes/block-supports/settings.php HTTP/1.1" 200 312 "-" "Mozilla/5.0 (Windows NT 10.0; Win64; x64; rv:110.0) Gecko/20100101 Firefox/110.0"
212.2.240.147 - - [04/Dec/2025:17:00:28 +0000] "GET /wp-includes/sodium_compat/src/Compat.php HTTP/1.1" 200 5 "-" "Mozilla/5.0 (Linux; Android 7.0; SM-G892A Build/NRD90M; wv) AppleWebKit/537.36 (KHTML, like Gecko) Version/4.0 Chrome/60.0.3112.107 Mobile Safari/537.36"
212.2.240.147 - - [04/Dec/2025:17:00:28 +0000] "GET /wp-includes/sodium_compat/src/Crypto.php HTTP/1.1" 200 5 "-" "Mozilla/5.0 (Linux; Android 7.0; SM-G892A Build/NRD90M; wv) AppleWebKit/537.36 (KHTML, like Gecko) Version/4.0 Chrome/60.0.3112.107 Mobile Safari/537.36"
159.223.51.105 - - [04/Dec/2025:17:00:28 +0000] "GET /wp-includes/block-supports/background.php HTTP/1.1" 200 322 "-" "Mozilla/5.0 (Windows NT 10.0; Win64; x64) AppleWebKit/537.36 (KHTML, like Gecko) Chrome/114.0.0.0 Safari/537.36"
212.2.240.147 - - [04/Dec/2025:17:00:28 +0000] "GET /wp-includes/sodium_compat/src/Crypto32.php HTTP/1.1" 200 5 "-" "Mozilla/5.0 (Linux; Android 7.0; SM-G892A Build/NRD90M; wv) AppleWebKit/537.36 (KHTML, like Gecko) Version/4.0 Chrome/60.0.3112.107 Mobile Safari/537.36"
212.2.240.147 - - [04/Dec/2025:17:00:28 +0000] "GET /wp-includes/style-engine/ HTTP/1.1" 200 1682 "-" "Mozilla/5.0 (Linux; Android 7.0; SM-G892A Build/NRD90M; wv) AppleWebKit/537.36 (KHTML, like Gecko) Version/4.0 Chrome/60.0.3112.107 Mobile Safari/537.36"
159.223.51.105 - - [04/Dec/2025:17:00:28 +0000] "GET /wp-includes/block-supports/duotone.php HTTP/1.1" 200 314 "-" "Mozilla/5.0 (Macintosh; Intel Mac OS X 10_15_7) AppleWebKit/605.1.15 (KHTML, like Gecko) Version/16.4 Safari/605.1.15"
159.223.51.105 - - [04/Dec/2025:17:00:28 +0000] "GET /wp-includes/block-supports/spacing.php HTTP/1.1" 200 314 "-" "Mozilla/5.0 (Windows NT 10.0; Win64; x64) AppleWebKit/537.36 (KHTML, like Gecko) Chrome/114.0.0.0 Safari/537.36"
212.2.240.147 - - [04/Dec/2025:17:00:28 +0000] "GET /wp-includes/style-engine//wp-includes/ HTTP/1.1" 301 5 "-" "Mozilla/5.0 (Linux; Android 7.0; SM-G892A Build/NRD90M; wv) AppleWebKit/537.36 (KHTML, like Gecko) Version/4.0 Chrome/60.0.3112.107 Mobile Safari/537.36"
159.223.51.105 - - [04/Dec/2025:17:00:28 +0000] "GET /wp-includes/block-supports/elements.php HTTP/1.1" 200 312 "-" "Mozilla/5.0 (X11; Linux x86_64) AppleWebKit/537.36 (KHTML, like Gecko) Chrome/111.0.0.0 Safari/537.36"
159.223.51.105 - - [04/Dec/2025:17:00:29 +0000] "GET /wp-includes/block-supports/align.php HTTP/1.1" 200 310 "-" "Mozilla/5.0 (Windows NT 10.0; Win64; x64) AppleWebKit/537.36 (KHTML, like Gecko) Chrome/110.0.0.0 Safari/537.36"
159.223.51.105 - - [04/Dec/2025:17:00:29 +0000] "GET /wp-includes/block-supports/generated-classname.php HTTP/1.1" 200 338 "-" "Mozilla/5.0 (Macintosh; Intel Mac OS X 10_15_7) AppleWebKit/605.1.15 (KHTML, like Gecko) Version/16.4 Safari/605.1.15"
159.223.51.105 - - [04/Dec/2025:17:00:29 +0000] "GET /wp-includes/block-supports/shadow.php HTTP/1.1" 200 312 "-" "Mozilla/5.0 (Macintosh; Intel Mac OS X 10_15_7) AppleWebKit/605.1.15 (KHTML, like Gecko) Version/16.4 Safari/605.1.15"
212.2.240.147 - - [04/Dec/2025:17:00:29 +0000] "GET /wp-includes/style-engine/wp-includes/ HTTP/1.1" 404 150485 "http://ondostate.gov.ng/wp-includes/style-engine//wp-includes/" "Mozilla/5.0 (Linux; Android 7.0; SM-G892A Build/NRD90M; wv) AppleWebKit/537.36 (KHTML, like Gecko) Version/4.0 Chrome/60.0.3112.107 Mobile Safari/537.36"
159.223.51.105 - - [04/Dec/2025:17:00:29 +0000] "GET /wp-includes/block-supports/colors.php HTTP/1.1" 200 314 "-" "Mozilla/5.0 (Windows NT 10.0; Win64; x64; rv:110.0) Gecko/20100101 Firefox/110.0"
212.2.240.147 - - [04/Dec/2025:17:00:30 +0000] "GET /wp-includes/theme-compat/ HTTP/1.1" 200 2276 "-" "Mozilla/5.0 (Linux; Android 7.0; SM-G892A Build/NRD90M; wv) AppleWebKit/537.36 (KHTML, like Gecko) Version/4.0 Chrome/60.0.3112.107 Mobile Safari/537.36"
159.223.51.105 - - [04/Dec/2025:17:00:30 +0000] "GET /wp-includes/block-supports/typography.php HTTP/1.1" 200 322 "-" "Mozilla/5.0 (iPad; CPU OS 16_4 like Mac OS X) AppleWebKit/605.1.15 (KHTML, like Gecko) Version/16.4 Mobile/15E148 Safari/604.1"
159.223.51.105 - - [04/Dec/2025:17:00:30 +0000] "GET /wp-includes/block-supports/border.php HTTP/1.1" 200 314 "-" "Mozilla/5.0 (X11; Linux x86_64) AppleWebKit/537.36 (KHTML, like Gecko) Chrome/111.0.0.0 Safari/537.36"
159.223.51.105 - - [04/Dec/2025:17:00:30 +0000] "GET /wp-includes/block-supports/custom-classname.php HTTP/1.1" 200 332 "-" "Mozilla/5.0 (X11; Linux x86_64) AppleWebKit/537.36 (KHTML, like Gecko) Chrome/111.0.0.0 Safari/537.36"
212.2.240.147 - - [04/Dec/2025:17:00:30 +0000] "GET /wp-includes/theme-compat//wp-includes/ HTTP/1.1" 301 5 "-" "Mozilla/5.0 (Linux; Android 7.0; SM-G892A Build/NRD90M; wv) AppleWebKit/537.36 (KHTML, like Gecko) Version/4.0 Chrome/60.0.3112.107 Mobile Safari/537.36"
159.223.51.105 - - [04/Dec/2025:17:00:31 +0000] "GET /wp-includes/block-supports/dimensions.php HTTP/1.1" 200 320 "-" "Mozilla/5.0 (X11; Linux x86_64) AppleWebKit/537.36 (KHTML, like Gecko) Chrome/111.0.0.0 Safari/537.36"
159.223.51.105 - - [04/Dec/2025:17:00:31 +0000] "GET /wp-includes/block-supports/utils.php HTTP/1.1" 200 5 "-" "Mozilla/5.0 (Windows NT 10.0; Win64; x64) AppleWebKit/537.36 (KHTML, like Gecko) Chrome/114.0.0.0 Safari/537.36"
159.223.51.105 - - [04/Dec/2025:17:00:31 +0000] "GET /wp-includes/block-supports/layout.php HTTP/1.1" 200 314 "-" "Mozilla/5.0 (Windows NT 10.0; Win64; x64) AppleWebKit/537.36 (KHTML, like Gecko) Chrome/114.0.0.0 Safari/537.36"
159.223.51.105 - - [04/Dec/2025:17:00:31 +0000] "GET /wp-includes/block-supports/position.php HTTP/1.1" 200 318 "-" "Mozilla/5.0 (Macintosh; Intel Mac OS X 10_15_7) AppleWebKit/605.1.15 (KHTML, like Gecko) Version/16.4 Safari/605.1.15"
212.2.240.147 - - [04/Dec/2025:17:00:31 +0000] "GET /wp-includes/theme-compat/wp-includes/ HTTP/1.1" 404 150485 "http://ondostate.gov.ng/wp-includes/theme-compat//wp-includes/" "Mozilla/5.0 (Linux; Android 7.0; SM-G892A Build/NRD90M; wv) AppleWebKit/537.36 (KHTML, like Gecko) Version/4.0 Chrome/60.0.3112.107 Mobile Safari/537.36"
159.223.51.105 - - [04/Dec/2025:17:00:32 +0000] "GET /wp-includes/js/ HTTP/1.1" 200 21099 "-" "Mozilla/5.0 (iPad; CPU OS 16_4 like Mac OS X) AppleWebKit/605.1.15 (KHTML, like Gecko) Version/16.4 Mobile/15E148 Safari/604.1"
159.223.51.105 - - [04/Dec/2025:17:00:32 +0000] "GET /wp-includes/js/ HTTP/1.1" 200 21099 "-" "Mozilla/5.0 (Windows NT 10.0; Win64; x64) AppleWebKit/537.36 (KHTML, like Gecko) Chrome/110.0.0.0 Safari/537.36"
212.2.240.147 - - [04/Dec/2025:17:00:32 +0000] "GET /wp-includes/widgets/ HTTP/1.1" 200 4621 "-" "Mozilla/5.0 (Linux; Android 7.0; SM-G892A Build/NRD90M; wv) AppleWebKit/537.36 (KHTML, like Gecko) Version/4.0 Chrome/60.0.3112.107 Mobile Safari/537.36"
159.223.51.105 - - [04/Dec/2025:17:00:32 +0000] "GET /wp-includes/js/jcrop/ HTTP/1.1" 200 1197 "-" "Mozilla/5.0 (Windows NT 10.0; Win64; x64) AppleWebKit/537.36 (KHTML, like Gecko) Chrome/110.0.0.0 Safari/537.36"
159.223.51.105 - - [04/Dec/2025:17:00:32 +0000] "GET /wp-includes/js/jcrop/ HTTP/1.1" 200 1197 "-" "Mozilla/5.0 (Windows NT 10.0; Win64; x64) AppleWebKit/537.36 (KHTML, like Gecko) Chrome/110.0.0.0 Safari/537.36"
212.2.240.147 - - [04/Dec/2025:17:00:32 +0000] "GET /wp-includes/widgets//wp-includes/ HTTP/1.1" 301 5 "-" "Mozilla/5.0 (Linux; Android 7.0; SM-G892A Build/NRD90M; wv) AppleWebKit/537.36 (KHTML, like Gecko) Version/4.0 Chrome/60.0.3112.107 Mobile Safari/537.36"
159.223.51.105 - - [04/Dec/2025:17:00:32 +0000] "GET /wp-includes/js/dist/ HTTP/1.1" 200 23399 "-" "Mozilla/5.0 (Macintosh; Intel Mac OS X 10_15_7) AppleWebKit/605.1.15 (KHTML, like Gecko) Version/16.4 Safari/605.1.15"
159.223.51.105 - - [04/Dec/2025:17:00:33 +0000] "GET /wp-includes/js/dist/ HTTP/1.1" 200 23399 "-" "Mozilla/5.0 (Windows NT 10.0; Win64; x64; rv:110.0) Gecko/20100101 Firefox/110.0"
159.223.51.105 - - [04/Dec/2025:17:00:33 +0000] "GET /wp-includes/js/dist/vendor/ HTTP/1.1" 200 5977 "-" "Mozilla/5.0 (Windows NT 10.0; Win64; x64; rv:110.0) Gecko/20100101 Firefox/110.0"
159.223.51.105 - - [04/Dec/2025:17:00:33 +0000] "GET /wp-includes/js/dist/vendor/ HTTP/1.1" 200 5977 "-" "Mozilla/5.0 (Windows NT 10.0; Win64; x64; rv:110.0) Gecko/20100101 Firefox/110.0"
212.2.240.147 - - [04/Dec/2025:17:00:33 +0000] "GET /wp-includes/widgets/wp-includes/ HTTP/1.1" 404 150485 "http://ondostate.gov.ng/wp-includes/widgets//wp-includes/" "Mozilla/5.0 (Linux; Android 7.0; SM-G892A Build/NRD90M; wv) AppleWebKit/537.36 (KHTML, like Gecko) Version/4.0 Chrome/60.0.3112.107 Mobile Safari/537.36"
159.223.51.105 - - [04/Dec/2025:17:00:33 +0000] "GET /wp-includes/js/dist/development/ HTTP/1.1" 200 1453 "-" "Mozilla/5.0 (Macintosh; Intel Mac OS X 10_15_7) AppleWebKit/605.1.15 (KHTML, like Gecko) Version/16.4 Safari/605.1.15"
159.223.51.105 - - [04/Dec/2025:17:00:33 +0000] "GET /wp-includes/js/dist/development/ HTTP/1.1" 200 1453 "-" "Mozilla/5.0 (Macintosh; Intel Mac OS X 10_15_7) AppleWebKit/605.1.15 (KHTML, like Gecko) Version/16.4 Safari/605.1.15"
212.2.240.147 - - [04/Dec/2025:17:00:34 +0000] "GET /wp-content/uploads/ HTTP/1.1" 200 2231 "-" "Mozilla/5.0 (Linux; Android 7.0; SM-G892A Build/NRD90M; wv) AppleWebKit/537.36 (KHTML, like Gecko) Version/4.0 Chrome/60.0.3112.107 Mobile Safari/537.36"
159.223.51.105 - - [04/Dec/2025:17:00:34 +0000] "GET /wp-includes/js/swfupload/ HTTP/1.1" 200 1374 "-" "Mozilla/5.0 (iPad; CPU OS 16_4 like Mac OS X) AppleWebKit/605.1.15 (KHTML, like Gecko) Version/16.4 Mobile/15E148 Safari/604.1"
159.223.51.105 - - [04/Dec/2025:17:00:34 +0000] "GET /wp-includes/js/swfupload/ HTTP/1.1" 200 1374 "-" "Mozilla/5.0 (iPad; CPU OS 16_4 like Mac OS X) AppleWebKit/605.1.15 (KHTML, like Gecko) Version/16.4 Mobile/15E148 Safari/604.1"
212.2.240.147 - - [04/Dec/2025:17:00:34 +0000] "GET /wp-content/uploads//wp-content/ HTTP/1.1" 301 5 "-" "Mozilla/5.0 (Linux; Android 7.0; SM-G892A Build/NRD90M; wv) AppleWebKit/537.36 (KHTML, like Gecko) Version/4.0 Chrome/60.0.3112.107 Mobile Safari/537.36"
