159.223.51.105 - - [04/Dec/2025:17:02:02 +0000] "GET /wp-content/plugins/elementor/includes/widgets/traits/ HTTP/1.1" 200 924 "-" "Mozilla/5.0 (Windows NT 10.0; Win64; x64; rv:110.0) Gecko/20100101 Firefox/110.0"
159.223.51.105 - - [04/Dec/2025:17:02:02 +0000] "GET /wp-content/plugins/elementor/includes/widgets/traits/ HTTP/1.1" 200 924 "-" "Mozilla/5.0 (iPad; CPU OS 16_4 like Mac OS X) AppleWebKit/605.1.15 (KHTML, like Gecko) Version/16.4 Mobile/15E148 Safari/604.1"
159.223.51.105 - - [04/Dec/2025:17:02:02 +0000] "GET /wp-content/plugins/elementor/includes/widgets/traits/button-trait.php HTTP/1.1" 200 5 "-" "Mozilla/5.0 (X11; Linux x86_64) AppleWebKit/537.36 (KHTML, like Gecko) Chrome/111.0.0.0 Safari/537.36"
212.2.240.147 - - [04/Dec/2025:17:02:02 +0000] "GET /wp-content/uploads/2024/10/wp-content/uploads/2024/ HTTP/1.1" 404 150485 "http://ondostate.gov.ng/wp-content/uploads/2024/10//wp-content/uploads/2024/" "Mozilla/5.0 (Linux; Android 7.0; SM-G892A Build/NRD90M; wv) AppleWebKit/537.36 (KHTML, like Gecko) Version/4.0 Chrome/60.0.3112.107 Mobile Safari/537.36"
159.223.51.105 - - [04/Dec/2025:17:02:02 +0000] "GET /wp-content/plugins/elementor/includes/template-library/ HTTP/1.1" 200 1614 "-" "Mozilla/5.0 (Macintosh; Intel Mac OS X 10_15_7) AppleWebKit/605.1.15 (KHTML, like Gecko) Version/16.4 Safari/605.1.15"
159.223.51.105 - - [04/Dec/2025:17:02:03 +0000] "GET /wp-content/plugins/elementor/includes/template-library/ HTTP/1.1" 200 1614 "-" "Mozilla/5.0 (Macintosh; Intel Mac OS X 10_15_7) AppleWebKit/605.1.15 (KHTML, like Gecko) Version/16.4 Safari/605.1.15"
212.2.240.147 - - [04/Dec/2025:17:02:03 +0000] "GET /wp-content/uploads/2024/11/ HTTP/1.1" 200 278021 "-" "Mozilla/5.0 (Linux; Android 7.0; SM-G892A Build/NRD90M; wv) AppleWebKit/537.36 (KHTML, like Gecko) Version/4.0 Chrome/60.0.3112.107 Mobile Safari/537.36"
159.223.51.105 - - [04/Dec/2025:17:02:03 +0000] "GET /wp-content/plugins/elementor/includes/template-library/manager.php HTTP/1.1" 200 5 "-" "Mozilla/5.0 (Windows NT 10.0; Win64; x64; rv:110.0) Gecko/20100101 Firefox/110.0"
159.223.51.105 - - [04/Dec/2025:17:02:03 +0000] "GET /wp-content/plugins/elementor/includes/template-library/classes/ HTTP/1.1" 200 960 "-" "Mozilla/5.0 (iPad; CPU OS 16_4 like Mac OS X) AppleWebKit/605.1.15 (KHTML, like Gecko) Version/16.4 Mobile/15E148 Safari/604.1"
159.223.51.105 - - [04/Dec/2025:17:02:03 +0000] "GET /wp-content/plugins/elementor/includes/template-library/classes/ HTTP/1.1" 200 960 "-" "Mozilla/5.0 (Windows NT 10.0; Win64; x64) AppleWebKit/537.36 (KHTML, like Gecko) Chrome/114.0.0.0 Safari/537.36"
212.2.240.147 - - [04/Dec/2025:17:02:03 +0000] "GET /wp-content/uploads/2024/11//wp-content/uploads/2024/ HTTP/1.1" 301 5 "-" "Mozilla/5.0 (Linux; Android 7.0; SM-G892A Build/NRD90M; wv) AppleWebKit/537.36 (KHTML, like Gecko) Version/4.0 Chrome/60.0.3112.107 Mobile Safari/537.36"
159.223.51.105 - - [04/Dec/2025:17:02:03 +0000] "GET /wp-content/plugins/elementor/includes/template-library/classes/class-import-images.php HTTP/1.1" 200 5 "-" "Mozilla/5.0 (Macintosh; Intel Mac OS X 10_15_7) AppleWebKit/605.1.15 (KHTML, like Gecko) Version/16.4 Safari/605.1.15"
159.223.51.105 - - [04/Dec/2025:17:02:04 +0000] "GET /wp-content/plugins/elementor/includes/template-library/sources/ HTTP/1.1" 200 1485 "-" "Mozilla/5.0 (iPad; CPU OS 16_4 like Mac OS X) AppleWebKit/605.1.15 (KHTML, like Gecko) Version/16.4 Mobile/15E148 Safari/604.1"
159.223.51.105 - - [04/Dec/2025:17:02:04 +0000] "GET /wp-content/plugins/elementor/includes/template-library/sources/ HTTP/1.1" 200 1485 "-" "Mozilla/5.0 (X11; Linux x86_64) AppleWebKit/537.36 (KHTML, like Gecko) Chrome/111.0.0.0 Safari/537.36"
159.223.51.105 - - [04/Dec/2025:17:02:04 +0000] "GET /wp-content/plugins/elementor/includes/template-library/sources/base.php HTTP/1.1" 200 5 "-" "Mozilla/5.0 (Windows NT 10.0; Win64; x64) AppleWebKit/537.36 (KHTML, like Gecko) Chrome/114.0.0.0 Safari/537.36"
212.2.240.147 - - [04/Dec/2025:17:02:04 +0000] "GET /wp-content/uploads/2024/11/wp-content/uploads/2024/ HTTP/1.1" 404 150485 "http://ondostate.gov.ng/wp-content/uploads/2024/11//wp-content/uploads/2024/" "Mozilla/5.0 (Linux; Android 7.0; SM-G892A Build/NRD90M; wv) AppleWebKit/537.36 (KHTML, like Gecko) Version/4.0 Chrome/60.0.3112.107 Mobile Safari/537.36"
159.223.51.105 - - [04/Dec/2025:17:02:04 +0000] "GET /wp-content/plugins/elementor/includes/template-library/sources/local.php HTTP/1.1" 200 5 "-" "Mozilla/5.0 (Macintosh; Intel Mac OS X 10_15_7) AppleWebKit/605.1.15 (KHTML, like Gecko) Version/16.4 Safari/605.1.15"
212.2.240.147 - - [04/Dec/2025:17:02:04 +0000] "GET /wp-content/uploads/2024/12/ HTTP/1.1" 200 151097 "-" "Mozilla/5.0 (Linux; Android 7.0; SM-G892A Build/NRD90M; wv) AppleWebKit/537.36 (KHTML, like Gecko) Version/4.0 Chrome/60.0.3112.107 Mobile Safari/537.36"
159.223.51.105 - - [04/Dec/2025:17:02:04 +0000] "GET /wp-content/plugins/elementor/includes/template-library/sources/remote.php HTTP/1.1" 200 5 "-" "Mozilla/5.0 (iPad; CPU OS 16_4 like Mac OS X) AppleWebKit/605.1.15 (KHTML, like Gecko) Version/16.4 Mobile/15E148 Safari/604.1"
159.223.51.105 - - [04/Dec/2025:17:02:05 +0000] "GET /wp-content/plugins/elementor/includes/template-library/sources/admin-menu-items/ HTTP/1.1" 200 1417 "-" "Mozilla/5.0 (iPad; CPU OS 16_4 like Mac OS X) AppleWebKit/605.1.15 (KHTML, like Gecko) Version/16.4 Mobile/15E148 Safari/604.1"
159.223.51.105 - - [04/Dec/2025:17:02:05 +0000] "GET /wp-content/plugins/elementor/includes/template-library/sources/admin-menu-items/ HTTP/1.1" 200 1417 "-" "Mozilla/5.0 (iPad; CPU OS 16_4 like Mac OS X) AppleWebKit/605.1.15 (KHTML, like Gecko) Version/16.4 Mobile/15E148 Safari/604.1"
212.2.240.147 - - [04/Dec/2025:17:02:05 +0000] "GET /wp-content/uploads/2024/12//wp-content/uploads/2024/ HTTP/1.1" 301 5 "-" "Mozilla/5.0 (Linux; Android 7.0; SM-G892A Build/NRD90M; wv) AppleWebKit/537.36 (KHTML, like Gecko) Version/4.0 Chrome/60.0.3112.107 Mobile Safari/537.36"
159.223.51.105 - - [04/Dec/2025:17:02:05 +0000] "GET /wp-content/plugins/elementor/includes/template-library/sources/admin-menu-items/templates-categories-menu-item.php HTTP/1.1" 200 5 "-" "Mozilla/5.0 (Windows NT 10.0; Win64; x64) AppleWebKit/537.36 (KHTML, like Gecko) Chrome/114.0.0.0 Safari/537.36"
159.223.51.105 - - [04/Dec/2025:17:02:05 +0000] "GET /wp-content/plugins/elementor/includes/template-library/sources/admin-menu-items/saved-templates-menu-item.php HTTP/1.1" 200 5 "-" "Mozilla/5.0 (Windows NT 10.0; Win64; x64; rv:110.0) Gecko/20100101 Firefox/110.0"
159.223.51.105 - - [04/Dec/2025:17:02:06 +0000] "GET /wp-content/plugins/elementor/includes/template-library/sources/admin-menu-items/add-new-template-menu-item.php HTTP/1.1" 200 5 "-" "Mozilla/5.0 (Windows NT 10.0; Win64; x64) AppleWebKit/537.36 (KHTML, like Gecko) Chrome/114.0.0.0 Safari/537.36"
159.223.51.105 - - [04/Dec/2025:17:02:06 +0000] "GET /wp-content/plugins/elementor/includes/template-library/forms/ HTTP/1.1" 200 954 "-" "Mozilla/5.0 (Windows NT 10.0; Win64; x64) AppleWebKit/537.36 (KHTML, like Gecko) Chrome/114.0.0.0 Safari/537.36"
212.2.240.147 - - [04/Dec/2025:17:02:06 +0000] "GET /wp-content/uploads/2024/12/wp-content/uploads/2024/ HTTP/1.1" 404 150485 "http://ondostate.gov.ng/wp-content/uploads/2024/12//wp-content/uploads/2024/" "Mozilla/5.0 (Linux; Android 7.0; SM-G892A Build/NRD90M; wv) AppleWebKit/537.36 (KHTML, like Gecko) Version/4.0 Chrome/60.0.3112.107 Mobile Safari/537.36"
159.223.51.105 - - [04/Dec/2025:17:02:06 +0000] "GET /wp-content/plugins/elementor/includes/template-library/forms/ HTTP/1.1" 200 954 "-" "Mozilla/5.0 (Windows NT 10.0; Win64; x64) AppleWebKit/537.36 (KHTML, like Gecko) Chrome/114.0.0.0 Safari/537.36"
212.2.240.147 - - [04/Dec/2025:17:02:06 +0000] "GET /wp-content/uploads/2024/01/ HTTP/1.1" 200 28281 "-" "Mozilla/5.0 (Linux; Android 7.0; SM-G892A Build/NRD90M; wv) AppleWebKit/537.36 (KHTML, like Gecko) Version/4.0 Chrome/60.0.3112.107 Mobile Safari/537.36"
159.223.51.105 - - [04/Dec/2025:17:02:06 +0000] "GET /wp-content/plugins/elementor/includes/template-library/forms/new-template-form.php HTTP/1.1" 200 5 "-" "Mozilla/5.0 (X11; Linux x86_64) AppleWebKit/537.36 (KHTML, like Gecko) Chrome/111.0.0.0 Safari/537.36"
159.223.51.105 - - [04/Dec/2025:17:02:06 +0000] "GET /wp-content/plugins/elementor/includes/template-library/data/ HTTP/1.1" 200 1123 "-" "Mozilla/5.0 (X11; Linux x86_64) AppleWebKit/537.36 (KHTML, like Gecko) Chrome/111.0.0.0 Safari/537.36"
212.2.240.147 - - [04/Dec/2025:17:02:07 +0000] "GET /wp-content/uploads/2024/01//wp-content/uploads/2024/ HTTP/1.1" 301 5 "-" "Mozilla/5.0 (Linux; Android 7.0; SM-G892A Build/NRD90M; wv) AppleWebKit/537.36 (KHTML, like Gecko) Version/4.0 Chrome/60.0.3112.107 Mobile Safari/537.36"
159.223.51.105 - - [04/Dec/2025:17:02:07 +0000] "GET /wp-content/plugins/elementor/includes/template-library/data/ HTTP/1.1" 200 1123 "-" "Mozilla/5.0 (Macintosh; Intel Mac OS X 10_15_7) AppleWebKit/605.1.15 (KHTML, like Gecko) Version/16.4 Safari/605.1.15"
159.223.51.105 - - [04/Dec/2025:17:02:07 +0000] "GET /wp-content/plugins/elementor/includes/template-library/data/controller.php HTTP/1.1" 200 5 "-" "Mozilla/5.0 (Windows NT 10.0; Win64; x64; rv:110.0) Gecko/20100101 Firefox/110.0"
159.223.51.105 - - [04/Dec/2025:17:02:07 +0000] "GET /wp-content/plugins/elementor/includes/template-library/data/endpoints/ HTTP/1.1" 200 969 "-" "Mozilla/5.0 (Windows NT 10.0; Win64; x64) AppleWebKit/537.36 (KHTML, like Gecko) Chrome/110.0.0.0 Safari/537.36"
159.223.51.105 - - [04/Dec/2025:17:02:07 +0000] "GET /wp-content/plugins/elementor/includes/template-library/data/endpoints/ HTTP/1.1" 200 969 "-" "Mozilla/5.0 (iPad; CPU OS 16_4 like Mac OS X) AppleWebKit/605.1.15 (KHTML, like Gecko) Version/16.4 Mobile/15E148 Safari/604.1"
212.2.240.147 - - [04/Dec/2025:17:02:08 +0000] "GET /wp-content/uploads/2024/01/wp-content/uploads/2024/ HTTP/1.1" 404 150485 "http://ondostate.gov.ng/wp-content/uploads/2024/01//wp-content/uploads/2024/" "Mozilla/5.0 (Linux; Android 7.0; SM-G892A Build/NRD90M; wv) AppleWebKit/537.36 (KHTML, like Gecko) Version/4.0 Chrome/60.0.3112.107 Mobile Safari/537.36"
159.223.51.105 - - [04/Dec/2025:17:02:08 +0000] "GET /wp-content/plugins/elementor/includes/template-library/data/endpoints/templates.php HTTP/1.1" 200 5 "-" "Mozilla/5.0 (iPad; CPU OS 16_4 like Mac OS X) AppleWebKit/605.1.15 (KHTML, like Gecko) Version/16.4 Mobile/15E148 Safari/604.1"
159.223.51.105 - - [04/Dec/2025:17:02:08 +0000] "GET /wp-content/plugins/elementor/includes/interfaces/ HTTP/1.1" 200 909 "-" "Mozilla/5.0 (Windows NT 10.0; Win64; x64) AppleWebKit/537.36 (KHTML, like Gecko) Chrome/114.0.0.0 Safari/537.36"
212.2.240.147 - - [04/Dec/2025:17:02:08 +0000] "GET /wp-content/uploads/2024/02/ HTTP/1.1" 200 16233 "-" "Mozilla/5.0 (Linux; Android 7.0; SM-G892A Build/NRD90M; wv) AppleWebKit/537.36 (KHTML, like Gecko) Version/4.0 Chrome/60.0.3112.107 Mobile Safari/537.36"
159.223.51.105 - - [04/Dec/2025:17:02:08 +0000] "GET /wp-content/plugins/elementor/includes/interfaces/ HTTP/1.1" 200 909 "-" "Mozilla/5.0 (Windows NT 10.0; Win64; x64) AppleWebKit/537.36 (KHTML, like Gecko) Chrome/110.0.0.0 Safari/537.36"
159.223.51.105 - - [04/Dec/2025:17:02:08 +0000] "GET /wp-content/plugins/elementor/includes/interfaces/group-control.php HTTP/1.1" 200 5 "-" "Mozilla/5.0 (Windows NT 10.0; Win64; x64) AppleWebKit/537.36 (KHTML, like Gecko) Chrome/114.0.0.0 Safari/537.36"
212.2.240.147 - - [04/Dec/2025:17:02:08 +0000] "GET /wp-content/uploads/2024/02//wp-content/uploads/2024/ HTTP/1.1" 301 5 "-" "Mozilla/5.0 (Linux; Android 7.0; SM-G892A Build/NRD90M; wv) AppleWebKit/537.36 (KHTML, like Gecko) Version/4.0 Chrome/60.0.3112.107 Mobile Safari/537.36"
159.223.51.105 - - [04/Dec/2025:17:02:08 +0000] "GET /wp-content/plugins/elementor/assets/ HTTP/1.1" 200 2085 "-" "Mozilla/5.0 (Windows NT 10.0; Win64; x64) AppleWebKit/537.36 (KHTML, like Gecko) Chrome/110.0.0.0 Safari/537.36"
159.223.51.105 - - [04/Dec/2025:17:02:09 +0000] "GET /wp-content/plugins/elementor/assets/ HTTP/1.1" 200 2085 "-" "Mozilla/5.0 (Macintosh; Intel Mac OS X 10_15_7) AppleWebKit/605.1.15 (KHTML, like Gecko) Version/16.4 Safari/605.1.15"
159.223.51.105 - - [04/Dec/2025:17:02:09 +0000] "GET /wp-content/plugins/elementor/assets/lib/ HTTP/1.1" 200 5000 "-" "Mozilla/5.0 (Windows NT 10.0; Win64; x64) AppleWebKit/537.36 (KHTML, like Gecko) Chrome/110.0.0.0 Safari/537.36"
159.223.51.105 - - [04/Dec/2025:17:02:09 +0000] "GET /wp-content/plugins/elementor/assets/lib/ HTTP/1.1" 200 5000 "-" "Mozilla/5.0 (Macintosh; Intel Mac OS X 10_15_7) AppleWebKit/605.1.15 (KHTML, like Gecko) Version/16.4 Safari/605.1.15"
212.2.240.147 - - [04/Dec/2025:17:02:09 +0000] "GET /wp-content/uploads/2024/02/wp-content/uploads/2024/ HTTP/1.1" 404 150485 "http://ondostate.gov.ng/wp-content/uploads/2024/02//wp-content/uploads/2024/" "Mozilla/5.0 (Linux; Android 7.0; SM-G892A Build/NRD90M; wv) AppleWebKit/537.36 (KHTML, like Gecko) Version/4.0 Chrome/60.0.3112.107 Mobile Safari/537.36"
159.223.51.105 - - [04/Dec/2025:17:02:09 +0000] "GET /wp-content/plugins/elementor/assets/lib/font-awesome/ HTTP/1.1" 200 1779 "-" "Mozilla/5.0 (Windows NT 10.0; Win64; x64; rv:110.0) Gecko/20100101 Firefox/110.0"
159.223.51.105 - - [04/Dec/2025:17:02:10 +0000] "GET /wp-content/plugins/elementor/assets/lib/font-awesome/ HTTP/1.1" 200 1779 "-" "Mozilla/5.0 (Windows NT 10.0; Win64; x64; rv:110.0) Gecko/20100101 Firefox/110.0"
212.2.240.147 - - [04/Dec/2025:17:02:10 +0000] "GET /wp-content/uploads/2024/03/ HTTP/1.1" 200 12870 "-" "Mozilla/5.0 (Linux; Android 7.0; SM-G892A Build/NRD90M; wv) AppleWebKit/537.36 (KHTML, like Gecko) Version/4.0 Chrome/60.0.3112.107 Mobile Safari/537.36"
159.223.51.105 - - [04/Dec/2025:17:02:10 +0000] "GET /wp-content/plugins/elementor/assets/lib/font-awesome/json/ HTTP/1.1" 200 1294 "-" "Mozilla/5.0 (Windows NT 10.0; Win64; x64) AppleWebKit/537.36 (KHTML, like Gecko) Chrome/110.0.0.0 Safari/537.36"
159.223.51.105 - - [04/Dec/2025:17:02:10 +0000] "GET /wp-content/plugins/elementor/assets/lib/font-awesome/json/ HTTP/1.1" 200 1294 "-" "Mozilla/5.0 (X11; Linux x86_64) AppleWebKit/537.36 (KHTML, like Gecko) Chrome/111.0.0.0 Safari/537.36"
212.2.240.147 - - [04/Dec/2025:17:02:10 +0000] "GET /wp-content/uploads/2024/03//wp-content/uploads/2024/ HTTP/1.1" 301 5 "-" "Mozilla/5.0 (Linux; Android 7.0; SM-G892A Build/NRD90M; wv) AppleWebKit/537.36 (KHTML, like Gecko) Version/4.0 Chrome/60.0.3112.107 Mobile Safari/537.36"
159.223.51.105 - - [04/Dec/2025:17:02:10 +0000] "GET /wp-content/plugins/elementor/assets/lib/font-awesome/migration/ HTTP/1.1" 200 945 "-" "Mozilla/5.0 (Windows NT 10.0; Win64; x64) AppleWebKit/537.36 (KHTML, like Gecko) Chrome/110.0.0.0 Safari/537.36"
159.223.51.105 - - [04/Dec/2025:17:02:10 +0000] "GET /wp-content/plugins/elementor/assets/lib/font-awesome/migration/ HTTP/1.1" 200 945 "-" "Mozilla/5.0 (Windows NT 10.0; Win64; x64) AppleWebKit/537.36 (KHTML, like Gecko) Chrome/110.0.0.0 Safari/537.36"
159.223.51.105 - - [04/Dec/2025:17:02:11 +0000] "GET /wp-content/plugins/elementor/assets/lib/font-awesome/css/ HTTP/1.1" 200 3665 "-" "Mozilla/5.0 (Windows NT 10.0; Win64; x64) AppleWebKit/537.36 (KHTML, like Gecko) Chrome/114.0.0.0 Safari/537.36"
159.223.51.105 - - [04/Dec/2025:17:02:11 +0000] "GET /wp-content/plugins/elementor/assets/lib/font-awesome/css/ HTTP/1.1" 200 3665 "-" "Mozilla/5.0 (iPad; CPU OS 16_4 like Mac OS X) AppleWebKit/605.1.15 (KHTML, like Gecko) Version/16.4 Mobile/15E148 Safari/604.1"
159.223.51.105 - - [04/Dec/2025:17:02:11 +0000] "GET /wp-content/plugins/elementor/assets/lib/font-awesome/webfonts/ HTTP/1.1" 200 3549 "-" "Mozilla/5.0 (Macintosh; Intel Mac OS X 10_15_7) AppleWebKit/605.1.15 (KHTML, like Gecko) Version/16.4 Safari/605.1.15"
212.2.240.147 - - [04/Dec/2025:17:02:11 +0000] "GET /wp-content/uploads/2024/03/wp-content/uploads/2024/ HTTP/1.1" 404 150485 "http://ondostate.gov.ng/wp-content/uploads/2024/03//wp-content/uploads/2024/" "Mozilla/5.0 (Linux; Android 7.0; SM-G892A Build/NRD90M; wv) AppleWebKit/537.36 (KHTML, like Gecko) Version/4.0 Chrome/60.0.3112.107 Mobile Safari/537.36"
159.223.51.105 - - [04/Dec/2025:17:02:11 +0000] "GET /wp-content/plugins/elementor/assets/lib/font-awesome/webfonts/ HTTP/1.1" 200 3549 "-" "Mozilla/5.0 (X11; Linux x86_64) AppleWebKit/537.36 (KHTML, like Gecko) Chrome/111.0.0.0 Safari/537.36"
159.223.51.105 - - [04/Dec/2025:17:02:11 +0000] "GET /wp-content/plugins/elementor/assets/lib/font-awesome/fonts/ HTTP/1.1" 200 1906 "-" "Mozilla/5.0 (Macintosh; Intel Mac OS X 10_15_7) AppleWebKit/605.1.15 (KHTML, like Gecko) Version/16.4 Safari/605.1.15"
212.2.240.147 - - [04/Dec/2025:17:02:11 +0000] "GET /wp-content/uploads/2024/04/ HTTP/1.1" 200 8212 "-" "Mozilla/5.0 (Linux; Android 7.0; SM-G892A Build/NRD90M; wv) AppleWebKit/537.36 (KHTML, like Gecko) Version/4.0 Chrome/60.0.3112.107 Mobile Safari/537.36"
159.223.51.105 - - [04/Dec/2025:17:02:12 +0000] "GET /wp-content/plugins/elementor/assets/lib/font-awesome/fonts/ HTTP/1.1" 200 1906 "-" "Mozilla/5.0 (Windows NT 10.0; Win64; x64) AppleWebKit/537.36 (KHTML, like Gecko) Chrome/110.0.0.0 Safari/537.36"
159.223.51.105 - - [04/Dec/2025:17:02:12 +0000] "GET /wp-content/plugins/elementor/assets/lib/font-awesome/js/ HTTP/1.1" 200 1646 "-" "Mozilla/5.0 (iPad; CPU OS 16_4 like Mac OS X) AppleWebKit/605.1.15 (KHTML, like Gecko) Version/16.4 Mobile/15E148 Safari/604.1"
212.2.240.147 - - [04/Dec/2025:17:02:12 +0000] "GET /wp-content/uploads/2024/04//wp-content/uploads/2024/ HTTP/1.1" 301 5 "-" "Mozilla/5.0 (Linux; Android 7.0; SM-G892A Build/NRD90M; wv) AppleWebKit/537.36 (KHTML, like Gecko) Version/4.0 Chrome/60.0.3112.107 Mobile Safari/537.36"
159.223.51.105 - - [04/Dec/2025:17:02:12 +0000] "GET /wp-content/plugins/elementor/assets/lib/font-awesome/js/ HTTP/1.1" 200 1646 "-" "Mozilla/5.0 (Windows NT 10.0; Win64; x64) AppleWebKit/537.36 (KHTML, like Gecko) Chrome/114.0.0.0 Safari/537.36"
159.223.51.105 - - [04/Dec/2025:17:02:12 +0000] "GET /wp-content/plugins/elementor/assets/lib/nouislider/ HTTP/1.1" 200 1096 "-" "Mozilla/5.0 (X11; Linux x86_64) AppleWebKit/537.36 (KHTML, like Gecko) Chrome/111.0.0.0 Safari/537.36"
159.223.51.105 - - [04/Dec/2025:17:02:12 +0000] "GET /wp-content/plugins/elementor/assets/lib/nouislider/ HTTP/1.1" 200 1096 "-" "Mozilla/5.0 (Windows NT 10.0; Win64; x64; rv:110.0) Gecko/20100101 Firefox/110.0"
159.223.51.105 - - [04/Dec/2025:17:02:13 +0000] "GET /wp-content/plugins/elementor/assets/lib/perfect-scrollbar/ HTTP/1.1" 200 915 "-" "Mozilla/5.0 (Windows NT 10.0; Win64; x64; rv:110.0) Gecko/20100101 Firefox/110.0"
212.2.240.147 - - [04/Dec/2025:17:02:13 +0000] "GET /wp-content/uploads/2024/04/wp-content/uploads/2024/ HTTP/1.1" 404 150485 "http://ondostate.gov.ng/wp-content/uploads/2024/04//wp-content/uploads/2024/" "Mozilla/5.0 (Linux; Android 7.0; SM-G892A Build/NRD90M; wv) AppleWebKit/537.36 (KHTML, like Gecko) Version/4.0 Chrome/60.0.3112.107 Mobile Safari/537.36"
159.223.51.105 - - [04/Dec/2025:17:02:13 +0000] "GET /wp-content/plugins/elementor/assets/lib/perfect-scrollbar/ HTTP/1.1" 200 915 "-" "Mozilla/5.0 (Windows NT 10.0; Win64; x64) AppleWebKit/537.36 (KHTML, like Gecko) Chrome/114.0.0.0 Safari/537.36"
159.223.51.105 - - [04/Dec/2025:17:02:13 +0000] "GET /wp-content/plugins/elementor/assets/lib/perfect-scrollbar/js/ HTTP/1.1" 200 1151 "-" "Mozilla/5.0 (Windows NT 10.0; Win64; x64) AppleWebKit/537.36 (KHTML, like Gecko) Chrome/114.0.0.0 Safari/537.36"
212.2.240.147 - - [04/Dec/2025:17:02:13 +0000] "GET /wp-content/uploads/2024/05/ HTTP/1.1" 200 26168 "-" "Mozilla/5.0 (Linux; Android 7.0; SM-G892A Build/NRD90M; wv) AppleWebKit/537.36 (KHTML, like Gecko) Version/4.0 Chrome/60.0.3112.107 Mobile Safari/537.36"
159.223.51.105 - - [04/Dec/2025:17:02:13 +0000] "GET /wp-content/plugins/elementor/assets/lib/perfect-scrollbar/js/ HTTP/1.1" 200 1151 "-" "Mozilla/5.0 (Macintosh; Intel Mac OS X 10_15_7) AppleWebKit/605.1.15 (KHTML, like Gecko) Version/16.4 Safari/605.1.15"
159.223.51.105 - - [04/Dec/2025:17:02:13 +0000] "GET /wp-content/plugins/elementor/assets/lib/animate.css/ HTTP/1.1" 200 1281 "-" "Mozilla/5.0 (Windows NT 10.0; Win64; x64) AppleWebKit/537.36 (KHTML, like Gecko) Chrome/110.0.0.0 Safari/537.36"
212.2.240.147 - - [04/Dec/2025:17:02:14 +0000] "GET /wp-content/uploads/2024/05//wp-content/uploads/2024/ HTTP/1.1" 301 5 "-" "Mozilla/5.0 (Linux; Android 7.0; SM-G892A Build/NRD90M; wv) AppleWebKit/537.36 (KHTML, like Gecko) Version/4.0 Chrome/60.0.3112.107 Mobile Safari/537.36"
159.223.51.105 - - [04/Dec/2025:17:02:14 +0000] "GET /wp-content/plugins/elementor/assets/lib/animate.css/ HTTP/1.1" 200 1281 "-" "Mozilla/5.0 (Macintosh; Intel Mac OS X 10_15_7) AppleWebKit/605.1.15 (KHTML, like Gecko) Version/16.4 Safari/605.1.15"
159.223.51.105 - - [04/Dec/2025:17:02:14 +0000] "GET /wp-content/plugins/elementor/assets/lib/eicons/ HTTP/1.1" 200 1247 "-" "Mozilla/5.0 (Windows NT 10.0; Win64; x64; rv:110.0) Gecko/20100101 Firefox/110.0"
159.223.51.105 - - [04/Dec/2025:17:02:14 +0000] "GET /wp-content/plugins/elementor/assets/lib/eicons/ HTTP/1.1" 200 1247 "-" "Mozilla/5.0 (X11; Linux x86_64) AppleWebKit/537.36 (KHTML, like Gecko) Chrome/111.0.0.0 Safari/537.36"
159.223.51.105 - - [04/Dec/2025:17:02:14 +0000] "GET /wp-content/plugins/elementor/assets/lib/eicons/fonts/ HTTP/1.1" 200 1634 "-" "Mozilla/5.0 (Windows NT 10.0; Win64; x64) AppleWebKit/537.36 (KHTML, like Gecko) Chrome/110.0.0.0 Safari/537.36"
159.223.51.105 - - [04/Dec/2025:17:02:14 +0000] "GET /wp-content/plugins/elementor/assets/lib/eicons/fonts/ HTTP/1.1" 200 1634 "-" "Mozilla/5.0 (Windows NT 10.0; Win64; x64) AppleWebKit/537.36 (KHTML, like Gecko) Chrome/114.0.0.0 Safari/537.36"
212.2.240.147 - - [04/Dec/2025:17:02:14 +0000] "GET /wp-content/uploads/2024/05/wp-content/uploads/2024/ HTTP/1.1" 404 150485 "http://ondostate.gov.ng/wp-content/uploads/2024/05//wp-content/uploads/2024/" "Mozilla/5.0 (Linux; Android 7.0; SM-G892A Build/NRD90M; wv) AppleWebKit/537.36 (KHTML, like Gecko) Version/4.0 Chrome/60.0.3112.107 Mobile Safari/537.36"
159.223.51.105 - - [04/Dec/2025:17:02:15 +0000] "GET /wp-content/plugins/elementor/assets/lib/eicons/css/ HTTP/1.1" 200 1115 "-" "Mozilla/5.0 (Windows NT 10.0; Win64; x64) AppleWebKit/537.36 (KHTML, like Gecko) Chrome/110.0.0.0 Safari/537.36"
212.2.240.147 - - [04/Dec/2025:17:02:15 +0000] "GET /wp-content/uploads/2024/06/ HTTP/1.1" 200 26796 "-" "Mozilla/5.0 (Linux; Android 7.0; SM-G892A Build/NRD90M; wv) AppleWebKit/537.36 (KHTML, like Gecko) Version/4.0 Chrome/60.0.3112.107 Mobile Safari/537.36"
159.223.51.105 - - [04/Dec/2025:17:02:15 +0000] "GET /wp-content/plugins/elementor/assets/lib/eicons/css/ HTTP/1.1" 200 1115 "-" "Mozilla/5.0 (iPad; CPU OS 16_4 like Mac OS X) AppleWebKit/605.1.15 (KHTML, like Gecko) Version/16.4 Mobile/15E148 Safari/604.1"
159.223.51.105 - - [04/Dec/2025:17:02:15 +0000] "GET /wp-content/plugins/elementor/assets/lib/color-thief/ HTTP/1.1" 200 918 "-" "Mozilla/5.0 (iPad; CPU OS 16_4 like Mac OS X) AppleWebKit/605.1.15 (KHTML, like Gecko) Version/16.4 Mobile/15E148 Safari/604.1"
212.2.240.147 - - [04/Dec/2025:17:02:15 +0000] "GET /wp-content/uploads/2024/06//wp-content/uploads/2024/ HTTP/1.1" 301 5 "-" "Mozilla/5.0 (Linux; Android 7.0; SM-G892A Build/NRD90M; wv) AppleWebKit/537.36 (KHTML, like Gecko) Version/4.0 Chrome/60.0.3112.107 Mobile Safari/537.36"
159.223.51.105 - - [04/Dec/2025:17:02:15 +0000] "GET /wp-content/plugins/elementor/assets/lib/color-thief/ HTTP/1.1" 200 918 "-" "Mozilla/5.0 (X11; Linux x86_64) AppleWebKit/537.36 (KHTML, like Gecko) Chrome/111.0.0.0 Safari/537.36"
159.223.51.105 - - [04/Dec/2025:17:02:16 +0000] "GET /wp-content/plugins/elementor/assets/lib/jquery-hover-intent/ HTTP/1.1" 200 1135 "-" "Mozilla/5.0 (Macintosh; Intel Mac OS X 10_15_7) AppleWebKit/605.1.15 (KHTML, like Gecko) Version/16.4 Safari/605.1.15"
159.223.51.105 - - [04/Dec/2025:17:02:16 +0000] "GET /wp-content/plugins/elementor/assets/lib/jquery-hover-intent/ HTTP/1.1" 200 1135 "-" "Mozilla/5.0 (Windows NT 10.0; Win64; x64) AppleWebKit/537.36 (KHTML, like Gecko) Chrome/110.0.0.0 Safari/537.36"
159.223.51.105 - - [04/Dec/2025:17:02:16 +0000] "GET /wp-content/plugins/elementor/assets/lib/flatpickr/ HTTP/1.1" 200 1458 "-" "Mozilla/5.0 (X11; Linux x86_64) AppleWebKit/537.36 (KHTML, like Gecko) Chrome/111.0.0.0 Safari/537.36"
212.2.240.147 - - [04/Dec/2025:17:02:16 +0000] "GET /wp-content/uploads/2024/06/wp-content/uploads/2024/ HTTP/1.1" 404 150485 "http://ondostate.gov.ng/wp-content/uploads/2024/06//wp-content/uploads/2024/" "Mozilla/5.0 (Linux; Android 7.0; SM-G892A Build/NRD90M; wv) AppleWebKit/537.36 (KHTML, like Gecko) Version/4.0 Chrome/60.0.3112.107 Mobile Safari/537.36"
159.223.51.105 - - [04/Dec/2025:17:02:16 +0000] "GET /wp-content/plugins/elementor/assets/lib/flatpickr/ HTTP/1.1" 200 1458 "-" "Mozilla/5.0 (X11; Linux x86_64) AppleWebKit/537.36 (KHTML, like Gecko) Chrome/111.0.0.0 Safari/537.36"
159.223.51.105 - - [04/Dec/2025:17:02:16 +0000] "GET /wp-content/plugins/elementor/assets/lib/dialog/ HTTP/1.1" 200 1080 "-" "Mozilla/5.0 (iPad; CPU OS 16_4 like Mac OS X) AppleWebKit/605.1.15 (KHTML, like Gecko) Version/16.4 Mobile/15E148 Safari/604.1"
212.2.240.147 - - [04/Dec/2025:17:02:17 +0000] "GET /wp-content/uploads/2024/07/ HTTP/1.1" 200 73827 "-" "Mozilla/5.0 (Linux; Android 7.0; SM-G892A Build/NRD90M; wv) AppleWebKit/537.36 (KHTML, like Gecko) Version/4.0 Chrome/60.0.3112.107 Mobile Safari/537.36"
159.223.51.105 - - [04/Dec/2025:17:02:17 +0000] "GET /wp-content/plugins/elementor/assets/lib/dialog/ HTTP/1.1" 200 1080 "-" "Mozilla/5.0 (iPad; CPU OS 16_4 like Mac OS X) AppleWebKit/605.1.15 (KHTML, like Gecko) Version/16.4 Mobile/15E148 Safari/604.1"
159.223.51.105 - - [04/Dec/2025:17:02:17 +0000] "GET /wp-content/plugins/elementor/assets/lib/hover/ HTTP/1.1" 200 1078 "-" "Mozilla/5.0 (Windows NT 10.0; Win64; x64) AppleWebKit/537.36 (KHTML, like Gecko) Chrome/114.0.0.0 Safari/537.36"
159.223.51.105 - - [04/Dec/2025:17:02:17 +0000] "GET /wp-content/plugins/elementor/assets/lib/hover/ HTTP/1.1" 200 1078 "-" "Mozilla/5.0 (Windows NT 10.0; Win64; x64; rv:110.0) Gecko/20100101 Firefox/110.0"
212.2.240.147 - - [04/Dec/2025:17:02:17 +0000] "GET /wp-content/uploads/2024/07//wp-content/uploads/2024/ HTTP/1.1" 301 5 "-" "Mozilla/5.0 (Linux; Android 7.0; SM-G892A Build/NRD90M; wv) AppleWebKit/537.36 (KHTML, like Gecko) Version/4.0 Chrome/60.0.3112.107 Mobile Safari/537.36"
159.223.51.105 - - [04/Dec/2025:17:02:17 +0000] "GET /wp-content/plugins/elementor/assets/lib/imagesloaded/ HTTP/1.1" 200 1104 "-" "Mozilla/5.0 (Windows NT 10.0; Win64; x64) AppleWebKit/537.36 (KHTML, like Gecko) Chrome/114.0.0.0 Safari/537.36"
159.223.51.105 - - [04/Dec/2025:17:02:17 +0000] "GET /wp-content/plugins/elementor/assets/lib/imagesloaded/ HTTP/1.1" 200 1104 "-" "Mozilla/5.0 (X11; Linux x86_64) AppleWebKit/537.36 (KHTML, like Gecko) Chrome/111.0.0.0 Safari/537.36"
159.223.51.105 - - [04/Dec/2025:17:02:18 +0000] "GET /wp-content/plugins/elementor/assets/lib/inline-editor/ HTTP/1.1" 200 907 "-" "Mozilla/5.0 (Windows NT 10.0; Win64; x64) AppleWebKit/537.36 (KHTML, like Gecko) Chrome/114.0.0.0 Safari/537.36"
159.223.51.105 - - [04/Dec/2025:17:02:18 +0000] "GET /wp-content/plugins/elementor/assets/lib/inline-editor/ HTTP/1.1" 200 907 "-" "Mozilla/5.0 (X11; Linux x86_64) AppleWebKit/537.36 (KHTML, like Gecko) Chrome/111.0.0.0 Safari/537.36"
212.2.240.147 - - [04/Dec/2025:17:02:18 +0000] "GET /wp-content/uploads/2024/07/wp-content/uploads/2024/ HTTP/1.1" 404 150485 "http://ondostate.gov.ng/wp-content/uploads/2024/07//wp-content/uploads/2024/" "Mozilla/5.0 (Linux; Android 7.0; SM-G892A Build/NRD90M; wv) AppleWebKit/537.36 (KHTML, like Gecko) Version/4.0 Chrome/60.0.3112.107 Mobile Safari/537.36"
159.223.51.105 - - [04/Dec/2025:17:02:18 +0000] "GET /wp-content/plugins/elementor/assets/lib/inline-editor/js/ HTTP/1.1" 200 1128 "-" "Mozilla/5.0 (X11; Linux x86_64) AppleWebKit/537.36 (KHTML, like Gecko) Chrome/111.0.0.0 Safari/537.36"
159.223.51.105 - - [04/Dec/2025:17:02:18 +0000] "GET /wp-content/plugins/elementor/assets/lib/inline-editor/js/ HTTP/1.1" 200 1128 "-" "Mozilla/5.0 (Macintosh; Intel Mac OS X 10_15_7) AppleWebKit/605.1.15 (KHTML, like Gecko) Version/16.4 Safari/605.1.15"
212.2.240.147 - - [04/Dec/2025:17:02:18 +0000] "GET /wp-content/uploads/2024/08/ HTTP/1.1" 200 69194 "-" "Mozilla/5.0 (Linux; Android 7.0; SM-G892A Build/NRD90M; wv) AppleWebKit/537.36 (KHTML, like Gecko) Version/4.0 Chrome/60.0.3112.107 Mobile Safari/537.36"
159.223.51.105 - - [04/Dec/2025:17:02:18 +0000] "GET /wp-content/plugins/elementor/assets/lib/tipsy/ HTTP/1.1" 200 1076 "-" "Mozilla/5.0 (iPad; CPU OS 16_4 like Mac OS X) AppleWebKit/605.1.15 (KHTML, like Gecko) Version/16.4 Mobile/15E148 Safari/604.1"
159.223.51.105 - - [04/Dec/2025:17:02:19 +0000] "GET /wp-content/plugins/elementor/assets/lib/tipsy/ HTTP/1.1" 200 1076 "-" "Mozilla/5.0 (Macintosh; Intel Mac OS X 10_15_7) AppleWebKit/605.1.15 (KHTML, like Gecko) Version/16.4 Safari/605.1.15"
212.2.240.147 - - [04/Dec/2025:17:02:19 +0000] "GET /wp-content/uploads/2024/08//wp-content/uploads/2024/ HTTP/1.1" 301 5 "-" "Mozilla/5.0 (Linux; Android 7.0; SM-G892A Build/NRD90M; wv) AppleWebKit/537.36 (KHTML, like Gecko) Version/4.0 Chrome/60.0.3112.107 Mobile Safari/537.36"
159.223.51.105 - - [04/Dec/2025:17:02:19 +0000] "GET /wp-content/plugins/elementor/assets/lib/animations/ HTTP/1.1" 200 916 "-" "Mozilla/5.0 (X11; Linux x86_64) AppleWebKit/537.36 (KHTML, like Gecko) Chrome/111.0.0.0 Safari/537.36"
159.223.51.105 - - [04/Dec/2025:17:02:19 +0000] "GET /wp-content/plugins/elementor/assets/lib/animations/ HTTP/1.1" 200 916 "-" "Mozilla/5.0 (Windows NT 10.0; Win64; x64) AppleWebKit/537.36 (KHTML, like Gecko) Chrome/110.0.0.0 Safari/537.36"
159.223.51.105 - - [04/Dec/2025:17:02:19 +0000] "GET /wp-content/plugins/elementor/assets/lib/swiper/ HTTP/1.1" 200 1423 "-" "Mozilla/5.0 (Windows NT 10.0; Win64; x64; rv:110.0) Gecko/20100101 Firefox/110.0"
159.223.51.105 - - [04/Dec/2025:17:02:19 +0000] "GET /wp-content/plugins/elementor/assets/lib/swiper/ HTTP/1.1" 200 1423 "-" "Mozilla/5.0 (X11; Linux x86_64) AppleWebKit/537.36 (KHTML, like Gecko) Chrome/111.0.0.0 Safari/537.36"
212.2.240.147 - - [04/Dec/2025:17:02:20 +0000] "GET /wp-content/uploads/2024/08/wp-content/uploads/2024/ HTTP/1.1" 404 150485 "http://ondostate.gov.ng/wp-content/uploads/2024/08//wp-content/uploads/2024/" "Mozilla/5.0 (Linux; Android 7.0; SM-G892A Build/NRD90M; wv) AppleWebKit/537.36 (KHTML, like Gecko) Version/4.0 Chrome/60.0.3112.107 Mobile Safari/537.36"
159.223.51.105 - - [04/Dec/2025:17:02:20 +0000] "GET /wp-content/plugins/elementor/assets/lib/swiper/css/ HTTP/1.1" 200 1097 "-" "Mozilla/5.0 (Windows NT 10.0; Win64; x64) AppleWebKit/537.36 (KHTML, like Gecko) Chrome/110.0.0.0 Safari/537.36"
159.223.51.105 - - [04/Dec/2025:17:02:20 +0000] "GET /wp-content/plugins/elementor/assets/lib/swiper/css/ HTTP/1.1" 200 1097 "-" "Mozilla/5.0 (Macintosh; Intel Mac OS X 10_15_7) AppleWebKit/605.1.15 (KHTML, like Gecko) Version/16.4 Safari/605.1.15"
212.2.240.147 - - [04/Dec/2025:17:02:20 +0000] "GET /wp-content/uploads/2024/09/ HTTP/1.1" 200 90122 "-" "Mozilla/5.0 (Linux; Android 7.0; SM-G892A Build/NRD90M; wv) AppleWebKit/537.36 (KHTML, like Gecko) Version/4.0 Chrome/60.0.3112.107 Mobile Safari/537.36"
159.223.51.105 - - [04/Dec/2025:17:02:20 +0000] "GET /wp-content/plugins/elementor/assets/lib/swiper/v8/ HTTP/1.1" 200 1265 "-" "Mozilla/5.0 (iPad; CPU OS 16_4 like Mac OS X) AppleWebKit/605.1.15 (KHTML, like Gecko) Version/16.4 Mobile/15E148 Safari/604.1"
159.223.51.105 - - [04/Dec/2025:17:02:20 +0000] "GET /wp-content/plugins/elementor/assets/lib/swiper/v8/ HTTP/1.1" 200 1265 "-" "Mozilla/5.0 (X11; Linux x86_64) AppleWebKit/537.36 (KHTML, like Gecko) Chrome/111.0.0.0 Safari/537.36"
212.2.240.147 - - [04/Dec/2025:17:02:21 +0000] "GET /wp-content/uploads/2024/09//wp-content/uploads/2024/ HTTP/1.1" 301 5 "-" "Mozilla/5.0 (Linux; Android 7.0; SM-G892A Build/NRD90M; wv) AppleWebKit/537.36 (KHTML, like Gecko) Version/4.0 Chrome/60.0.3112.107 Mobile Safari/537.36"
159.223.51.105 - - [04/Dec/2025:17:02:21 +0000] "GET /wp-content/plugins/elementor/assets/lib/swiper/v8/css/ HTTP/1.1" 200 1106 "-" "Mozilla/5.0 (Windows NT 10.0; Win64; x64) AppleWebKit/537.36 (KHTML, like Gecko) Chrome/110.0.0.0 Safari/537.36"
159.223.51.105 - - [04/Dec/2025:17:02:21 +0000] "GET /wp-content/plugins/elementor/assets/lib/swiper/v8/css/ HTTP/1.1" 200 1106 "-" "Mozilla/5.0 (iPad; CPU OS 16_4 like Mac OS X) AppleWebKit/605.1.15 (KHTML, like Gecko) Version/16.4 Mobile/15E148 Safari/604.1"
159.223.51.105 - - [04/Dec/2025:17:02:21 +0000] "GET /wp-content/plugins/elementor/assets/lib/pickr/ HTTP/1.1" 200 1075 "-" "Mozilla/5.0 (X11; Linux x86_64) AppleWebKit/537.36 (KHTML, like Gecko) Chrome/111.0.0.0 Safari/537.36"
159.223.51.105 - - [04/Dec/2025:17:02:21 +0000] "GET /wp-content/plugins/elementor/assets/lib/pickr/ HTTP/1.1" 200 1075 "-" "Mozilla/5.0 (Macintosh; Intel Mac OS X 10_15_7) AppleWebKit/605.1.15 (KHTML, like Gecko) Version/16.4 Safari/605.1.15"
159.223.51.105 - - [04/Dec/2025:17:02:21 +0000] "GET /wp-content/plugins/elementor/assets/lib/pickr/themes/ HTTP/1.1" 200 924 "-" "Mozilla/5.0 (iPad; CPU OS 16_4 like Mac OS X) AppleWebKit/605.1.15 (KHTML, like Gecko) Version/16.4 Mobile/15E148 Safari/604.1"
212.2.240.147 - - [04/Dec/2025:17:02:21 +0000] "GET /wp-content/uploads/2024/09/wp-content/uploads/2024/ HTTP/1.1" 404 150485 "http://ondostate.gov.ng/wp-content/uploads/2024/09//wp-content/uploads/2024/" "Mozilla/5.0 (Linux; Android 7.0; SM-G892A Build/NRD90M; wv) AppleWebKit/537.36 (KHTML, like Gecko) Version/4.0 Chrome/60.0.3112.107 Mobile Safari/537.36"
159.223.51.105 - - [04/Dec/2025:17:02:22 +0000] "GET /wp-content/plugins/elementor/assets/lib/pickr/themes/ HTTP/1.1" 200 924 "-" "Mozilla/5.0 (Windows NT 10.0; Win64; x64) AppleWebKit/537.36 (KHTML, like Gecko) Chrome/114.0.0.0 Safari/537.36"
212.2.240.147 - - [04/Dec/2025:17:02:22 +0000] "GET /wp-content/uploads/2024/10/ HTTP/1.1" 200 251269 "-" "Mozilla/5.0 (Linux; Android 7.0; SM-G892A Build/NRD90M; wv) AppleWebKit/537.36 (KHTML, like Gecko) Version/4.0 Chrome/60.0.3112.107 Mobile Safari/537.36"
159.223.51.105 - - [04/Dec/2025:17:02:22 +0000] "GET /wp-content/plugins/elementor/assets/lib/nprogress/ HTTP/1.1" 200 1092 "-" "Mozilla/5.0 (Windows NT 10.0; Win64; x64) AppleWebKit/537.36 (KHTML, like Gecko) Chrome/110.0.0.0 Safari/537.36"
159.223.51.105 - - [04/Dec/2025:17:02:22 +0000] "GET /wp-content/plugins/elementor/assets/lib/nprogress/ HTTP/1.1" 200 1092 "-" "Mozilla/5.0 (iPad; CPU OS 16_4 like Mac OS X) AppleWebKit/605.1.15 (KHTML, like Gecko) Version/16.4 Mobile/15E148 Safari/604.1"
159.223.51.105 - - [04/Dec/2025:17:02:22 +0000] "GET /wp-content/plugins/elementor/assets/lib/waypoints/ HTTP/1.1" 200 1283 "-" "Mozilla/5.0 (Windows NT 10.0; Win64; x64) AppleWebKit/537.36 (KHTML, like Gecko) Chrome/110.0.0.0 Safari/537.36"
212.2.240.147 - - [04/Dec/2025:17:02:22 +0000] "GET /wp-content/uploads/2024/10//wp-content/uploads/2024/ HTTP/1.1" 301 5 "-" "Mozilla/5.0 (Linux; Android 7.0; SM-G892A Build/NRD90M; wv) AppleWebKit/537.36 (KHTML, like Gecko) Version/4.0 Chrome/60.0.3112.107 Mobile Safari/537.36"
159.223.51.105 - - [04/Dec/2025:17:02:23 +0000] "GET /wp-content/plugins/elementor/assets/lib/waypoints/ HTTP/1.1" 200 1283 "-" "Mozilla/5.0 (Macintosh; Intel Mac OS X 10_15_7) AppleWebKit/605.1.15 (KHTML, like Gecko) Version/16.4 Safari/605.1.15"
159.223.51.105 - - [04/Dec/2025:17:02:23 +0000] "GET /wp-content/plugins/elementor/assets/lib/backbone/ HTTP/1.1" 200 1487 "-" "Mozilla/5.0 (Windows NT 10.0; Win64; x64; rv:110.0) Gecko/20100101 Firefox/110.0"
159.223.51.105 - - [04/Dec/2025:17:02:23 +0000] "GET /wp-content/plugins/elementor/assets/lib/backbone/ HTTP/1.1" 200 1487 "-" "Mozilla/5.0 (iPad; CPU OS 16_4 like Mac OS X) AppleWebKit/605.1.15 (KHTML, like Gecko) Version/16.4 Mobile/15E148 Safari/604.1"
159.223.51.105 - - [04/Dec/2025:17:02:23 +0000] "GET /wp-content/plugins/elementor/assets/lib/jquery-easing/ HTTP/1.1" 200 1108 "-" "Mozilla/5.0 (Windows NT 10.0; Win64; x64) AppleWebKit/537.36 (KHTML, like Gecko) Chrome/110.0.0.0 Safari/537.36"
212.2.240.147 - - [04/Dec/2025:17:02:23 +0000] "GET /wp-content/uploads/2024/10/wp-content/uploads/2024/ HTTP/1.1" 404 150485 "http://ondostate.gov.ng/wp-content/uploads/2024/10//wp-content/uploads/2024/" "Mozilla/5.0 (Linux; Android 7.0; SM-G892A Build/NRD90M; wv) AppleWebKit/537.36 (KHTML, like Gecko) Version/4.0 Chrome/60.0.3112.107 Mobile Safari/537.36"
159.223.51.105 - - [04/Dec/2025:17:02:23 +0000] "GET /wp-content/plugins/elementor/assets/lib/jquery-easing/ HTTP/1.1" 200 1108 "-" "Mozilla/5.0 (iPad; CPU OS 16_4 like Mac OS X) AppleWebKit/605.1.15 (KHTML, like Gecko) Version/16.4 Mobile/15E148 Safari/604.1"
212.2.240.147 - - [04/Dec/2025:17:02:23 +0000] "GET /wp-content/uploads/2024/11/ HTTP/1.1" 200 278021 "-" "Mozilla/5.0 (Linux; Android 7.0; SM-G892A Build/NRD90M; wv) AppleWebKit/537.36 (KHTML, like Gecko) Version/4.0 Chrome/60.0.3112.107 Mobile Safari/537.36"
159.223.51.105 - - [04/Dec/2025:17:02:24 +0000] "GET /wp-content/plugins/elementor/assets/lib/e-select2/ HTTP/1.1" 200 1071 "-" "Mozilla/5.0 (Windows NT 10.0; Win64; x64) AppleWebKit/537.36 (KHTML, like Gecko) Chrome/114.0.0.0 Safari/537.36"
159.223.51.105 - - [04/Dec/2025:17:02:24 +0000] "GET /wp-content/plugins/elementor/assets/lib/e-select2/ HTTP/1.1" 200 1071 "-" "Mozilla/5.0 (Windows NT 10.0; Win64; x64) AppleWebKit/537.36 (KHTML, like Gecko) Chrome/114.0.0.0 Safari/537.36"
159.223.51.105 - - [04/Dec/2025:17:02:24 +0000] "GET /wp-content/plugins/elementor/assets/lib/e-select2/js/ HTTP/1.1" 200 1118 "-" "Mozilla/5.0 (iPad; CPU OS 16_4 like Mac OS X) AppleWebKit/605.1.15 (KHTML, like Gecko) Version/16.4 Mobile/15E148 Safari/604.1"
212.2.240.147 - - [04/Dec/2025:17:02:24 +0000] "GET /wp-content/uploads/2024/11//wp-content/uploads/2024/ HTTP/1.1" 301 5 "-" "Mozilla/5.0 (Linux; Android 7.0; SM-G892A Build/NRD90M; wv) AppleWebKit/537.36 (KHTML, like Gecko) Version/4.0 Chrome/60.0.3112.107 Mobile Safari/537.36"
159.223.51.105 - - [04/Dec/2025:17:02:24 +0000] "GET /wp-content/plugins/elementor/assets/lib/e-select2/js/ HTTP/1.1" 200 1118 "-" "Mozilla/5.0 (Windows NT 10.0; Win64; x64) AppleWebKit/537.36 (KHTML, like Gecko) Chrome/114.0.0.0 Safari/537.36"
159.223.51.105 - - [04/Dec/2025:17:02:24 +0000] "GET /wp-content/plugins/elementor/assets/lib/e-select2/css/ HTTP/1.1" 200 1112 "-" "Mozilla/5.0 (iPad; CPU OS 16_4 like Mac OS X) AppleWebKit/605.1.15 (KHTML, like Gecko) Version/16.4 Mobile/15E148 Safari/604.1"
159.223.51.105 - - [04/Dec/2025:17:02:25 +0000] "GET /wp-content/plugins/elementor/assets/lib/e-select2/css/ HTTP/1.1" 200 1112 "-" "Mozilla/5.0 (Windows NT 10.0; Win64; x64) AppleWebKit/537.36 (KHTML, like Gecko) Chrome/114.0.0.0 Safari/537.36"
159.223.51.105 - - [04/Dec/2025:17:02:25 +0000] "GET /wp-content/plugins/elementor/assets/lib/share-link/ HTTP/1.1" 200 1096 "-" "Mozilla/5.0 (Windows NT 10.0; Win64; x64) AppleWebKit/537.36 (KHTML, like Gecko) Chrome/114.0.0.0 Safari/537.36"
212.2.240.147 - - [04/Dec/2025:17:02:25 +0000] "GET /wp-content/uploads/2024/11/wp-content/uploads/2024/ HTTP/1.1" 404 150485 "http://ondostate.gov.ng/wp-content/uploads/2024/11//wp-content/uploads/2024/" "Mozilla/5.0 (Linux; Android 7.0; SM-G892A Build/NRD90M; wv) AppleWebKit/537.36 (KHTML, like Gecko) Version/4.0 Chrome/60.0.3112.107 Mobile Safari/537.36"
159.223.51.105 - - [04/Dec/2025:17:02:25 +0000] "GET /wp-content/plugins/elementor/assets/lib/share-link/ HTTP/1.1" 200 1096 "-" "Mozilla/5.0 (Windows NT 10.0; Win64; x64; rv:110.0) Gecko/20100101 Firefox/110.0"
212.2.240.147 - - [04/Dec/2025:17:02:25 +0000] "GET /wp-content/uploads/2024/12/ HTTP/1.1" 200 151097 "-" "Mozilla/5.0 (Linux; Android 7.0; SM-G892A Build/NRD90M; wv) AppleWebKit/537.36 (KHTML, like Gecko) Version/4.0 Chrome/60.0.3112.107 Mobile Safari/537.36"
159.223.51.105 - - [04/Dec/2025:17:02:25 +0000] "GET /wp-content/plugins/elementor/assets/lib/e-gallery/ HTTP/1.1" 200 1071 "-" "Mozilla/5.0 (X11; Linux x86_64) AppleWebKit/537.36 (KHTML, like Gecko) Chrome/111.0.0.0 Safari/537.36"
159.223.51.105 - - [04/Dec/2025:17:02:25 +0000] "GET /wp-content/plugins/elementor/assets/lib/e-gallery/ HTTP/1.1" 200 1071 "-" "Mozilla/5.0 (Windows NT 10.0; Win64; x64) AppleWebKit/537.36 (KHTML, like Gecko) Chrome/114.0.0.0 Safari/537.36"
212.2.240.147 - - [04/Dec/2025:17:02:26 +0000] "GET /wp-content/uploads/2024/12//wp-content/uploads/2024/ HTTP/1.1" 301 5 "-" "Mozilla/5.0 (Linux; Android 7.0; SM-G892A Build/NRD90M; wv) AppleWebKit/537.36 (KHTML, like Gecko) Version/4.0 Chrome/60.0.3112.107 Mobile Safari/537.36"
159.223.51.105 - - [04/Dec/2025:17:02:26 +0000] "GET /wp-content/plugins/elementor/assets/lib/e-gallery/js/ HTTP/1.1" 200 1108 "-" "Mozilla/5.0 (Macintosh; Intel Mac OS X 10_15_7) AppleWebKit/605.1.15 (KHTML, like Gecko) Version/16.4 Safari/605.1.15"
159.223.51.105 - - [04/Dec/2025:17:02:26 +0000] "GET /wp-content/plugins/elementor/assets/lib/e-gallery/js/ HTTP/1.1" 200 1108 "-" "Mozilla/5.0 (Windows NT 10.0; Win64; x64) AppleWebKit/537.36 (KHTML, like Gecko) Chrome/110.0.0.0 Safari/537.36"
159.223.51.105 - - [04/Dec/2025:17:02:26 +0000] "GET /wp-content/plugins/elementor/assets/lib/e-gallery/css/ HTTP/1.1" 200 1112 "-" "Mozilla/5.0 (Windows NT 10.0; Win64; x64; rv:110.0) Gecko/20100101 Firefox/110.0"
159.223.51.105 - - [04/Dec/2025:17:02:26 +0000] "GET /wp-content/plugins/elementor/assets/lib/e-gallery/css/ HTTP/1.1" 200 1112 "-" "Mozilla/5.0 (Windows NT 10.0; Win64; x64) AppleWebKit/537.36 (KHTML, like Gecko) Chrome/114.0.0.0 Safari/537.36"
212.2.240.147 - - [04/Dec/2025:17:02:26 +0000] "GET /wp-content/uploads/2024/12/wp-content/uploads/2024/ HTTP/1.1" 404 150485 "http://ondostate.gov.ng/wp-content/uploads/2024/12//wp-content/uploads/2024/" "Mozilla/5.0 (Linux; Android 7.0; SM-G892A Build/NRD90M; wv) AppleWebKit/537.36 (KHTML, like Gecko) Version/4.0 Chrome/60.0.3112.107 Mobile Safari/537.36"
159.223.51.105 - - [04/Dec/2025:17:02:26 +0000] "GET /wp-content/plugins/elementor/assets/lib/jquery-numerator/ HTTP/1.1" 200 1120 "-" "Mozilla/5.0 (Windows NT 10.0; Win64; x64) AppleWebKit/537.36 (KHTML, like Gecko) Chrome/114.0.0.0 Safari/537.36"
159.223.51.105 - - [04/Dec/2025:17:02:27 +0000] "GET /wp-content/plugins/elementor/assets/lib/jquery-numerator/ HTTP/1.1" 200 1120 "-" "Mozilla/5.0 (Windows NT 10.0; Win64; x64; rv:110.0) Gecko/20100101 Firefox/110.0"
159.223.51.105 - - [04/Dec/2025:17:02:27 +0000] "GET /wp-content/plugins/elementor/assets/svg-paths/ HTTP/1.1" 200 1775 "-" "Mozilla/5.0 (Windows NT 10.0; Win64; x64; rv:110.0) Gecko/20100101 Firefox/110.0"
159.223.51.105 - - [04/Dec/2025:17:02:27 +0000] "GET /wp-content/plugins/elementor/assets/svg-paths/ HTTP/1.1" 200 1775 "-" "Mozilla/5.0 (Macintosh; Intel Mac OS X 10_15_7) AppleWebKit/605.1.15 (KHTML, like Gecko) Version/16.4 Safari/605.1.15"
159.223.51.105 - - [04/Dec/2025:17:02:27 +0000] "GET /wp-content/plugins/elementor/assets/data/ HTTP/1.1" 200 897 "-" "Mozilla/5.0 (Windows NT 10.0; Win64; x64) AppleWebKit/537.36 (KHTML, like Gecko) Chrome/110.0.0.0 Safari/537.36"
212.2.240.147 - - [04/Dec/2025:17:02:27 +0000] "GET /wp-content/plugins/jetpack/ HTTP/1.1" 404 150485 "-" "Mozilla/5.0 (Linux; Android 7.0; SM-G892A Build/NRD90M; wv) AppleWebKit/537.36 (KHTML, like Gecko) Version/4.0 Chrome/60.0.3112.107 Mobile Safari/537.36"
159.223.51.105 - - [04/Dec/2025:17:02:28 +0000] "GET /wp-content/plugins/elementor/assets/data/ HTTP/1.1" 200 897 "-" "Mozilla/5.0 (Windows NT 10.0; Win64; x64) AppleWebKit/537.36 (KHTML, like Gecko) Chrome/110.0.0.0 Safari/537.36"
159.223.51.105 - - [04/Dec/2025:17:02:28 +0000] "GET /wp-content/plugins/elementor/assets/css/ HTTP/1.1" 200 18673 "-" "Mozilla/5.0 (Macintosh; Intel Mac OS X 10_15_7) AppleWebKit/605.1.15 (KHTML, like Gecko) Version/16.4 Safari/605.1.15"
159.223.51.105 - - [04/Dec/2025:17:02:28 +0000] "GET /wp-content/plugins/elementor/assets/css/ HTTP/1.1" 200 18673 "-" "Mozilla/5.0 (Windows NT 10.0; Win64; x64) AppleWebKit/537.36 (KHTML, like Gecko) Chrome/110.0.0.0 Safari/537.36"
159.223.51.105 - - [04/Dec/2025:17:02:28 +0000] "GET /wp-content/plugins/elementor/assets/css/modules/ HTTP/1.1" 200 1263 "-" "Mozilla/5.0 (Windows NT 10.0; Win64; x64; rv:110.0) Gecko/20100101 Firefox/110.0"
212.2.240.147 - - [04/Dec/2025:17:02:29 +0000] "GET /wp-content/plugins/jetpack/uploads/ HTTP/1.1" 404 150485 "-" "Mozilla/5.0 (Linux; Android 7.0; SM-G892A Build/NRD90M; wv) AppleWebKit/537.36 (KHTML, like Gecko) Version/4.0 Chrome/60.0.3112.107 Mobile Safari/537.36"
159.223.51.105 - - [04/Dec/2025:17:02:29 +0000] "GET /wp-content/plugins/elementor/assets/css/modules/ HTTP/1.1" 200 1263 "-" "Mozilla/5.0 (Windows NT 10.0; Win64; x64; rv:110.0) Gecko/20100101 Firefox/110.0"
159.223.51.105 - - [04/Dec/2025:17:02:29 +0000] "GET /wp-content/plugins/elementor/assets/css/modules/lazyload/ HTTP/1.1" 200 1114 "-" "Mozilla/5.0 (X11; Linux x86_64) AppleWebKit/537.36 (KHTML, like Gecko) Chrome/111.0.0.0 Safari/537.36"
159.223.51.105 - - [04/Dec/2025:17:02:29 +0000] "GET /wp-content/plugins/elementor/assets/css/modules/lazyload/ HTTP/1.1" 200 1114 "-" "Mozilla/5.0 (iPad; CPU OS 16_4 like Mac OS X) AppleWebKit/605.1.15 (KHTML, like Gecko) Version/16.4 Mobile/15E148 Safari/604.1"
159.223.51.105 - - [04/Dec/2025:17:02:29 +0000] "GET /wp-content/plugins/elementor/assets/css/modules/container-converter/ HTTP/1.1" 200 1132 "-" "Mozilla/5.0 (X11; Linux x86_64) AppleWebKit/537.36 (KHTML, like Gecko) Chrome/111.0.0.0 Safari/537.36"
159.223.51.105 - - [04/Dec/2025:17:02:29 +0000] "GET /wp-content/plugins/elementor/assets/css/modules/container-converter/ HTTP/1.1" 200 1132 "-" "Mozilla/5.0 (Macintosh; Intel Mac OS X 10_15_7) AppleWebKit/605.1.15 (KHTML, like Gecko) Version/16.4 Safari/605.1.15"
159.223.51.105 - - [04/Dec/2025:17:02:30 +0000] "GET /wp-content/plugins/elementor/assets/css/modules/notes/ HTTP/1.1" 200 1104 "-" "Mozilla/5.0 (Macintosh; Intel Mac OS X 10_15_7) AppleWebKit/605.1.15 (KHTML, like Gecko) Version/16.4 Safari/605.1.15"
212.2.240.147 - - [04/Dec/2025:17:02:30 +0000] "GET /wp-content/plugins/jetpack/files/ HTTP/1.1" 404 150485 "-" "Mozilla/5.0 (Linux; Android 7.0; SM-G892A Build/NRD90M; wv) AppleWebKit/537.36 (KHTML, like Gecko) Version/4.0 Chrome/60.0.3112.107 Mobile Safari/537.36"
159.223.51.105 - - [04/Dec/2025:17:02:30 +0000] "GET /wp-content/plugins/elementor/assets/css/modules/notes/ HTTP/1.1" 200 1104 "-" "Mozilla/5.0 (iPad; CPU OS 16_4 like Mac OS X) AppleWebKit/605.1.15 (KHTML, like Gecko) Version/16.4 Mobile/15E148 Safari/604.1"
159.223.51.105 - - [04/Dec/2025:17:02:30 +0000] "GET /wp-content/plugins/elementor/assets/css/templates/ HTTP/1.1" 200 6896 "-" "Mozilla/5.0 (Macintosh; Intel Mac OS X 10_15_7) AppleWebKit/605.1.15 (KHTML, like Gecko) Version/16.4 Safari/605.1.15"
159.223.51.105 - - [04/Dec/2025:17:02:30 +0000] "GET /wp-content/plugins/elementor/assets/css/templates/ HTTP/1.1" 200 6896 "-" "Mozilla/5.0 (X11; Linux x86_64) AppleWebKit/537.36 (KHTML, like Gecko) Chrome/111.0.0.0 Safari/537.36"
159.223.51.105 - - [04/Dec/2025:17:02:30 +0000] "GET /wp-content/plugins/elementor/assets/shapes/ HTTP/1.1" 200 6051 "-" "Mozilla/5.0 (Macintosh; Intel Mac OS X 10_15_7) AppleWebKit/605.1.15 (KHTML, like Gecko) Version/16.4 Safari/605.1.15"
159.223.51.105 - - [04/Dec/2025:17:02:31 +0000] "GET /wp-content/plugins/elementor/assets/shapes/ HTTP/1.1" 200 6051 "-" "Mozilla/5.0 (iPad; CPU OS 16_4 like Mac OS X) AppleWebKit/605.1.15 (KHTML, like Gecko) Version/16.4 Mobile/15E148 Safari/604.1"
212.2.240.147 - - [04/Dec/2025:17:02:31 +0000] "GET /wp-content/plugins/jetpack/cache/ HTTP/1.1" 404 150485 "-" "Mozilla/5.0 (Linux; Android 7.0; SM-G892A Build/NRD90M; wv) AppleWebKit/537.36 (KHTML, like Gecko) Version/4.0 Chrome/60.0.3112.107 Mobile Safari/537.36"
159.223.51.105 - - [04/Dec/2025:17:02:31 +0000] "GET /wp-content/plugins/elementor/assets/mask-shapes/ HTTP/1.1" 200 1789 "-" "Mozilla/5.0 (Windows NT 10.0; Win64; x64) AppleWebKit/537.36 (KHTML, like Gecko) Chrome/110.0.0.0 Safari/537.36"
159.223.51.105 - - [04/Dec/2025:17:02:31 +0000] "GET /wp-content/plugins/elementor/assets/mask-shapes/ HTTP/1.1" 200 1789 "-" "Mozilla/5.0 (Windows NT 10.0; Win64; x64) AppleWebKit/537.36 (KHTML, like Gecko) Chrome/110.0.0.0 Safari/537.36"
159.223.51.105 - - [04/Dec/2025:17:02:31 +0000] "GET /wp-content/plugins/elementor/assets/images/ HTTP/1.1" 200 3259 "-" "Mozilla/5.0 (Windows NT 10.0; Win64; x64; rv:110.0) Gecko/20100101 Firefox/110.0"
159.223.51.105 - - [04/Dec/2025:17:02:31 +0000] "GET /wp-content/plugins/elementor/assets/images/ HTTP/1.1" 200 3259 "-" "Mozilla/5.0 (Macintosh; Intel Mac OS X 10_15_7) AppleWebKit/605.1.15 (KHTML, like Gecko) Version/16.4 Safari/605.1.15"
159.223.51.105 - - [04/Dec/2025:17:02:32 +0000] "GET /wp-content/plugins/elementor/assets/images/app/ HTTP/1.1" 200 1084 "-" "Mozilla/5.0 (iPad; CPU OS 16_4 like Mac OS X) AppleWebKit/605.1.15 (KHTML, like Gecko) Version/16.4 Mobile/15E148 Safari/604.1"
212.2.240.147 - - [04/Dec/2025:17:02:32 +0000] "GET /wp-content/plugins/wordpress-seo/ HTTP/1.1" 404 150485 "-" "Mozilla/5.0 (Linux; Android 7.0; SM-G892A Build/NRD90M; wv) AppleWebKit/537.36 (KHTML, like Gecko) Version/4.0 Chrome/60.0.3112.107 Mobile Safari/537.36"
159.223.51.105 - - [04/Dec/2025:17:02:32 +0000] "GET /wp-content/plugins/elementor/assets/images/app/ HTTP/1.1" 200 1084 "-" "Mozilla/5.0 (Windows NT 10.0; Win64; x64; rv:110.0) Gecko/20100101 Firefox/110.0"
159.223.51.105 - - [04/Dec/2025:17:02:32 +0000] "GET /wp-content/plugins/elementor/assets/images/app/site-editor/ HTTP/1.1" 200 2380 "-" "Mozilla/5.0 (Windows NT 10.0; Win64; x64) AppleWebKit/537.36 (KHTML, like Gecko) Chrome/110.0.0.0 Safari/537.36"
159.223.51.105 - - [04/Dec/2025:17:02:32 +0000] "GET /wp-content/plugins/elementor/assets/images/app/site-editor/ HTTP/1.1" 200 2380 "-" "Mozilla/5.0 (X11; Linux x86_64) AppleWebKit/537.36 (KHTML, like Gecko) Chrome/111.0.0.0 Safari/537.36"
