159.223.51.105 - - [04/Dec/2025:16:59:36 +0000] "GET /wp-includes/Requests/src/Cookie/ HTTP/1.1" 200 852 "-" "Mozilla/5.0 (Windows NT 10.0; Win64; x64) AppleWebKit/537.36 (KHTML, like Gecko) Chrome/110.0.0.0 Safari/537.36"
159.223.51.105 - - [04/Dec/2025:16:59:37 +0000] "GET /wp-includes/Requests/src/Cookie/Jar.php HTTP/1.1" 200 5 "-" "Mozilla/5.0 (Windows NT 10.0; Win64; x64) AppleWebKit/537.36 (KHTML, like Gecko) Chrome/110.0.0.0 Safari/537.36"
159.223.51.105 - - [04/Dec/2025:16:59:37 +0000] "GET /wp-includes/Requests/src/Proxy/ HTTP/1.1" 200 851 "-" "Mozilla/5.0 (Windows NT 10.0; Win64; x64) AppleWebKit/537.36 (KHTML, like Gecko) Chrome/110.0.0.0 Safari/537.36"
159.223.51.105 - - [04/Dec/2025:16:59:37 +0000] "GET /wp-includes/Requests/src/Proxy/ HTTP/1.1" 200 851 "-" "Mozilla/5.0 (Windows NT 10.0; Win64; x64) AppleWebKit/537.36 (KHTML, like Gecko) Chrome/110.0.0.0 Safari/537.36"
159.223.51.105 - - [04/Dec/2025:16:59:37 +0000] "GET /wp-includes/Requests/src/Proxy/Http.php HTTP/1.1" 200 323 "-" "Mozilla/5.0 (iPad; CPU OS 16_4 like Mac OS X) AppleWebKit/605.1.15 (KHTML, like Gecko) Version/16.4 Mobile/15E148 Safari/604.1"
159.223.51.105 - - [04/Dec/2025:16:59:38 +0000] "GET /wp-includes/Requests/src/Transport/ HTTP/1.1" 200 1040 "-" "Mozilla/5.0 (Windows NT 10.0; Win64; x64) AppleWebKit/537.36 (KHTML, like Gecko) Chrome/110.0.0.0 Safari/537.36"
159.223.51.105 - - [04/Dec/2025:16:59:38 +0000] "GET /wp-includes/Requests/src/Transport/ HTTP/1.1" 200 1040 "-" "Mozilla/5.0 (iPad; CPU OS 16_4 like Mac OS X) AppleWebKit/605.1.15 (KHTML, like Gecko) Version/16.4 Mobile/15E148 Safari/604.1"
212.2.240.147 - - [04/Dec/2025:16:59:38 +0000] "GET /wp-login.php HTTP/1.1" 302 5 "-" "Go-http-client/1.1"
159.223.51.105 - - [04/Dec/2025:16:59:38 +0000] "GET /wp-includes/Requests/src/Transport/Curl.php HTTP/1.1" 200 335 "-" "Mozilla/5.0 (Windows NT 10.0; Win64; x64) AppleWebKit/537.36 (KHTML, like Gecko) Chrome/114.0.0.0 Safari/537.36"
159.223.51.105 - - [04/Dec/2025:16:59:38 +0000] "GET /wp-includes/Requests/src/Transport/Fsockopen.php HTTP/1.1" 200 345 "-" "Mozilla/5.0 (iPad; CPU OS 16_4 like Mac OS X) AppleWebKit/605.1.15 (KHTML, like Gecko) Version/16.4 Mobile/15E148 Safari/604.1"
159.223.51.105 - - [04/Dec/2025:16:59:39 +0000] "GET /wp-includes/Requests/src/Response/ HTTP/1.1" 200 860 "-" "Mozilla/5.0 (Windows NT 10.0; Win64; x64) AppleWebKit/537.36 (KHTML, like Gecko) Chrome/110.0.0.0 Safari/537.36"
212.2.240.147 - - [04/Dec/2025:16:59:39 +0000] "GET /wp-admin/ HTTP/1.1" 302 5 "-" "Mozilla/5.0 (Linux; Android 7.0; SM-G892A Build/NRD90M; wv) AppleWebKit/537.36 (KHTML, like Gecko) Version/4.0 Chrome/60.0.3112.107 Mobile Safari/537.36"
159.223.51.105 - - [04/Dec/2025:16:59:39 +0000] "GET /wp-includes/Requests/src/Response/ HTTP/1.1" 200 860 "-" "Mozilla/5.0 (Windows NT 10.0; Win64; x64) AppleWebKit/537.36 (KHTML, like Gecko) Chrome/114.0.0.0 Safari/537.36"
159.223.51.105 - - [04/Dec/2025:16:59:39 +0000] "GET /wp-includes/Requests/src/Response/Headers.php HTTP/1.1" 200 359 "-" "Mozilla/5.0 (Windows NT 10.0; Win64; x64; rv:110.0) Gecko/20100101 Firefox/110.0"
159.223.51.105 - - [04/Dec/2025:16:59:39 +0000] "GET /wp-includes/Text/ HTTP/1.1" 200 983 "-" "Mozilla/5.0 (Macintosh; Intel Mac OS X 10_15_7) AppleWebKit/605.1.15 (KHTML, like Gecko) Version/16.4 Safari/605.1.15"
159.223.51.105 - - [04/Dec/2025:16:59:39 +0000] "GET /wp-includes/Text/ HTTP/1.1" 200 983 "-" "Mozilla/5.0 (X11; Linux x86_64) AppleWebKit/537.36 (KHTML, like Gecko) Chrome/111.0.0.0 Safari/537.36"
159.223.51.105 - - [04/Dec/2025:16:59:40 +0000] "GET /wp-includes/Text/Diff.php HTTP/1.1" 200 5 "-" "Mozilla/5.0 (Windows NT 10.0; Win64; x64) AppleWebKit/537.36 (KHTML, like Gecko) Chrome/110.0.0.0 Safari/537.36"
159.223.51.105 - - [04/Dec/2025:16:59:40 +0000] "GET /wp-includes/Text/Diff/ HTTP/1.1" 200 1181 "-" "Mozilla/5.0 (Macintosh; Intel Mac OS X 10_15_7) AppleWebKit/605.1.15 (KHTML, like Gecko) Version/16.4 Safari/605.1.15"
212.2.240.147 - - [04/Dec/2025:16:59:40 +0000] "GET /wp-content/ HTTP/1.1" 200 5 "-" "Mozilla/5.0 (Linux; Android 7.0; SM-G892A Build/NRD90M; wv) AppleWebKit/537.36 (KHTML, like Gecko) Version/4.0 Chrome/60.0.3112.107 Mobile Safari/537.36"
212.2.240.147 - - [04/Dec/2025:16:59:40 +0000] "GET /wp-includes/ HTTP/1.1" 200 48399 "-" "Mozilla/5.0 (Linux; Android 7.0; SM-G892A Build/NRD90M; wv) AppleWebKit/537.36 (KHTML, like Gecko) Version/4.0 Chrome/60.0.3112.107 Mobile Safari/537.36"
159.223.51.105 - - [04/Dec/2025:16:59:40 +0000] "GET /wp-includes/Text/Diff/ HTTP/1.1" 200 1181 "-" "Mozilla/5.0 (Windows NT 10.0; Win64; x64) AppleWebKit/537.36 (KHTML, like Gecko) Chrome/110.0.0.0 Safari/537.36"
159.223.51.105 - - [04/Dec/2025:16:59:40 +0000] "GET /wp-includes/Text/Diff/Renderer.php HTTP/1.1" 200 5 "-" "Mozilla/5.0 (Macintosh; Intel Mac OS X 10_15_7) AppleWebKit/605.1.15 (KHTML, like Gecko) Version/16.4 Safari/605.1.15"
212.2.240.147 - - [04/Dec/2025:16:59:40 +0000] "GET /wp-includes/class-walker-page-dropdown.php HTTP/1.1" 200 311 "-" "Mozilla/5.0 (Linux; Android 7.0; SM-G892A Build/NRD90M; wv) AppleWebKit/537.36 (KHTML, like Gecko) Version/4.0 Chrome/60.0.3112.107 Mobile Safari/537.36"
212.2.240.147 - - [04/Dec/2025:16:59:40 +0000] "GET /wp-includes/class-walker-page.php HTTP/1.1" 200 293 "-" "Mozilla/5.0 (Linux; Android 7.0; SM-G892A Build/NRD90M; wv) AppleWebKit/537.36 (KHTML, like Gecko) Version/4.0 Chrome/60.0.3112.107 Mobile Safari/537.36"
159.223.51.105 - - [04/Dec/2025:16:59:40 +0000] "GET /wp-includes/Text/Diff/Engine/ HTTP/1.1" 200 1378 "-" "Mozilla/5.0 (Windows NT 10.0; Win64; x64; rv:110.0) Gecko/20100101 Firefox/110.0"
212.2.240.147 - - [04/Dec/2025:16:59:41 +0000] "GET /wp-includes/fonts.php HTTP/1.1" 200 5 "-" "Mozilla/5.0 (Linux; Android 7.0; SM-G892A Build/NRD90M; wv) AppleWebKit/537.36 (KHTML, like Gecko) Version/4.0 Chrome/60.0.3112.107 Mobile Safari/537.36"
212.2.240.147 - - [04/Dec/2025:16:59:41 +0000] "GET /wp-includes/global-styles-and-settings.php HTTP/1.1" 200 5 "-" "Mozilla/5.0 (Linux; Android 7.0; SM-G892A Build/NRD90M; wv) AppleWebKit/537.36 (KHTML, like Gecko) Version/4.0 Chrome/60.0.3112.107 Mobile Safari/537.36"
159.223.51.105 - - [04/Dec/2025:16:59:41 +0000] "GET /wp-includes/Text/Diff/Engine/ HTTP/1.1" 200 1378 "-" "Mozilla/5.0 (Windows NT 10.0; Win64; x64; rv:110.0) Gecko/20100101 Firefox/110.0"
212.2.240.147 - - [04/Dec/2025:16:59:41 +0000] "GET /wp-includes/style-engine.php HTTP/1.1" 200 5 "-" "Mozilla/5.0 (Linux; Android 7.0; SM-G892A Build/NRD90M; wv) AppleWebKit/537.36 (KHTML, like Gecko) Version/4.0 Chrome/60.0.3112.107 Mobile Safari/537.36"
212.2.240.147 - - [04/Dec/2025:16:59:41 +0000] "GET /wp-includes/ID3/ HTTP/1.1" 200 4232 "-" "Mozilla/5.0 (Linux; Android 7.0; SM-G892A Build/NRD90M; wv) AppleWebKit/537.36 (KHTML, like Gecko) Version/4.0 Chrome/60.0.3112.107 Mobile Safari/537.36"
159.223.51.105 - - [04/Dec/2025:16:59:41 +0000] "GET /wp-includes/Text/Diff/Engine/xdiff.php HTTP/1.1" 200 5 "-" "Mozilla/5.0 (X11; Linux x86_64) AppleWebKit/537.36 (KHTML, like Gecko) Chrome/111.0.0.0 Safari/537.36"
159.223.51.105 - - [04/Dec/2025:16:59:41 +0000] "GET /wp-includes/Text/Diff/Engine/shell.php HTTP/1.1" 200 5 "-" "Mozilla/5.0 (X11; Linux x86_64) AppleWebKit/537.36 (KHTML, like Gecko) Chrome/111.0.0.0 Safari/537.36"
212.2.240.147 - - [04/Dec/2025:16:59:41 +0000] "GET /wp-includes/ID3//wp-includes/ HTTP/1.1" 301 5 "-" "Mozilla/5.0 (Linux; Android 7.0; SM-G892A Build/NRD90M; wv) AppleWebKit/537.36 (KHTML, like Gecko) Version/4.0 Chrome/60.0.3112.107 Mobile Safari/537.36"
159.223.51.105 - - [04/Dec/2025:16:59:41 +0000] "GET /wp-includes/Text/Diff/Engine/string.php HTTP/1.1" 200 5 "-" "Mozilla/5.0 (X11; Linux x86_64) AppleWebKit/537.36 (KHTML, like Gecko) Chrome/111.0.0.0 Safari/537.36"
159.223.51.105 - - [04/Dec/2025:16:59:42 +0000] "GET /wp-includes/Text/Diff/Engine/native.php HTTP/1.1" 200 5 "-" "Mozilla/5.0 (Macintosh; Intel Mac OS X 10_15_7) AppleWebKit/605.1.15 (KHTML, like Gecko) Version/16.4 Safari/605.1.15"
159.223.51.105 - - [04/Dec/2025:16:59:42 +0000] "GET /wp-includes/Text/Diff/Renderer/ HTTP/1.1" 200 850 "-" "Mozilla/5.0 (iPad; CPU OS 16_4 like Mac OS X) AppleWebKit/605.1.15 (KHTML, like Gecko) Version/16.4 Mobile/15E148 Safari/604.1"
159.223.51.105 - - [04/Dec/2025:16:59:42 +0000] "GET /wp-includes/Text/Diff/Renderer/ HTTP/1.1" 200 850 "-" "Mozilla/5.0 (Windows NT 10.0; Win64; x64; rv:110.0) Gecko/20100101 Firefox/110.0"
159.223.51.105 - - [04/Dec/2025:16:59:42 +0000] "GET /wp-includes/Text/Diff/Renderer/inline.php HTTP/1.1" 200 5 "-" "Mozilla/5.0 (iPad; CPU OS 16_4 like Mac OS X) AppleWebKit/605.1.15 (KHTML, like Gecko) Version/16.4 Mobile/15E148 Safari/604.1"
212.2.240.147 - - [04/Dec/2025:16:59:42 +0000] "GET /wp-includes/ID3/wp-includes/ HTTP/1.1" 404 150485 "http://ondostate.gov.ng/wp-includes/ID3//wp-includes/" "Mozilla/5.0 (Linux; Android 7.0; SM-G892A Build/NRD90M; wv) AppleWebKit/537.36 (KHTML, like Gecko) Version/4.0 Chrome/60.0.3112.107 Mobile Safari/537.36"
159.223.51.105 - - [04/Dec/2025:16:59:42 +0000] "GET /wp-includes/images/ HTTP/1.1" 200 5768 "-" "Mozilla/5.0 (Macintosh; Intel Mac OS X 10_15_7) AppleWebKit/605.1.15 (KHTML, like Gecko) Version/16.4 Safari/605.1.15"
212.2.240.147 - - [04/Dec/2025:16:59:43 +0000] "GET /wp-includes/IXR/ HTTP/1.1" 200 2538 "-" "Mozilla/5.0 (Linux; Android 7.0; SM-G892A Build/NRD90M; wv) AppleWebKit/537.36 (KHTML, like Gecko) Version/4.0 Chrome/60.0.3112.107 Mobile Safari/537.36"
159.223.51.105 - - [04/Dec/2025:16:59:43 +0000] "GET /wp-includes/images/ HTTP/1.1" 200 5768 "-" "Mozilla/5.0 (Macintosh; Intel Mac OS X 10_15_7) AppleWebKit/605.1.15 (KHTML, like Gecko) Version/16.4 Safari/605.1.15"
159.223.51.105 - - [04/Dec/2025:16:59:43 +0000] "GET /wp-includes/images/crystal/ HTTP/1.1" 200 2450 "-" "Mozilla/5.0 (Macintosh; Intel Mac OS X 10_15_7) AppleWebKit/605.1.15 (KHTML, like Gecko) Version/16.4 Safari/605.1.15"
212.2.240.147 - - [04/Dec/2025:16:59:43 +0000] "GET /wp-includes/IXR//wp-includes/ HTTP/1.1" 301 5 "-" "Mozilla/5.0 (Linux; Android 7.0; SM-G892A Build/NRD90M; wv) AppleWebKit/537.36 (KHTML, like Gecko) Version/4.0 Chrome/60.0.3112.107 Mobile Safari/537.36"
159.223.51.105 - - [04/Dec/2025:16:59:43 +0000] "GET /wp-includes/images/crystal/ HTTP/1.1" 200 2450 "-" "Mozilla/5.0 (Macintosh; Intel Mac OS X 10_15_7) AppleWebKit/605.1.15 (KHTML, like Gecko) Version/16.4 Safari/605.1.15"
159.223.51.105 - - [04/Dec/2025:16:59:43 +0000] "GET /wp-includes/images/media/ HTTP/1.1" 200 2267 "-" "Mozilla/5.0 (Windows NT 10.0; Win64; x64; rv:110.0) Gecko/20100101 Firefox/110.0"
159.223.51.105 - - [04/Dec/2025:16:59:44 +0000] "GET /wp-includes/images/media/ HTTP/1.1" 200 2267 "-" "Mozilla/5.0 (Macintosh; Intel Mac OS X 10_15_7) AppleWebKit/605.1.15 (KHTML, like Gecko) Version/16.4 Safari/605.1.15"
159.223.51.105 - - [04/Dec/2025:16:59:44 +0000] "GET /wp-includes/images/smilies/ HTTP/1.1" 200 5397 "-" "Mozilla/5.0 (Macintosh; Intel Mac OS X 10_15_7) AppleWebKit/605.1.15 (KHTML, like Gecko) Version/16.4 Safari/605.1.15"
212.2.240.147 - - [04/Dec/2025:16:59:44 +0000] "GET /wp-includes/IXR/wp-includes/ HTTP/1.1" 404 150485 "http://ondostate.gov.ng/wp-includes/IXR//wp-includes/" "Mozilla/5.0 (Linux; Android 7.0; SM-G892A Build/NRD90M; wv) AppleWebKit/537.36 (KHTML, like Gecko) Version/4.0 Chrome/60.0.3112.107 Mobile Safari/537.36"
159.223.51.105 - - [04/Dec/2025:16:59:44 +0000] "GET /wp-includes/images/smilies/ HTTP/1.1" 200 5397 "-" "Mozilla/5.0 (Windows NT 10.0; Win64; x64; rv:110.0) Gecko/20100101 Firefox/110.0"
159.223.51.105 - - [04/Dec/2025:16:59:44 +0000] "GET /wp-includes/fonts/ HTTP/1.1" 200 1936 "-" "Mozilla/5.0 (iPad; CPU OS 16_4 like Mac OS X) AppleWebKit/605.1.15 (KHTML, like Gecko) Version/16.4 Mobile/15E148 Safari/604.1"
212.2.240.147 - - [04/Dec/2025:16:59:44 +0000] "GET /wp-includes/PHPMailer/ HTTP/1.1" 200 1182 "-" "Mozilla/5.0 (Linux; Android 7.0; SM-G892A Build/NRD90M; wv) AppleWebKit/537.36 (KHTML, like Gecko) Version/4.0 Chrome/60.0.3112.107 Mobile Safari/537.36"
159.223.51.105 - - [04/Dec/2025:16:59:44 +0000] "GET /wp-includes/fonts/ HTTP/1.1" 200 1936 "-" "Mozilla/5.0 (Macintosh; Intel Mac OS X 10_15_7) AppleWebKit/605.1.15 (KHTML, like Gecko) Version/16.4 Safari/605.1.15"
159.223.51.105 - - [04/Dec/2025:16:59:45 +0000] "GET /wp-includes/fonts/class-wp-font-face.php HTTP/1.1" 200 5 "-" "Mozilla/5.0 (Windows NT 10.0; Win64; x64) AppleWebKit/537.36 (KHTML, like Gecko) Chrome/110.0.0.0 Safari/537.36"
212.2.240.147 - - [04/Dec/2025:16:59:45 +0000] "GET /wp-includes/PHPMailer//wp-includes/ HTTP/1.1" 301 5 "-" "Mozilla/5.0 (Linux; Android 7.0; SM-G892A Build/NRD90M; wv) AppleWebKit/537.36 (KHTML, like Gecko) Version/4.0 Chrome/60.0.3112.107 Mobile Safari/537.36"
159.223.51.105 - - [04/Dec/2025:16:59:45 +0000] "GET /wp-includes/fonts/class-wp-font-face-resolver.php HTTP/1.1" 200 5 "-" "Mozilla/5.0 (Windows NT 10.0; Win64; x64) AppleWebKit/537.36 (KHTML, like Gecko) Chrome/114.0.0.0 Safari/537.36"
159.223.51.105 - - [04/Dec/2025:16:59:45 +0000] "GET /wp-includes/blocks/ HTTP/1.1" 200 285 "-" "Mozilla/5.0 (X11; Linux x86_64) AppleWebKit/537.36 (KHTML, like Gecko) Chrome/111.0.0.0 Safari/537.36"
159.223.51.105 - - [04/Dec/2025:16:59:45 +0000] "GET /wp-includes/style-engine/ HTTP/1.1" 200 1682 "-" "Mozilla/5.0 (iPad; CPU OS 16_4 like Mac OS X) AppleWebKit/605.1.15 (KHTML, like Gecko) Version/16.4 Mobile/15E148 Safari/604.1"
159.223.51.105 - - [04/Dec/2025:16:59:46 +0000] "GET /wp-includes/style-engine/ HTTP/1.1" 200 1682 "-" "Mozilla/5.0 (Windows NT 10.0; Win64; x64) AppleWebKit/537.36 (KHTML, like Gecko) Chrome/114.0.0.0 Safari/537.36"
212.2.240.147 - - [04/Dec/2025:16:59:46 +0000] "GET /wp-includes/PHPMailer/wp-includes/ HTTP/1.1" 404 150485 "http://ondostate.gov.ng/wp-includes/PHPMailer//wp-includes/" "Mozilla/5.0 (Linux; Android 7.0; SM-G892A Build/NRD90M; wv) AppleWebKit/537.36 (KHTML, like Gecko) Version/4.0 Chrome/60.0.3112.107 Mobile Safari/537.36"
159.223.51.105 - - [04/Dec/2025:16:59:46 +0000] "GET /wp-includes/style-engine/class-wp-style-engine-css-declarations.php HTTP/1.1" 200 5 "-" "Mozilla/5.0 (Macintosh; Intel Mac OS X 10_15_7) AppleWebKit/605.1.15 (KHTML, like Gecko) Version/16.4 Safari/605.1.15"
159.223.51.105 - - [04/Dec/2025:16:59:46 +0000] "GET /wp-includes/style-engine/class-wp-style-engine-css-rule.php HTTP/1.1" 200 5 "-" "Mozilla/5.0 (Macintosh; Intel Mac OS X 10_15_7) AppleWebKit/605.1.15 (KHTML, like Gecko) Version/16.4 Safari/605.1.15"
212.2.240.147 - - [04/Dec/2025:16:59:46 +0000] "GET /wp-includes/Requests/ HTTP/1.1" 200 990 "-" "Mozilla/5.0 (Linux; Android 7.0; SM-G892A Build/NRD90M; wv) AppleWebKit/537.36 (KHTML, like Gecko) Version/4.0 Chrome/60.0.3112.107 Mobile Safari/537.36"
159.223.51.105 - - [04/Dec/2025:16:59:46 +0000] "GET /wp-includes/style-engine/class-wp-style-engine-css-rules-store.php HTTP/1.1" 200 5 "-" "Mozilla/5.0 (Windows NT 10.0; Win64; x64) AppleWebKit/537.36 (KHTML, like Gecko) Chrome/114.0.0.0 Safari/537.36"
159.223.51.105 - - [04/Dec/2025:16:59:46 +0000] "GET /wp-includes/style-engine/class-wp-style-engine-processor.php HTTP/1.1" 200 5 "-" "Mozilla/5.0 (Windows NT 10.0; Win64; x64) AppleWebKit/537.36 (KHTML, like Gecko) Chrome/110.0.0.0 Safari/537.36"
212.2.240.147 - - [04/Dec/2025:16:59:46 +0000] "GET /wp-includes/Requests//wp-includes/ HTTP/1.1" 301 5 "-" "Mozilla/5.0 (Linux; Android 7.0; SM-G892A Build/NRD90M; wv) AppleWebKit/537.36 (KHTML, like Gecko) Version/4.0 Chrome/60.0.3112.107 Mobile Safari/537.36"
159.223.51.105 - - [04/Dec/2025:16:59:47 +0000] "GET /wp-includes/style-engine/class-wp-style-engine.php HTTP/1.1" 200 5 "-" "Mozilla/5.0 (iPad; CPU OS 16_4 like Mac OS X) AppleWebKit/605.1.15 (KHTML, like Gecko) Version/16.4 Mobile/15E148 Safari/604.1"
159.223.51.105 - - [04/Dec/2025:16:59:47 +0000] "GET /wp-includes/php-compat/ HTTP/1.1" 200 826 "-" "Mozilla/5.0 (Windows NT 10.0; Win64; x64) AppleWebKit/537.36 (KHTML, like Gecko) Chrome/110.0.0.0 Safari/537.36"
159.223.51.105 - - [04/Dec/2025:16:59:47 +0000] "GET /wp-includes/php-compat/ HTTP/1.1" 200 826 "-" "Mozilla/5.0 (Windows NT 10.0; Win64; x64) AppleWebKit/537.36 (KHTML, like Gecko) Chrome/114.0.0.0 Safari/537.36"
159.223.51.105 - - [04/Dec/2025:16:59:47 +0000] "GET /wp-includes/php-compat/readonly.php HTTP/1.1" 200 5 "-" "Mozilla/5.0 (X11; Linux x86_64) AppleWebKit/537.36 (KHTML, like Gecko) Chrome/111.0.0.0 Safari/537.36"
212.2.240.147 - - [04/Dec/2025:16:59:47 +0000] "GET /wp-includes/Requests/wp-includes/ HTTP/1.1" 404 150485 "http://ondostate.gov.ng/wp-includes/Requests//wp-includes/" "Mozilla/5.0 (Linux; Android 7.0; SM-G892A Build/NRD90M; wv) AppleWebKit/537.36 (KHTML, like Gecko) Version/4.0 Chrome/60.0.3112.107 Mobile Safari/537.36"
159.223.51.105 - - [04/Dec/2025:16:59:47 +0000] "GET /wp-includes/rest-api/ HTTP/1.1" 200 1758 "-" "Mozilla/5.0 (Windows NT 10.0; Win64; x64) AppleWebKit/537.36 (KHTML, like Gecko) Chrome/114.0.0.0 Safari/537.36"
159.223.51.105 - - [04/Dec/2025:16:59:48 +0000] "GET /wp-includes/rest-api/ HTTP/1.1" 200 1758 "-" "Mozilla/5.0 (Windows NT 10.0; Win64; x64; rv:110.0) Gecko/20100101 Firefox/110.0"
212.2.240.147 - - [04/Dec/2025:16:59:48 +0000] "GET /wp-includes/Requests/library/ HTTP/1.1" 200 847 "-" "Mozilla/5.0 (Linux; Android 7.0; SM-G892A Build/NRD90M; wv) AppleWebKit/537.36 (KHTML, like Gecko) Version/4.0 Chrome/60.0.3112.107 Mobile Safari/537.36"
159.223.51.105 - - [04/Dec/2025:16:59:48 +0000] "GET /wp-includes/rest-api/class-wp-rest-request.php HTTP/1.1" 200 5 "-" "Mozilla/5.0 (Windows NT 10.0; Win64; x64) AppleWebKit/537.36 (KHTML, like Gecko) Chrome/110.0.0.0 Safari/537.36"
212.2.240.147 - - [04/Dec/2025:16:59:48 +0000] "GET /wp-includes/Requests/library/Requests.php HTTP/1.1" 200 313 "-" "Mozilla/5.0 (Linux; Android 7.0; SM-G892A Build/NRD90M; wv) AppleWebKit/537.36 (KHTML, like Gecko) Version/4.0 Chrome/60.0.3112.107 Mobile Safari/537.36"
212.2.240.147 - - [04/Dec/2025:16:59:48 +0000] "GET /wp-includes/Requests/src/ HTTP/1.1" 200 4929 "-" "Mozilla/5.0 (Linux; Android 7.0; SM-G892A Build/NRD90M; wv) AppleWebKit/537.36 (KHTML, like Gecko) Version/4.0 Chrome/60.0.3112.107 Mobile Safari/537.36"
159.223.51.105 - - [04/Dec/2025:16:59:48 +0000] "GET /wp-includes/rest-api/class-wp-rest-response.php HTTP/1.1" 200 331 "-" "Mozilla/5.0 (iPad; CPU OS 16_4 like Mac OS X) AppleWebKit/605.1.15 (KHTML, like Gecko) Version/16.4 Mobile/15E148 Safari/604.1"
212.2.240.147 - - [04/Dec/2025:16:59:48 +0000] "GET /wp-includes/Requests/src/Capability.php HTTP/1.1" 200 5 "-" "Mozilla/5.0 (Linux; Android 7.0; SM-G892A Build/NRD90M; wv) AppleWebKit/537.36 (KHTML, like Gecko) Version/4.0 Chrome/60.0.3112.107 Mobile Safari/537.36"
212.2.240.147 - - [04/Dec/2025:16:59:48 +0000] "GET /wp-includes/Requests/src/HookManager.php HTTP/1.1" 200 5 "-" "Mozilla/5.0 (Linux; Android 7.0; SM-G892A Build/NRD90M; wv) AppleWebKit/537.36 (KHTML, like Gecko) Version/4.0 Chrome/60.0.3112.107 Mobile Safari/537.36"
159.223.51.105 - - [04/Dec/2025:16:59:48 +0000] "GET /wp-includes/rest-api/class-wp-rest-server.php HTTP/1.1" 200 5 "-" "Mozilla/5.0 (Windows NT 10.0; Win64; x64) AppleWebKit/537.36 (KHTML, like Gecko) Chrome/114.0.0.0 Safari/537.36"
212.2.240.147 - - [04/Dec/2025:16:59:48 +0000] "GET /wp-includes/Requests/src/IdnaEncoder.php HTTP/1.1" 200 5 "-" "Mozilla/5.0 (Linux; Android 7.0; SM-G892A Build/NRD90M; wv) AppleWebKit/537.36 (KHTML, like Gecko) Version/4.0 Chrome/60.0.3112.107 Mobile Safari/537.36"
212.2.240.147 - - [04/Dec/2025:16:59:49 +0000] "GET /wp-includes/Requests/src/Ipv6.php HTTP/1.1" 200 5 "-" "Mozilla/5.0 (Linux; Android 7.0; SM-G892A Build/NRD90M; wv) AppleWebKit/537.36 (KHTML, like Gecko) Version/4.0 Chrome/60.0.3112.107 Mobile Safari/537.36"
159.223.51.105 - - [04/Dec/2025:16:59:49 +0000] "GET /wp-includes/rest-api/search/ HTTP/1.1" 200 1499 "-" "Mozilla/5.0 (Windows NT 10.0; Win64; x64; rv:110.0) Gecko/20100101 Firefox/110.0"
212.2.240.147 - - [04/Dec/2025:16:59:49 +0000] "GET /wp-includes/Requests/src/Iri.php HTTP/1.1" 200 5 "-" "Mozilla/5.0 (Linux; Android 7.0; SM-G892A Build/NRD90M; wv) AppleWebKit/537.36 (KHTML, like Gecko) Version/4.0 Chrome/60.0.3112.107 Mobile Safari/537.36"
212.2.240.147 - - [04/Dec/2025:16:59:49 +0000] "GET /wp-includes/Requests/src/Port.php HTTP/1.1" 200 5 "-" "Mozilla/5.0 (Linux; Android 7.0; SM-G892A Build/NRD90M; wv) AppleWebKit/537.36 (KHTML, like Gecko) Version/4.0 Chrome/60.0.3112.107 Mobile Safari/537.36"
159.223.51.105 - - [04/Dec/2025:16:59:49 +0000] "GET /wp-includes/rest-api/search/ HTTP/1.1" 200 1499 "-" "Mozilla/5.0 (Windows NT 10.0; Win64; x64) AppleWebKit/537.36 (KHTML, like Gecko) Chrome/110.0.0.0 Safari/537.36"
212.2.240.147 - - [04/Dec/2025:16:59:49 +0000] "GET /wp-includes/Requests/src/Requests.php HTTP/1.1" 200 5 "-" "Mozilla/5.0 (Linux; Android 7.0; SM-G892A Build/NRD90M; wv) AppleWebKit/537.36 (KHTML, like Gecko) Version/4.0 Chrome/60.0.3112.107 Mobile Safari/537.36"
159.223.51.105 - - [04/Dec/2025:16:59:49 +0000] "GET /wp-includes/rest-api/search/class-wp-rest-search-handler.php HTTP/1.1" 200 5 "-" "Mozilla/5.0 (Windows NT 10.0; Win64; x64; rv:110.0) Gecko/20100101 Firefox/110.0"
212.2.240.147 - - [04/Dec/2025:16:59:49 +0000] "GET /wp-includes/Requests/src/Ssl.php HTTP/1.1" 200 5 "-" "Mozilla/5.0 (Linux; Android 7.0; SM-G892A Build/NRD90M; wv) AppleWebKit/537.36 (KHTML, like Gecko) Version/4.0 Chrome/60.0.3112.107 Mobile Safari/537.36"
212.2.240.147 - - [04/Dec/2025:16:59:49 +0000] "GET /wp-includes/SimplePie/ HTTP/1.1" 200 5610 "-" "Mozilla/5.0 (Linux; Android 7.0; SM-G892A Build/NRD90M; wv) AppleWebKit/537.36 (KHTML, like Gecko) Version/4.0 Chrome/60.0.3112.107 Mobile Safari/537.36"
159.223.51.105 - - [04/Dec/2025:16:59:49 +0000] "GET /wp-includes/rest-api/search/class-wp-rest-post-search-handler.php HTTP/1.1" 200 373 "-" "Mozilla/5.0 (Windows NT 10.0; Win64; x64) AppleWebKit/537.36 (KHTML, like Gecko) Chrome/110.0.0.0 Safari/537.36"
159.223.51.105 - - [04/Dec/2025:16:59:49 +0000] "GET /wp-includes/rest-api/search/class-wp-rest-term-search-handler.php HTTP/1.1" 200 373 "-" "Mozilla/5.0 (iPad; CPU OS 16_4 like Mac OS X) AppleWebKit/605.1.15 (KHTML, like Gecko) Version/16.4 Mobile/15E148 Safari/604.1"
212.2.240.147 - - [04/Dec/2025:16:59:50 +0000] "GET /wp-includes/SimplePie//wp-includes/ HTTP/1.1" 301 5 "-" "Mozilla/5.0 (Linux; Android 7.0; SM-G892A Build/NRD90M; wv) AppleWebKit/537.36 (KHTML, like Gecko) Version/4.0 Chrome/60.0.3112.107 Mobile Safari/537.36"
159.223.51.105 - - [04/Dec/2025:16:59:50 +0000] "GET /wp-includes/rest-api/search/class-wp-rest-post-format-search-handler.php HTTP/1.1" 200 387 "-" "Mozilla/5.0 (Windows NT 10.0; Win64; x64) AppleWebKit/537.36 (KHTML, like Gecko) Chrome/114.0.0.0 Safari/537.36"
159.223.51.105 - - [04/Dec/2025:16:59:50 +0000] "GET /wp-includes/rest-api/fields/ HTTP/1.1" 200 1688 "-" "Mozilla/5.0 (Windows NT 10.0; Win64; x64; rv:110.0) Gecko/20100101 Firefox/110.0"
159.223.51.105 - - [04/Dec/2025:16:59:50 +0000] "GET /wp-includes/rest-api/fields/ HTTP/1.1" 200 1688 "-" "Mozilla/5.0 (Macintosh; Intel Mac OS X 10_15_7) AppleWebKit/605.1.15 (KHTML, like Gecko) Version/16.4 Safari/605.1.15"
159.223.51.105 - - [04/Dec/2025:16:59:50 +0000] "GET /wp-includes/rest-api/fields/class-wp-rest-term-meta-fields.php HTTP/1.1" 200 364 "-" "Mozilla/5.0 (Windows NT 10.0; Win64; x64; rv:110.0) Gecko/20100101 Firefox/110.0"
212.2.240.147 - - [04/Dec/2025:16:59:51 +0000] "GET /wp-includes/SimplePie/wp-includes/ HTTP/1.1" 404 150485 "http://ondostate.gov.ng/wp-includes/SimplePie//wp-includes/" "Mozilla/5.0 (Linux; Android 7.0; SM-G892A Build/NRD90M; wv) AppleWebKit/537.36 (KHTML, like Gecko) Version/4.0 Chrome/60.0.3112.107 Mobile Safari/537.36"
159.223.51.105 - - [04/Dec/2025:16:59:51 +0000] "GET /wp-includes/rest-api/fields/class-wp-rest-comment-meta-fields.php HTTP/1.1" 200 370 "-" "Mozilla/5.0 (iPad; CPU OS 16_4 like Mac OS X) AppleWebKit/605.1.15 (KHTML, like Gecko) Version/16.4 Mobile/15E148 Safari/604.1"
159.223.51.105 - - [04/Dec/2025:16:59:51 +0000] "GET /wp-includes/rest-api/fields/class-wp-rest-user-meta-fields.php HTTP/1.1" 200 364 "-" "Mozilla/5.0 (X11; Linux x86_64) AppleWebKit/537.36 (KHTML, like Gecko) Chrome/111.0.0.0 Safari/537.36"
212.2.240.147 - - [04/Dec/2025:16:59:51 +0000] "GET /wp-includes/SimplePie/Cache/ HTTP/1.1" 200 1907 "-" "Mozilla/5.0 (Linux; Android 7.0; SM-G892A Build/NRD90M; wv) AppleWebKit/537.36 (KHTML, like Gecko) Version/4.0 Chrome/60.0.3112.107 Mobile Safari/537.36"
212.2.240.147 - - [04/Dec/2025:16:59:51 +0000] "GET /wp-includes/SimplePie/Cache/Base.php HTTP/1.1" 200 5 "-" "Mozilla/5.0 (Linux; Android 7.0; SM-G892A Build/NRD90M; wv) AppleWebKit/537.36 (KHTML, like Gecko) Version/4.0 Chrome/60.0.3112.107 Mobile Safari/537.36"
159.223.51.105 - - [04/Dec/2025:16:59:51 +0000] "GET /wp-includes/rest-api/fields/class-wp-rest-meta-fields.php HTTP/1.1" 200 5 "-" "Mozilla/5.0 (X11; Linux x86_64) AppleWebKit/537.36 (KHTML, like Gecko) Chrome/111.0.0.0 Safari/537.36"
212.2.240.147 - - [04/Dec/2025:16:59:51 +0000] "GET /wp-includes/SimplePie/Cache/DB.php HTTP/1.1" 200 313 "-" "Mozilla/5.0 (Linux; Android 7.0; SM-G892A Build/NRD90M; wv) AppleWebKit/537.36 (KHTML, like Gecko) Version/4.0 Chrome/60.0.3112.107 Mobile Safari/537.36"
212.2.240.147 - - [04/Dec/2025:16:59:51 +0000] "GET /wp-includes/SimplePie/Cache/MySQL.php HTTP/1.1" 200 313 "-" "Mozilla/5.0 (Linux; Android 7.0; SM-G892A Build/NRD90M; wv) AppleWebKit/537.36 (KHTML, like Gecko) Version/4.0 Chrome/60.0.3112.107 Mobile Safari/537.36"
159.223.51.105 - - [04/Dec/2025:16:59:51 +0000] "GET /wp-includes/rest-api/fields/class-wp-rest-post-meta-fields.php HTTP/1.1" 200 364 "-" "Mozilla/5.0 (Windows NT 10.0; Win64; x64) AppleWebKit/537.36 (KHTML, like Gecko) Chrome/114.0.0.0 Safari/537.36"
212.2.240.147 - - [04/Dec/2025:16:59:51 +0000] "GET /wp-includes/SimplePie/Cache/Redis.php HTTP/1.1" 200 319 "-" "Mozilla/5.0 (Linux; Android 7.0; SM-G892A Build/NRD90M; wv) AppleWebKit/537.36 (KHTML, like Gecko) Version/4.0 Chrome/60.0.3112.107 Mobile Safari/537.36"
159.223.51.105 - - [04/Dec/2025:16:59:51 +0000] "GET /wp-includes/rest-api/endpoints/ HTTP/1.1" 200 8711 "-" "Mozilla/5.0 (Windows NT 10.0; Win64; x64) AppleWebKit/537.36 (KHTML, like Gecko) Chrome/110.0.0.0 Safari/537.36"
212.2.240.147 - - [04/Dec/2025:16:59:52 +0000] "GET /wp-includes/SimplePie/Content/ HTTP/1.1" 200 843 "-" "Mozilla/5.0 (Linux; Android 7.0; SM-G892A Build/NRD90M; wv) AppleWebKit/537.36 (KHTML, like Gecko) Version/4.0 Chrome/60.0.3112.107 Mobile Safari/537.36"
212.2.240.147 - - [04/Dec/2025:16:59:52 +0000] "GET /wp-includes/SimplePie/Decode/ HTTP/1.1" 200 841 "-" "Mozilla/5.0 (Linux; Android 7.0; SM-G892A Build/NRD90M; wv) AppleWebKit/537.36 (KHTML, like Gecko) Version/4.0 Chrome/60.0.3112.107 Mobile Safari/537.36"
159.223.51.105 - - [04/Dec/2025:16:59:52 +0000] "GET /wp-includes/rest-api/endpoints/ HTTP/1.1" 200 8711 "-" "Mozilla/5.0 (Macintosh; Intel Mac OS X 10_15_7) AppleWebKit/605.1.15 (KHTML, like Gecko) Version/16.4 Safari/605.1.15"
212.2.240.147 - - [04/Dec/2025:16:59:52 +0000] "GET /wp-includes/SimplePie/HTTP/ HTTP/1.1" 200 842 "-" "Mozilla/5.0 (Linux; Android 7.0; SM-G892A Build/NRD90M; wv) AppleWebKit/537.36 (KHTML, like Gecko) Version/4.0 Chrome/60.0.3112.107 Mobile Safari/537.36"
212.2.240.147 - - [04/Dec/2025:16:59:52 +0000] "GET /wp-includes/SimplePie/Net/ HTTP/1.1" 200 838 "-" "Mozilla/5.0 (Linux; Android 7.0; SM-G892A Build/NRD90M; wv) AppleWebKit/537.36 (KHTML, like Gecko) Version/4.0 Chrome/60.0.3112.107 Mobile Safari/537.36"
212.2.240.147 - - [04/Dec/2025:16:59:52 +0000] "GET /wp-includes/SimplePie/Parse/ HTTP/1.1" 200 842 "-" "Mozilla/5.0 (Linux; Android 7.0; SM-G892A Build/NRD90M; wv) AppleWebKit/537.36 (KHTML, like Gecko) Version/4.0 Chrome/60.0.3112.107 Mobile Safari/537.36"
159.223.51.105 - - [04/Dec/2025:16:59:52 +0000] "GET /wp-includes/rest-api/endpoints/class-wp-rest-post-statuses-controller.php HTTP/1.1" 200 385 "-" "Mozilla/5.0 (Windows NT 10.0; Win64; x64) AppleWebKit/537.36 (KHTML, like Gecko) Chrome/114.0.0.0 Safari/537.36"
212.2.240.147 - - [04/Dec/2025:16:59:52 +0000] "GET /wp-includes/SimplePie/Parse/Date.php HTTP/1.1" 200 5 "-" "Mozilla/5.0 (Linux; Android 7.0; SM-G892A Build/NRD90M; wv) AppleWebKit/537.36 (KHTML, like Gecko) Version/4.0 Chrome/60.0.3112.107 Mobile Safari/537.36"
212.2.240.147 - - [04/Dec/2025:16:59:52 +0000] "GET /wp-includes/SimplePie/XML/ HTTP/1.1" 200 842 "-" "Mozilla/5.0 (Linux; Android 7.0; SM-G892A Build/NRD90M; wv) AppleWebKit/537.36 (KHTML, like Gecko) Version/4.0 Chrome/60.0.3112.107 Mobile Safari/537.36"
159.223.51.105 - - [04/Dec/2025:16:59:52 +0000] "GET /wp-includes/rest-api/endpoints/class-wp-rest-url-details-controller.php HTTP/1.1" 200 381 "-" "Mozilla/5.0 (Windows NT 10.0; Win64; x64) AppleWebKit/537.36 (KHTML, like Gecko) Chrome/110.0.0.0 Safari/537.36"
212.2.240.147 - - [04/Dec/2025:16:59:52 +0000] "GET /wp-includes/Text/ HTTP/1.1" 200 983 "-" "Mozilla/5.0 (Linux; Android 7.0; SM-G892A Build/NRD90M; wv) AppleWebKit/537.36 (KHTML, like Gecko) Version/4.0 Chrome/60.0.3112.107 Mobile Safari/537.36"
159.223.51.105 - - [04/Dec/2025:16:59:52 +0000] "GET /wp-includes/rest-api/endpoints/class-wp-rest-menu-locations-controller.php HTTP/1.1" 200 387 "-" "Mozilla/5.0 (Macintosh; Intel Mac OS X 10_15_7) AppleWebKit/605.1.15 (KHTML, like Gecko) Version/16.4 Safari/605.1.15"
159.223.51.105 - - [04/Dec/2025:16:59:53 +0000] "GET /wp-includes/rest-api/endpoints/class-wp-rest-block-types-controller.php HTTP/1.1" 200 381 "-" "Mozilla/5.0 (X11; Linux x86_64) AppleWebKit/537.36 (KHTML, like Gecko) Chrome/111.0.0.0 Safari/537.36"
212.2.240.147 - - [04/Dec/2025:16:59:53 +0000] "GET /wp-includes/Text//wp-includes/ HTTP/1.1" 301 5 "-" "Mozilla/5.0 (Linux; Android 7.0; SM-G892A Build/NRD90M; wv) AppleWebKit/537.36 (KHTML, like Gecko) Version/4.0 Chrome/60.0.3112.107 Mobile Safari/537.36"
159.223.51.105 - - [04/Dec/2025:16:59:53 +0000] "GET /wp-includes/rest-api/endpoints/class-wp-rest-comments-controller.php HTTP/1.1" 200 375 "-" "Mozilla/5.0 (iPad; CPU OS 16_4 like Mac OS X) AppleWebKit/605.1.15 (KHTML, like Gecko) Version/16.4 Mobile/15E148 Safari/604.1"
159.223.51.105 - - [04/Dec/2025:16:59:53 +0000] "GET /wp-includes/rest-api/endpoints/class-wp-rest-block-renderer-controller.php HTTP/1.1" 200 387 "-" "Mozilla/5.0 (Macintosh; Intel Mac OS X 10_15_7) AppleWebKit/605.1.15 (KHTML, like Gecko) Version/16.4 Safari/605.1.15"
159.223.51.105 - - [04/Dec/2025:16:59:53 +0000] "GET /wp-includes/rest-api/endpoints/class-wp-rest-menu-items-controller.php HTTP/1.1" 200 385 "-" "Mozilla/5.0 (Windows NT 10.0; Win64; x64; rv:110.0) Gecko/20100101 Firefox/110.0"
159.223.51.105 - - [04/Dec/2025:16:59:54 +0000] "GET /wp-includes/rest-api/endpoints/class-wp-rest-global-styles-controller.php HTTP/1.1" 200 385 "-" "Mozilla/5.0 (Windows NT 10.0; Win64; x64) AppleWebKit/537.36 (KHTML, like Gecko) Chrome/110.0.0.0 Safari/537.36"
212.2.240.147 - - [04/Dec/2025:16:59:54 +0000] "GET /wp-includes/Text/wp-includes/ HTTP/1.1" 404 150485 "http://ondostate.gov.ng/wp-includes/Text//wp-includes/" "Mozilla/5.0 (Linux; Android 7.0; SM-G892A Build/NRD90M; wv) AppleWebKit/537.36 (KHTML, like Gecko) Version/4.0 Chrome/60.0.3112.107 Mobile Safari/537.36"
159.223.51.105 - - [04/Dec/2025:16:59:54 +0000] "GET /wp-includes/rest-api/endpoints/class-wp-rest-settings-controller.php HTTP/1.1" 200 375 "-" "Mozilla/5.0 (Macintosh; Intel Mac OS X 10_15_7) AppleWebKit/605.1.15 (KHTML, like Gecko) Version/16.4 Safari/605.1.15"
212.2.240.147 - - [04/Dec/2025:16:59:54 +0000] "GET /wp-includes/Text/Diff/ HTTP/1.1" 200 1181 "-" "Mozilla/5.0 (Linux; Android 7.0; SM-G892A Build/NRD90M; wv) AppleWebKit/537.36 (KHTML, like Gecko) Version/4.0 Chrome/60.0.3112.107 Mobile Safari/537.36"
159.223.51.105 - - [04/Dec/2025:16:59:54 +0000] "GET /wp-includes/rest-api/endpoints/class-wp-rest-global-styles-revisions-controller.php HTTP/1.1" 200 405 "-" "Mozilla/5.0 (Windows NT 10.0; Win64; x64) AppleWebKit/537.36 (KHTML, like Gecko) Chrome/114.0.0.0 Safari/537.36"
212.2.240.147 - - [04/Dec/2025:16:59:54 +0000] "GET /wp-includes/assets/ HTTP/1.1" 200 1880 "-" "Mozilla/5.0 (Linux; Android 7.0; SM-G892A Build/NRD90M; wv) AppleWebKit/537.36 (KHTML, like Gecko) Version/4.0 Chrome/60.0.3112.107 Mobile Safari/537.36"
159.223.51.105 - - [04/Dec/2025:16:59:54 +0000] "GET /wp-includes/rest-api/endpoints/class-wp-rest-site-health-controller.php HTTP/1.1" 200 381 "-" "Mozilla/5.0 (Windows NT 10.0; Win64; x64) AppleWebKit/537.36 (KHTML, like Gecko) Chrome/114.0.0.0 Safari/537.36"
159.223.51.105 - - [04/Dec/2025:16:59:54 +0000] "GET /wp-includes/rest-api/endpoints/class-wp-rest-autosaves-controller.php HTTP/1.1" 200 387 "-" "Mozilla/5.0 (Windows NT 10.0; Win64; x64) AppleWebKit/537.36 (KHTML, like Gecko) Chrome/110.0.0.0 Safari/537.36"
212.2.240.147 - - [04/Dec/2025:16:59:55 +0000] "GET /wp-includes/assets//wp-includes/ HTTP/1.1" 301 5 "-" "Mozilla/5.0 (Linux; Android 7.0; SM-G892A Build/NRD90M; wv) AppleWebKit/537.36 (KHTML, like Gecko) Version/4.0 Chrome/60.0.3112.107 Mobile Safari/537.36"
159.223.51.105 - - [04/Dec/2025:16:59:55 +0000] "GET /wp-includes/rest-api/endpoints/class-wp-rest-template-revisions-controller.php HTTP/1.1" 200 405 "-" "Mozilla/5.0 (Windows NT 10.0; Win64; x64) AppleWebKit/537.36 (KHTML, like Gecko) Chrome/114.0.0.0 Safari/537.36"
159.223.51.105 - - [04/Dec/2025:16:59:55 +0000] "GET /wp-includes/rest-api/endpoints/class-wp-rest-attachments-controller.php HTTP/1.1" 200 387 "-" "Mozilla/5.0 (X11; Linux x86_64) AppleWebKit/537.36 (KHTML, like Gecko) Chrome/111.0.0.0 Safari/537.36"
159.223.51.105 - - [04/Dec/2025:16:59:55 +0000] "GET /wp-includes/rest-api/endpoints/class-wp-rest-menus-controller.php HTTP/1.1" 200 375 "-" "Mozilla/5.0 (X11; Linux x86_64) AppleWebKit/537.36 (KHTML, like Gecko) Chrome/111.0.0.0 Safari/537.36"
159.223.51.105 - - [04/Dec/2025:16:59:55 +0000] "GET /wp-includes/rest-api/endpoints/class-wp-rest-block-directory-controller.php HTTP/1.1" 200 389 "-" "Mozilla/5.0 (X11; Linux x86_64) AppleWebKit/537.36 (KHTML, like Gecko) Chrome/111.0.0.0 Safari/537.36"
212.2.240.147 - - [04/Dec/2025:16:59:55 +0000] "GET /wp-includes/assets/wp-includes/ HTTP/1.1" 404 150485 "http://ondostate.gov.ng/wp-includes/assets//wp-includes/" "Mozilla/5.0 (Linux; Android 7.0; SM-G892A Build/NRD90M; wv) AppleWebKit/537.36 (KHTML, like Gecko) Version/4.0 Chrome/60.0.3112.107 Mobile Safari/537.36"
159.223.51.105 - - [04/Dec/2025:16:59:56 +0000] "GET /wp-includes/rest-api/endpoints/class-wp-rest-blocks-controller.php HTTP/1.1" 200 377 "-" "Mozilla/5.0 (Macintosh; Intel Mac OS X 10_15_7) AppleWebKit/605.1.15 (KHTML, like Gecko) Version/16.4 Safari/605.1.15"
212.2.240.147 - - [04/Dec/2025:16:59:56 +0000] "GET /wp-includes/block-patterns/ HTTP/1.1" 200 2015 "-" "Mozilla/5.0 (Linux; Android 7.0; SM-G892A Build/NRD90M; wv) AppleWebKit/537.36 (KHTML, like Gecko) Version/4.0 Chrome/60.0.3112.107 Mobile Safari/537.36"
159.223.51.105 - - [04/Dec/2025:16:59:56 +0000] "GET /wp-includes/rest-api/endpoints/class-wp-rest-users-controller.php HTTP/1.1" 200 369 "-" "Mozilla/5.0 (iPad; CPU OS 16_4 like Mac OS X) AppleWebKit/605.1.15 (KHTML, like Gecko) Version/16.4 Mobile/15E148 Safari/604.1"
159.223.51.105 - - [04/Dec/2025:16:59:56 +0000] "GET /wp-includes/rest-api/endpoints/class-wp-rest-widgets-controller.php HTTP/1.1" 200 373 "-" "Mozilla/5.0 (X11; Linux x86_64) AppleWebKit/537.36 (KHTML, like Gecko) Chrome/111.0.0.0 Safari/537.36"
212.2.240.147 - - [04/Dec/2025:16:59:56 +0000] "GET /wp-includes/block-patterns//wp-includes/ HTTP/1.1" 301 5 "-" "Mozilla/5.0 (Linux; Android 7.0; SM-G892A Build/NRD90M; wv) AppleWebKit/537.36 (KHTML, like Gecko) Version/4.0 Chrome/60.0.3112.107 Mobile Safari/537.36"
159.223.51.105 - - [04/Dec/2025:16:59:56 +0000] "GET /wp-includes/rest-api/endpoints/class-wp-rest-sidebars-controller.php HTTP/1.1" 200 375 "-" "Mozilla/5.0 (Windows NT 10.0; Win64; x64) AppleWebKit/537.36 (KHTML, like Gecko) Chrome/114.0.0.0 Safari/537.36"
159.223.51.105 - - [04/Dec/2025:16:59:57 +0000] "GET /wp-includes/rest-api/endpoints/class-wp-rest-pattern-directory-controller.php HTTP/1.1" 200 393 "-" "Mozilla/5.0 (Windows NT 10.0; Win64; x64; rv:110.0) Gecko/20100101 Firefox/110.0"
159.223.51.105 - - [04/Dec/2025:16:59:57 +0000] "GET /wp-includes/rest-api/endpoints/class-wp-rest-templates-controller.php HTTP/1.1" 200 377 "-" "Mozilla/5.0 (X11; Linux x86_64) AppleWebKit/537.36 (KHTML, like Gecko) Chrome/111.0.0.0 Safari/537.36"
159.223.51.105 - - [04/Dec/2025:16:59:57 +0000] "GET /wp-includes/rest-api/endpoints/class-wp-rest-post-types-controller.php HTTP/1.1" 200 379 "-" "Mozilla/5.0 (Windows NT 10.0; Win64; x64) AppleWebKit/537.36 (KHTML, like Gecko) Chrome/114.0.0.0 Safari/537.36"
212.2.240.147 - - [04/Dec/2025:16:59:57 +0000] "GET /wp-includes/block-patterns/wp-includes/ HTTP/1.1" 404 150485 "http://ondostate.gov.ng/wp-includes/block-patterns//wp-includes/" "Mozilla/5.0 (Linux; Android 7.0; SM-G892A Build/NRD90M; wv) AppleWebKit/537.36 (KHTML, like Gecko) Version/4.0 Chrome/60.0.3112.107 Mobile Safari/537.36"
159.223.51.105 - - [04/Dec/2025:16:59:57 +0000] "GET /wp-includes/rest-api/endpoints/class-wp-rest-terms-controller.php HTTP/1.1" 200 369 "-" "Mozilla/5.0 (Macintosh; Intel Mac OS X 10_15_7) AppleWebKit/605.1.15 (KHTML, like Gecko) Version/16.4 Safari/605.1.15"
212.2.240.147 - - [04/Dec/2025:16:59:57 +0000] "GET /wp-includes/block-supports/ HTTP/1.1" 200 3543 "-" "Mozilla/5.0 (Linux; Android 7.0; SM-G892A Build/NRD90M; wv) AppleWebKit/537.36 (KHTML, like Gecko) Version/4.0 Chrome/60.0.3112.107 Mobile Safari/537.36"
159.223.51.105 - - [04/Dec/2025:16:59:57 +0000] "GET /wp-includes/rest-api/endpoints/class-wp-rest-application-passwords-controller.php HTTP/1.1" 200 401 "-" "Mozilla/5.0 (Macintosh; Intel Mac OS X 10_15_7) AppleWebKit/605.1.15 (KHTML, like Gecko) Version/16.4 Safari/605.1.15"
212.2.240.147 - - [04/Dec/2025:16:59:58 +0000] "GET /wp-includes/block-supports/background.php HTTP/1.1" 200 322 "-" "Mozilla/5.0 (Linux; Android 7.0; SM-G892A Build/NRD90M; wv) AppleWebKit/537.36 (KHTML, like Gecko) Version/4.0 Chrome/60.0.3112.107 Mobile Safari/537.36"
159.223.51.105 - - [04/Dec/2025:16:59:58 +0000] "GET /wp-includes/rest-api/endpoints/class-wp-rest-controller.php HTTP/1.1" 200 5 "-" "Mozilla/5.0 (Windows NT 10.0; Win64; x64; rv:110.0) Gecko/20100101 Firefox/110.0"
212.2.240.147 - - [04/Dec/2025:16:59:58 +0000] "GET /wp-includes/block-supports/border.php HTTP/1.1" 200 314 "-" "Mozilla/5.0 (Linux; Android 7.0; SM-G892A Build/NRD90M; wv) AppleWebKit/537.36 (KHTML, like Gecko) Version/4.0 Chrome/60.0.3112.107 Mobile Safari/537.36"
212.2.240.147 - - [04/Dec/2025:16:59:58 +0000] "GET /wp-includes/block-supports/dimensions.php HTTP/1.1" 200 320 "-" "Mozilla/5.0 (Linux; Android 7.0; SM-G892A Build/NRD90M; wv) AppleWebKit/537.36 (KHTML, like Gecko) Version/4.0 Chrome/60.0.3112.107 Mobile Safari/537.36"
159.223.51.105 - - [04/Dec/2025:16:59:58 +0000] "GET /wp-includes/rest-api/endpoints/class-wp-rest-plugins-controller.php HTTP/1.1" 200 373 "-" "Mozilla/5.0 (iPad; CPU OS 16_4 like Mac OS X) AppleWebKit/605.1.15 (KHTML, like Gecko) Version/16.4 Mobile/15E148 Safari/604.1"
212.2.240.147 - - [04/Dec/2025:16:59:58 +0000] "GET /wp-includes/block-supports/duotone.php HTTP/1.1" 200 314 "-" "Mozilla/5.0 (Linux; Android 7.0; SM-G892A Build/NRD90M; wv) AppleWebKit/537.36 (KHTML, like Gecko) Version/4.0 Chrome/60.0.3112.107 Mobile Safari/537.36"
212.2.240.147 - - [04/Dec/2025:16:59:58 +0000] "GET /wp-includes/block-supports/elements.php HTTP/1.1" 200 312 "-" "Mozilla/5.0 (Linux; Android 7.0; SM-G892A Build/NRD90M; wv) AppleWebKit/537.36 (KHTML, like Gecko) Version/4.0 Chrome/60.0.3112.107 Mobile Safari/537.36"
159.223.51.105 - - [04/Dec/2025:16:59:58 +0000] "GET /wp-includes/rest-api/endpoints/class-wp-rest-taxonomies-controller.php HTTP/1.1" 200 379 "-" "Mozilla/5.0 (Windows NT 10.0; Win64; x64) AppleWebKit/537.36 (KHTML, like Gecko) Chrome/110.0.0.0 Safari/537.36"
212.2.240.147 - - [04/Dec/2025:16:59:58 +0000] "GET /wp-includes/block-supports/layout.php HTTP/1.1" 200 314 "-" "Mozilla/5.0 (Linux; Android 7.0; SM-G892A Build/NRD90M; wv) AppleWebKit/537.36 (KHTML, like Gecko) Version/4.0 Chrome/60.0.3112.107 Mobile Safari/537.36"
212.2.240.147 - - [04/Dec/2025:16:59:58 +0000] "GET /wp-includes/block-supports/settings.php HTTP/1.1" 200 312 "-" "Mozilla/5.0 (Linux; Android 7.0; SM-G892A Build/NRD90M; wv) AppleWebKit/537.36 (KHTML, like Gecko) Version/4.0 Chrome/60.0.3112.107 Mobile Safari/537.36"
159.223.51.105 - - [04/Dec/2025:16:59:58 +0000] "GET /wp-includes/rest-api/endpoints/class-wp-rest-themes-controller.php HTTP/1.1" 200 371 "-" "Mozilla/5.0 (Windows NT 10.0; Win64; x64) AppleWebKit/537.36 (KHTML, like Gecko) Chrome/110.0.0.0 Safari/537.36"
212.2.240.147 - - [04/Dec/2025:16:59:59 +0000] "GET /wp-includes/block-supports/shadow.php HTTP/1.1" 200 312 "-" "Mozilla/5.0 (Linux; Android 7.0; SM-G892A Build/NRD90M; wv) AppleWebKit/537.36 (KHTML, like Gecko) Version/4.0 Chrome/60.0.3112.107 Mobile Safari/537.36"
212.2.240.147 - - [04/Dec/2025:16:59:59 +0000] "GET /wp-includes/block-supports/spacing.php HTTP/1.1" 200 314 "-" "Mozilla/5.0 (Linux; Android 7.0; SM-G892A Build/NRD90M; wv) AppleWebKit/537.36 (KHTML, like Gecko) Version/4.0 Chrome/60.0.3112.107 Mobile Safari/537.36"
159.223.51.105 - - [04/Dec/2025:16:59:59 +0000] "GET /wp-includes/rest-api/endpoints/class-wp-rest-revisions-controller.php HTTP/1.1" 200 377 "-" "Mozilla/5.0 (Windows NT 10.0; Win64; x64; rv:110.0) Gecko/20100101 Firefox/110.0"
212.2.240.147 - - [04/Dec/2025:16:59:59 +0000] "GET /wp-includes/block-supports/utils.php HTTP/1.1" 200 5 "-" "Mozilla/5.0 (Linux; Android 7.0; SM-G892A Build/NRD90M; wv) AppleWebKit/537.36 (KHTML, like Gecko) Version/4.0 Chrome/60.0.3112.107 Mobile Safari/537.36"
159.223.51.105 - - [04/Dec/2025:16:59:59 +0000] "GET /wp-includes/rest-api/endpoints/class-wp-rest-widget-types-controller.php HTTP/1.1" 200 383 "-" "Mozilla/5.0 (Windows NT 10.0; Win64; x64) AppleWebKit/537.36 (KHTML, like Gecko) Chrome/110.0.0.0 Safari/537.36"
159.223.51.105 - - [04/Dec/2025:16:59:59 +0000] "GET /wp-includes/rest-api/endpoints/class-wp-rest-navigation-fallback-controller.php HTTP/1.1" 200 397 "-" "Mozilla/5.0 (Macintosh; Intel Mac OS X 10_15_7) AppleWebKit/605.1.15 (KHTML, like Gecko) Version/16.4 Safari/605.1.15"
212.2.240.147 - - [04/Dec/2025:16:59:59 +0000] "GET /wp-includes/block-supports//wp-includes/ HTTP/1.1" 301 5 "-" "Mozilla/5.0 (Linux; Android 7.0; SM-G892A Build/NRD90M; wv) AppleWebKit/537.36 (KHTML, like Gecko) Version/4.0 Chrome/60.0.3112.107 Mobile Safari/537.36"
159.223.51.105 - - [04/Dec/2025:16:59:59 +0000] "GET /wp-includes/rest-api/endpoints/class-wp-rest-block-pattern-categories-controller.php HTTP/1.1" 200 407 "-" "Mozilla/5.0 (Windows NT 10.0; Win64; x64) AppleWebKit/537.36 (KHTML, like Gecko) Chrome/110.0.0.0 Safari/537.36"
159.223.51.105 - - [04/Dec/2025:17:00:00 +0000] "GET /wp-includes/rest-api/endpoints/class-wp-rest-search-controller.php HTTP/1.1" 200 371 "-" "Mozilla/5.0 (Macintosh; Intel Mac OS X 10_15_7) AppleWebKit/605.1.15 (KHTML, like Gecko) Version/16.4 Safari/605.1.15"
159.223.51.105 - - [04/Dec/2025:17:00:00 +0000] "GET /wp-includes/rest-api/endpoints/class-wp-rest-block-patterns-controller.php HTTP/1.1" 200 387 "-" "Mozilla/5.0 (X11; Linux x86_64) AppleWebKit/537.36 (KHTML, like Gecko) Chrome/111.0.0.0 Safari/537.36"
212.2.240.147 - - [04/Dec/2025:17:00:00 +0000] "GET /wp-includes/block-supports/wp-includes/ HTTP/1.1" 404 150485 "http://ondostate.gov.ng/wp-includes/block-supports//wp-includes/" "Mozilla/5.0 (Linux; Android 7.0; SM-G892A Build/NRD90M; wv) AppleWebKit/537.36 (KHTML, like Gecko) Version/4.0 Chrome/60.0.3112.107 Mobile Safari/537.36"
159.223.51.105 - - [04/Dec/2025:17:00:00 +0000] "GET /wp-includes/rest-api/endpoints/class-wp-rest-template-autosaves-controller.php HTTP/1.1" 200 405 "-" "Mozilla/5.0 (X11; Linux x86_64) AppleWebKit/537.36 (KHTML, like Gecko) Chrome/111.0.0.0 Safari/537.36"
159.223.51.105 - - [04/Dec/2025:17:00:00 +0000] "GET /wp-includes/rest-api/endpoints/class-wp-rest-posts-controller.php HTTP/1.1" 200 369 "-" "Mozilla/5.0 (Windows NT 10.0; Win64; x64) AppleWebKit/537.36 (KHTML, like Gecko) Chrome/114.0.0.0 Safari/537.36"
212.2.240.147 - - [04/Dec/2025:17:00:00 +0000] "GET /wp-includes/blocks/ HTTP/1.1" 200 285 "-" "Mozilla/5.0 (Linux; Android 7.0; SM-G892A Build/NRD90M; wv) AppleWebKit/537.36 (KHTML, like Gecko) Version/4.0 Chrome/60.0.3112.107 Mobile Safari/537.36"
159.223.51.105 - - [04/Dec/2025:17:00:01 +0000] "GET /wp-includes/rest-api/endpoints/class-wp-rest-edit-site-export-controller.php HTTP/1.1" 200 391 "-" "Mozilla/5.0 (Windows NT 10.0; Win64; x64; rv:110.0) Gecko/20100101 Firefox/110.0"
212.2.240.147 - - [04/Dec/2025:17:00:01 +0000] "GET /wp-includes/certificates/ HTTP/1.1" 200 831 "-" "Mozilla/5.0 (Linux; Android 7.0; SM-G892A Build/NRD90M; wv) AppleWebKit/537.36 (KHTML, like Gecko) Version/4.0 Chrome/60.0.3112.107 Mobile Safari/537.36"
159.223.51.105 - - [04/Dec/2025:17:00:01 +0000] "GET /wp-includes/theme-compat/ HTTP/1.1" 200 2276 "-" "Mozilla/5.0 (Windows NT 10.0; Win64; x64) AppleWebKit/537.36 (KHTML, like Gecko) Chrome/114.0.0.0 Safari/537.36"
159.223.51.105 - - [04/Dec/2025:17:00:01 +0000] "GET /wp-includes/theme-compat/ HTTP/1.1" 200 2276 "-" "Mozilla/5.0 (iPad; CPU OS 16_4 like Mac OS X) AppleWebKit/605.1.15 (KHTML, like Gecko) Version/16.4 Mobile/15E148 Safari/604.1"
212.2.240.147 - - [04/Dec/2025:17:00:01 +0000] "GET /wp-includes/certificates//wp-includes/ HTTP/1.1" 301 5 "-" "Mozilla/5.0 (Linux; Android 7.0; SM-G892A Build/NRD90M; wv) AppleWebKit/537.36 (KHTML, like Gecko) Version/4.0 Chrome/60.0.3112.107 Mobile Safari/537.36"
159.223.51.105 - - [04/Dec/2025:17:00:01 +0000] "GET /wp-includes/theme-compat/embed.php HTTP/1.1" 200 300 "-" "Mozilla/5.0 (Windows NT 10.0; Win64; x64) AppleWebKit/537.36 (KHTML, like Gecko) Chrome/114.0.0.0 Safari/537.36"
159.223.51.105 - - [04/Dec/2025:17:00:01 +0000] "GET /wp-includes/theme-compat/header-embed.php HTTP/1.1" 200 345 "-" "Mozilla/5.0 (Windows NT 10.0; Win64; x64) AppleWebKit/537.36 (KHTML, like Gecko) Chrome/114.0.0.0 Safari/537.36"
159.223.51.105 - - [04/Dec/2025:17:00:02 +0000] "GET /wp-includes/theme-compat/footer-embed.php HTTP/1.1" 200 313 "-" "Mozilla/5.0 (iPad; CPU OS 16_4 like Mac OS X) AppleWebKit/605.1.15 (KHTML, like Gecko) Version/16.4 Mobile/15E148 Safari/604.1"
159.223.51.105 - - [04/Dec/2025:17:00:02 +0000] "GET /wp-includes/theme-compat/comments.php HTTP/1.1" 200 310 "-" "Mozilla/5.0 (Windows NT 10.0; Win64; x64) AppleWebKit/537.36 (KHTML, like Gecko) Chrome/114.0.0.0 Safari/537.36"
159.223.51.105 - - [04/Dec/2025:17:00:02 +0000] "GET /wp-includes/theme-compat/footer.php HTTP/1.1" 200 306 "-" "Mozilla/5.0 (iPad; CPU OS 16_4 like Mac OS X) AppleWebKit/605.1.15 (KHTML, like Gecko) Version/16.4 Mobile/15E148 Safari/604.1"
212.2.240.147 - - [04/Dec/2025:17:00:02 +0000] "GET /wp-includes/certificates/wp-includes/ HTTP/1.1" 404 150485 "http://ondostate.gov.ng/wp-includes/certificates//wp-includes/" "Mozilla/5.0 (Linux; Android 7.0; SM-G892A Build/NRD90M; wv) AppleWebKit/537.36 (KHTML, like Gecko) Version/4.0 Chrome/60.0.3112.107 Mobile Safari/537.36"
159.223.51.105 - - [04/Dec/2025:17:00:02 +0000] "GET /wp-includes/theme-compat/header.php HTTP/1.1" 200 306 "-" "Mozilla/5.0 (iPad; CPU OS 16_4 like Mac OS X) AppleWebKit/605.1.15 (KHTML, like Gecko) Version/16.4 Mobile/15E148 Safari/604.1"
159.223.51.105 - - [04/Dec/2025:17:00:03 +0000] "GET /wp-includes/theme-compat/embed-404.php HTTP/1.1" 200 352 "-" "Mozilla/5.0 (Macintosh; Intel Mac OS X 10_15_7) AppleWebKit/605.1.15 (KHTML, like Gecko) Version/16.4 Safari/605.1.15"
212.2.240.147 - - [04/Dec/2025:17:00:03 +0000] "GET /wp-includes/css/ HTTP/1.1" 200 8348 "-" "Mozilla/5.0 (Linux; Android 7.0; SM-G892A Build/NRD90M; wv) AppleWebKit/537.36 (KHTML, like Gecko) Version/4.0 Chrome/60.0.3112.107 Mobile Safari/537.36"
159.223.51.105 - - [04/Dec/2025:17:00:03 +0000] "GET /wp-includes/theme-compat/embed-content.php HTTP/1.1" 200 322 "-" "Mozilla/5.0 (iPad; CPU OS 16_4 like Mac OS X) AppleWebKit/605.1.15 (KHTML, like Gecko) Version/16.4 Mobile/15E148 Safari/604.1"
159.223.51.105 - - [04/Dec/2025:17:00:03 +0000] "GET /wp-includes/theme-compat/sidebar.php HTTP/1.1" 200 308 "-" "Mozilla/5.0 (X11; Linux x86_64) AppleWebKit/537.36 (KHTML, like Gecko) Chrome/111.0.0.0 Safari/537.36"
212.2.240.147 - - [04/Dec/2025:17:00:03 +0000] "GET /wp-includes/css//wp-includes/ HTTP/1.1" 301 5 "-" "Mozilla/5.0 (Linux; Android 7.0; SM-G892A Build/NRD90M; wv) AppleWebKit/537.36 (KHTML, like Gecko) Version/4.0 Chrome/60.0.3112.107 Mobile Safari/537.36"
159.223.51.105 - - [04/Dec/2025:17:00:03 +0000] "GET /wp-includes/assets/ HTTP/1.1" 200 1880 "-" "Mozilla/5.0 (Windows NT 10.0; Win64; x64; rv:110.0) Gecko/20100101 Firefox/110.0"
159.223.51.105 - - [04/Dec/2025:17:00:03 +0000] "GET /wp-includes/assets/ HTTP/1.1" 200 1880 "-" "Mozilla/5.0 (iPad; CPU OS 16_4 like Mac OS X) AppleWebKit/605.1.15 (KHTML, like Gecko) Version/16.4 Mobile/15E148 Safari/604.1"
159.223.51.105 - - [04/Dec/2025:17:00:04 +0000] "GET /wp-includes/assets/script-loader-react-refresh-entry.php HTTP/1.1" 200 5 "-" "Mozilla/5.0 (Windows NT 10.0; Win64; x64) AppleWebKit/537.36 (KHTML, like Gecko) Chrome/110.0.0.0 Safari/537.36"
159.223.51.105 - - [04/Dec/2025:17:00:04 +0000] "GET /wp-includes/assets/script-loader-react-refresh-entry.min.php HTTP/1.1" 200 5 "-" "Mozilla/5.0 (Macintosh; Intel Mac OS X 10_15_7) AppleWebKit/605.1.15 (KHTML, like Gecko) Version/16.4 Safari/605.1.15"
159.223.51.105 - - [04/Dec/2025:17:00:04 +0000] "GET /wp-includes/assets/script-loader-packages.min.php HTTP/1.1" 200 5 "-" "Mozilla/5.0 (Windows NT 10.0; Win64; x64; rv:110.0) Gecko/20100101 Firefox/110.0"
212.2.240.147 - - [04/Dec/2025:17:00:04 +0000] "GET /wp-includes/css/wp-includes/ HTTP/1.1" 404 150485 "http://ondostate.gov.ng/wp-includes/css//wp-includes/" "Mozilla/5.0 (Linux; Android 7.0; SM-G892A Build/NRD90M; wv) AppleWebKit/537.36 (KHTML, like Gecko) Version/4.0 Chrome/60.0.3112.107 Mobile Safari/537.36"
